{"id":43,"date":"2015-06-04T13:43:38","date_gmt":"2015-06-04T13:43:38","guid":{"rendered":"https:\/\/fcmanrique.org\/w2015\/?page_id=43"},"modified":"2026-04-15T12:48:07","modified_gmt":"2026-04-15T12:48:07","slug":"obra","status":"publish","type":"page","link":"https:\/\/ludiccc.ddns.net\/it\/cesar-manrique\/obra\/","title":{"rendered":"Opera"},"content":{"rendered":"<div class=\"wp-block-columns is-layout-flex wp-container-core-columns-is-layout-9d6595d7 wp-block-columns-is-layout-flex\">\n<div class=\"wp-block-column is-layout-flow wp-block-column-is-layout-flow\" style=\"flex-basis:66.66%\">\n<p>C\u00e9sar Manrique elabor\u00f3 sus propuestas art\u00edsticas en di\u00e1logo con los lenguajes pl\u00e1sticos de su tiempo. Si en pintura permaneci\u00f3 fiel a la tradici\u00f3n informalista, sus esculturas y objetos, ideadas en su mayor\u00eda para sus intervenciones espaciales, se relacionan con el arte pop, con el arte cin\u00e9tico o la nueva escultura. Pero fue al regresar a Lanzarote, a finales de los sesenta, cuando encontr\u00f3 el marco adecuado para abrir su pr\u00e1ctica art\u00edstica a nuevas iniciativas. De tal modo, que ser\u00eda en sus obras de intervenci\u00f3n en el espacio donde pudo concretar su nuevo ideario est\u00e9tico, a cuyo desarrollo dedic\u00f3 buena parte de su actividad creativa.<\/p>\n\n\n\n\n<\/div>\n\n\n\n<div class=\"wp-block-column is-layout-flow wp-block-column-is-layout-flow\" style=\"flex-basis:33.33%\">\n<p><a href=\"https:\/\/fcmanrique.org\/recursos\/menu\/cesar%20manrique%20nueva%20york.pdf\" target=\"_blank\" rel=\"noreferrer noopener\">C\u00e9sar Manrique. El artista y su obra. (Gu\u00eda de la exposici\u00f3n C\u00e9sar Manrique Nueva York)<\/a><br><a href=\"https:\/\/fcmanrique.org\/recursos\/menu\/texto%20IVAM.pdf\" target=\"_blank\" rel=\"noreferrer noopener\">Texto explicativo exposici\u00f3n IVAM 2005<\/a><br><a href=\"https:\/\/fcmanrique.org\/recursos\/menu\/Textos%20castellano.pdf\" target=\"_blank\" rel=\"noreferrer noopener\">Textos libro\u00a0C\u00e9sar Manrique. Pintura<\/a><\/p>\n<\/div>\n<\/div>","protected":false},"excerpt":{"rendered":"<p>C\u00e9sar Manrique elabor\u00f3 sus propuestas art\u00edsticas en di\u00e1logo con los lenguajes pl\u00e1sticos de su tiempo. Si en pintura permaneci\u00f3 fiel a la tradici\u00f3n informalista, sus esculturas y objetos, ideadas en su mayor\u00eda para sus intervenciones espaciales, se relacionan con el arte pop, con el arte cin\u00e9tico o la nueva escultura. Pero fue al regresar a [&hellip;]<\/p>\n","protected":false},"author":1,"featured_media":0,"parent":18,"menu_order":1,"comment_status":"closed","ping_status":"open","template":"","meta":{"_acf_changed":false,"ngg_post_thumbnail":0,"footnotes":""},"class_list":["post-43","page","type-page","status-publish","hentry"],"acf":[],"_links":{"self":[{"href":"https:\/\/ludiccc.ddns.net\/it\/wp-json\/wp\/v2\/pages\/43","targetHints":{"allow":["GET"]}}],"collection":[{"href":"https:\/\/ludiccc.ddns.net\/it\/wp-json\/wp\/v2\/pages"}],"about":[{"href":"https:\/\/ludiccc.ddns.net\/it\/wp-json\/wp\/v2\/types\/page"}],"author":[{"embeddable":true,"href":"https:\/\/ludiccc.ddns.net\/it\/wp-json\/wp\/v2\/users\/1"}],"replies":[{"embeddable":true,"href":"https:\/\/ludiccc.ddns.net\/it\/wp-json\/wp\/v2\/comments?post=43"}],"version-history":[{"count":15,"href":"https:\/\/ludiccc.ddns.net\/it\/wp-json\/wp\/v2\/pages\/43\/revisions"}],"predecessor-version":[{"id":26752,"href":"https:\/\/ludiccc.ddns.net\/it\/wp-json\/wp\/v2\/pages\/43\/revisions\/26752"}],"up":[{"embeddable":true,"href":"https:\/\/ludiccc.ddns.net\/it\/wp-json\/wp\/v2\/pages\/18"}],"wp:attachment":[{"href":"https:\/\/ludiccc.ddns.net\/it\/wp-json\/wp\/v2\/media?parent=43"}],"curies":[{"name":"wp","href":"https:\/\/api.w.org\/{rel}","templated":true}]}}

<div class="wp-block-columns is-layout-flex wp-container-core-columns-is-layout-9d6595d7 wp-block-columns-is-layout-flex">
<div class="wp-block-column is-layout-flow wp-block-column-is-layout-flow" style="flex-basis:66.66%">
<p>César Manrique elaboró sus propuestas artísticas en diálogo con los lenguajes plásticos de su tiempo. Si en pintura permaneció fiel a la tradición informalista, sus esculturas y objetos, ideadas en su mayoría para sus intervenciones espaciales, se relacionan con el arte pop, con el arte cinético o la nueva escultura. Pero fue al regresar a Lanzarote, a finales de los sesenta, cuando encontró el marco adecuado para abrir su práctica artística a nuevas iniciativas. De tal modo, que sería en sus obras de intervención en el espacio donde pudo concretar su nuevo ideario estético, a cuyo desarrollo dedicó buena parte de su actividad creativa.</p>




</div>



<div class="wp-block-column is-layout-flow wp-block-column-is-layout-flow" style="flex-basis:33.33%">
<p><a href="https://fcmanrique.org/recursos/menu/cesar%20manrique%20nueva%20york.pdf" target="_blank" rel="noreferrer noopener">César Manrique. El artista y su obra. (Guía de la exposición César Manrique Nueva York)</a><br><a href="https://fcmanrique.org/recursos/menu/texto%20IVAM.pdf" target="_blank" rel="noreferrer noopener">Texto explicativo exposición IVAM 2005</a><br><a href="https://fcmanrique.org/recursos/menu/Textos%20castellano.pdf" target="_blank" rel="noreferrer noopener">Textos libro César Manrique. Pintura</a></p>
</div>
</div>

<p>César Manrique elaboró sus propuestas artísticas en diálogo con los lenguajes plásticos de su tiempo. Si en pintura permaneció fiel a la tradición informalista, sus esculturas y objetos, ideadas en su mayoría para sus intervenciones espaciales, se relacionan con el arte pop, con el arte cinético o la nueva escultura. Pero fue al regresar a [&hellip;]</p>
