{"id":24450,"date":"2023-11-15T11:08:24","date_gmt":"2023-11-15T11:08:24","guid":{"rendered":"https:\/\/fcmanrique.org\/?post_type=fcm_video&#038;p=24450"},"modified":"2024-06-05T10:02:49","modified_gmt":"2024-06-05T10:02:49","slug":"antonio-corujo-siglos-de-arena-y-sal","status":"publish","type":"fcm_video","link":"https:\/\/ludiccc.ddns.net\/it\/fcm-video\/antonio-corujo-siglos-de-arena-y-sal\/","title":{"rendered":"\u00abAntonio Corujo. Siglos de arena y sal\u00bb"},"content":{"rendered":"<p><strong>Presentaci\u00f3n. Libro<\/strong><\/p>\n<p>La Fundaci\u00f3n C\u00e9sar Manrique (FCM) present\u00f3 el pasado viernes 24 de noviembre de 2023, el libro titulado \u201cAntonio Corujo. Siglos de arena y sal\u201d, escrito por <strong>Gregorio Cabrera<\/strong>. Est\u00e1 prologado por Sa\u00fal Garc\u00eda y editado por el Departamento de Publicaciones de la FCM dentro de su colecci\u00f3n \u201cIslas de Memoria\u201d. El acto tuvo lugar en la sala Jos\u00e9 Saramago (La Plazuela, Arrecife).<\/p>\n<p>En la presentaci\u00f3n, el autor del libro y el prologuista mantuvieron una conversaci\u00f3n en torno al mismo y sobre la figura de Antonio Corujo Tejera, su protagonista. Se puso de relieve c\u00f3mo destac\u00f3 desde ni\u00f1o por su capacidad y singularidad a la hora de interpretar la tradici\u00f3n oral y musical de Lanzarote, con la que entr\u00f3 en contacto en la barber\u00eda y cantina de su padre, Domingo Corujo.<\/p>\n<p><strong>Cr\u00f3nica de la conferencia:<\/strong>&nbsp;<a href=\"https:\/\/fcmanrique.org\/fcm-actividad\/gregorio-cabrera-personas-como-antonio-corujo-demuestran-que-hay-un-hilo-conductor-entre-el-ayer-y-el-presente-que-jamas-debemos-perder-de-vista\">Cr\u00f3nica<\/a><\/p>\n<p><strong>M\u00e1s informaci\u00f3n:<\/strong> <a href=\"https:\/\/fcmanrique.org\/wp-content\/uploads\/fc-manrique-presentacion-libro-antonio-corujo.pdf\">Nota de prensa<\/a><\/p>","protected":false},"featured_media":24639,"parent":0,"template":"","meta":{"_acf_changed":false,"ngg_post_thumbnail":0,"footnotes":""},"video_coleccion":[145],"class_list":["post-24450","fcm_video","type-fcm_video","status-publish","has-post-thumbnail","hentry","video_coleccion-presentacion-libro"],"acf":[],"_links":{"self":[{"href":"https:\/\/ludiccc.ddns.net\/it\/wp-json\/wp\/v2\/fcm_video\/24450","targetHints":{"allow":["GET"]}}],"collection":[{"href":"https:\/\/ludiccc.ddns.net\/it\/wp-json\/wp\/v2\/fcm_video"}],"about":[{"href":"https:\/\/ludiccc.ddns.net\/it\/wp-json\/wp\/v2\/types\/fcm_video"}],"version-history":[{"count":23,"href":"https:\/\/ludiccc.ddns.net\/it\/wp-json\/wp\/v2\/fcm_video\/24450\/revisions"}],"predecessor-version":[{"id":25591,"href":"https:\/\/ludiccc.ddns.net\/it\/wp-json\/wp\/v2\/fcm_video\/24450\/revisions\/25591"}],"wp:featuredmedia":[{"embeddable":true,"href":"https:\/\/ludiccc.ddns.net\/it\/wp-json\/wp\/v2\/media\/24639"}],"wp:attachment":[{"href":"https:\/\/ludiccc.ddns.net\/it\/wp-json\/wp\/v2\/media?parent=24450"}],"wp:term":[{"taxonomy":"video_coleccion","embeddable":true,"href":"https:\/\/ludiccc.ddns.net\/it\/wp-json\/wp\/v2\/video_coleccion?post=24450"}],"curies":[{"name":"wp","href":"https:\/\/api.w.org\/{rel}","templated":true}]}}

<p><strong>Presentación. Libro</strong></p>
<p>La Fundación César Manrique (FCM) presentó el pasado viernes 24 de noviembre de 2023, el libro titulado “Antonio Corujo. Siglos de arena y sal”, escrito por <strong>Gregorio Cabrera</strong>. Está prologado por Saúl García y editado por el Departamento de Publicaciones de la FCM dentro de su colección “Islas de Memoria”. El acto tuvo lugar en la sala José Saramago (La Plazuela, Arrecife).</p>
<p>En la presentación, el autor del libro y el prologuista mantuvieron una conversación en torno al mismo y sobre la figura de Antonio Corujo Tejera, su protagonista. Se puso de relieve cómo destacó desde niño por su capacidad y singularidad a la hora de interpretar la tradición oral y musical de Lanzarote, con la que entró en contacto en la barbería y cantina de su padre, Domingo Corujo.</p>
<p><strong>Crónica de la conferencia:</strong>&nbsp;<a href="https://fcmanrique.org/fcm-actividad/gregorio-cabrera-personas-como-antonio-corujo-demuestran-que-hay-un-hilo-conductor-entre-el-ayer-y-el-presente-que-jamas-debemos-perder-de-vista">Crónica</a></p>
<p><strong>Más información:</strong> <a href="https://fcmanrique.org/wp-content/uploads/fc-manrique-presentacion-libro-antonio-corujo.pdf">Nota de prensa</a></p>
