{"id":24212,"date":"2023-10-27T11:34:05","date_gmt":"2023-10-27T11:34:05","guid":{"rendered":"https:\/\/fcmanrique.org\/?post_type=fcm_video&#038;p=24212"},"modified":"2024-06-05T10:03:31","modified_gmt":"2024-06-05T10:03:31","slug":"conferencia-26-octubre-2","status":"publish","type":"fcm_video","link":"https:\/\/ludiccc.ddns.net\/it\/fcm-video\/conferencia-26-octubre-2\/","title":{"rendered":"\u00abContra los lugares comunes\u00bb"},"content":{"rendered":"<p><strong>El autor y su obra. Encuentro con creadores<\/strong><\/p>\n<p>La Fundaci\u00f3n C\u00e9sar Manrique (FCM) acogi\u00f3 el pasado jueves 9 de noviembre de 2023, a las 19:30 horas, la conferencia titulada \u201cContra los lugares comunes\u201d, que fue impartida por el escritor Bernardo Atxaga, premio Nacional de las Letras Espa\u00f1olas 2019 y Premio Liber en 2021 por su trayectoria literaria y contribuci\u00f3n a la proyecci\u00f3n internacional de las lenguas vasca y castellana. El acto tuvo lugar en la sala Jos\u00e9 Saramago (La Plazuela, Arrecife), y tambi\u00e9n fue retransmitido en directo a trav\u00e9s de la web y el canal de Youtube de la FCM.<\/p>\n<p>La conferencia de <strong>Bernardo Atxaga<\/strong> se enmarca dentro del espacio de encuentro entre creadores y p\u00fablico titulado&nbsp;<em>El autor y su obra<\/em>. Se trata de un foro de naturaleza multidisciplinar en el que los autores invitados hablan de la relaci\u00f3n que mantienen con su trabajo creativo y revisan algunas de las constantes que orientan su dedicaci\u00f3n. En este foro han participado, entre otros: Jos\u00e9 \u00c1ngel Valente, Rosa Montero, Alberto Coraz\u00f3n, Juan Gelman, Susan Sontag, Juan Goytisolo, Carmen Mart\u00edn Gaite, Eduardo Galeano, I\u00f1aki \u00c1balos, \u00c1ngeles Mastretta, G\u00fcnter Grass, Jos\u00e9 Saramago o Eduardo Mendoza.<\/p>\n<p><strong>Cr\u00f3nica de la conferencia:<\/strong> <a href=\"https:\/\/fcmanrique.org\/fcm-actividad\/bernardo-atxaga\/?cpg=0\">Cr\u00f3nica<\/a><\/p>\n<p><strong>M\u00e1s informaci\u00f3n:<\/strong> <a href=\"https:\/\/fcmanrique.org\/wp-content\/uploads\/fc-manrique-conferencia-bernardo-atxaga.pdf\">Nota de prensa<\/a><\/p>","protected":false},"featured_media":24426,"parent":0,"template":"","meta":{"_acf_changed":false,"ngg_post_thumbnail":0,"footnotes":""},"video_coleccion":[97],"class_list":["post-24212","fcm_video","type-fcm_video","status-publish","has-post-thumbnail","hentry","video_coleccion-conferencia"],"acf":[],"_links":{"self":[{"href":"https:\/\/ludiccc.ddns.net\/it\/wp-json\/wp\/v2\/fcm_video\/24212","targetHints":{"allow":["GET"]}}],"collection":[{"href":"https:\/\/ludiccc.ddns.net\/it\/wp-json\/wp\/v2\/fcm_video"}],"about":[{"href":"https:\/\/ludiccc.ddns.net\/it\/wp-json\/wp\/v2\/types\/fcm_video"}],"version-history":[{"count":16,"href":"https:\/\/ludiccc.ddns.net\/it\/wp-json\/wp\/v2\/fcm_video\/24212\/revisions"}],"predecessor-version":[{"id":25593,"href":"https:\/\/ludiccc.ddns.net\/it\/wp-json\/wp\/v2\/fcm_video\/24212\/revisions\/25593"}],"wp:featuredmedia":[{"embeddable":true,"href":"https:\/\/ludiccc.ddns.net\/it\/wp-json\/wp\/v2\/media\/24426"}],"wp:attachment":[{"href":"https:\/\/ludiccc.ddns.net\/it\/wp-json\/wp\/v2\/media?parent=24212"}],"wp:term":[{"taxonomy":"video_coleccion","embeddable":true,"href":"https:\/\/ludiccc.ddns.net\/it\/wp-json\/wp\/v2\/video_coleccion?post=24212"}],"curies":[{"name":"wp","href":"https:\/\/api.w.org\/{rel}","templated":true}]}}

<p><strong>El autor y su obra. Encuentro con creadores</strong></p>
<p>La Fundación César Manrique (FCM) acogió el pasado jueves 9 de noviembre de 2023, a las 19:30 horas, la conferencia titulada “Contra los lugares comunes”, que fue impartida por el escritor Bernardo Atxaga, premio Nacional de las Letras Españolas 2019 y Premio Liber en 2021 por su trayectoria literaria y contribución a la proyección internacional de las lenguas vasca y castellana. El acto tuvo lugar en la sala José Saramago (La Plazuela, Arrecife), y también fue retransmitido en directo a través de la web y el canal de Youtube de la FCM.</p>
<p>La conferencia de <strong>Bernardo Atxaga</strong> se enmarca dentro del espacio de encuentro entre creadores y público titulado&nbsp;<em>El autor y su obra</em>. Se trata de un foro de naturaleza multidisciplinar en el que los autores invitados hablan de la relación que mantienen con su trabajo creativo y revisan algunas de las constantes que orientan su dedicación. En este foro han participado, entre otros: José Ángel Valente, Rosa Montero, Alberto Corazón, Juan Gelman, Susan Sontag, Juan Goytisolo, Carmen Martín Gaite, Eduardo Galeano, Iñaki Ábalos, Ángeles Mastretta, Günter Grass, José Saramago o Eduardo Mendoza.</p>
<p><strong>Crónica de la conferencia:</strong> <a href="https://fcmanrique.org/fcm-actividad/bernardo-atxaga/?cpg=0">Crónica</a></p>
<p><strong>Más información:</strong> <a href="https://fcmanrique.org/wp-content/uploads/fc-manrique-conferencia-bernardo-atxaga.pdf">Nota de prensa</a></p>
