{"id":23791,"date":"2023-05-20T19:47:01","date_gmt":"2023-05-20T19:47:01","guid":{"rendered":"https:\/\/fcmanrique.org\/?post_type=fcm_video&#038;p=23791"},"modified":"2024-06-05T10:06:17","modified_gmt":"2024-06-05T10:06:17","slug":"almudena-hernando-taller-identidades-individualidades-y-exclusiones-en-la-logica-de-la-corriente-de-la-historia","status":"publish","type":"fcm_video","link":"https:\/\/ludiccc.ddns.net\/it\/fcm-video\/almudena-hernando-taller-identidades-individualidades-y-exclusiones-en-la-logica-de-la-corriente-de-la-historia\/","title":{"rendered":"\u00abIdentidades, individualidades y exclusiones. En la l\u00f3gica de la corriente de la historia\u00bb &#8211; Parte I"},"content":{"rendered":"<p><strong>Taller<\/strong><\/p>\n<p>La Fundaci\u00f3n C\u00e9sar Manrique (FCM) organiz\u00f3 el pasado jueves 18 de mayo de 2023 a las 18:00 horas, en la sala Jos\u00e9 Saramago (La Plazuela, Arrecife), el taller \u201cIdentidades, individualidades y exclusiones en la l\u00f3gica de la historia\u201d, que fue impartido por <strong>Almudena Hernando<\/strong> \u2014especialista en el estudio de la identidad, tanto en sociedades ind\u00edgenas orales como en la sociedad moderna occidental, con particular inter\u00e9s por las mujeres\u2014.&nbsp;<\/p>\n<p>El objetivo de esta actividad, programada dentro de las actividades culturales planteadas por la FCM para 2023, era abordar, a partir de los estudios antropol\u00f3gicos, la comprensi\u00f3n de los procesos de formaci\u00f3n de la identidad, desde las identidades relacionales a la individualidad contempor\u00e1nea. En ese proceso, el acceso y la relaci\u00f3n con el poder juegan un papel central. El grado de control y capacidad para explicar los fen\u00f3menos del mundo es tambi\u00e9n el factor que en determinado momento hist\u00f3rico marca la diferenciaci\u00f3n de g\u00e9nero e introduce condiciones de desigualdad y exclusi\u00f3n, a juicio de la ponente.<\/p>\n<p><strong>Cr\u00f3nica de la conferencia:<\/strong> <a href=\"https:\/\/fcmanrique.org\/fcm-actividad\/almudena-hernando\">Cr\u00f3nica<\/a><\/p>\n<p><strong>M\u00e1s informaci\u00f3n:<\/strong> <a href=\"https:\/\/fcmanrique.org\/wp-content\/uploads\/np-06.23.-Taller-Almudena-Hernando-1.pdf\">Nota de prensa<\/a><\/p>","protected":false},"featured_media":23829,"parent":0,"template":"","meta":{"_acf_changed":false,"ngg_post_thumbnail":0,"footnotes":""},"video_coleccion":[154],"class_list":["post-23791","fcm_video","type-fcm_video","status-publish","has-post-thumbnail","hentry","video_coleccion-taller"],"acf":[],"_links":{"self":[{"href":"https:\/\/ludiccc.ddns.net\/it\/wp-json\/wp\/v2\/fcm_video\/23791","targetHints":{"allow":["GET"]}}],"collection":[{"href":"https:\/\/ludiccc.ddns.net\/it\/wp-json\/wp\/v2\/fcm_video"}],"about":[{"href":"https:\/\/ludiccc.ddns.net\/it\/wp-json\/wp\/v2\/types\/fcm_video"}],"version-history":[{"count":18,"href":"https:\/\/ludiccc.ddns.net\/it\/wp-json\/wp\/v2\/fcm_video\/23791\/revisions"}],"predecessor-version":[{"id":25599,"href":"https:\/\/ludiccc.ddns.net\/it\/wp-json\/wp\/v2\/fcm_video\/23791\/revisions\/25599"}],"wp:featuredmedia":[{"embeddable":true,"href":"https:\/\/ludiccc.ddns.net\/it\/wp-json\/wp\/v2\/media\/23829"}],"wp:attachment":[{"href":"https:\/\/ludiccc.ddns.net\/it\/wp-json\/wp\/v2\/media?parent=23791"}],"wp:term":[{"taxonomy":"video_coleccion","embeddable":true,"href":"https:\/\/ludiccc.ddns.net\/it\/wp-json\/wp\/v2\/video_coleccion?post=23791"}],"curies":[{"name":"wp","href":"https:\/\/api.w.org\/{rel}","templated":true}]}}

«Identidades, individualidades y exclusiones. En la lógica de la corriente de la historia» &#8211; Parte I

<p><strong>Taller</strong></p>
<p>La Fundación César Manrique (FCM) organizó el pasado jueves 18 de mayo de 2023 a las 18:00 horas, en la sala José Saramago (La Plazuela, Arrecife), el taller “Identidades, individualidades y exclusiones en la lógica de la historia”, que fue impartido por <strong>Almudena Hernando</strong> —especialista en el estudio de la identidad, tanto en sociedades indígenas orales como en la sociedad moderna occidental, con particular interés por las mujeres—.&nbsp;</p>
<p>El objetivo de esta actividad, programada dentro de las actividades culturales planteadas por la FCM para 2023, era abordar, a partir de los estudios antropológicos, la comprensión de los procesos de formación de la identidad, desde las identidades relacionales a la individualidad contemporánea. En ese proceso, el acceso y la relación con el poder juegan un papel central. El grado de control y capacidad para explicar los fenómenos del mundo es también el factor que en determinado momento histórico marca la diferenciación de género e introduce condiciones de desigualdad y exclusión, a juicio de la ponente.</p>
<p><strong>Crónica de la conferencia:</strong> <a href="https://fcmanrique.org/fcm-actividad/almudena-hernando">Crónica</a></p>
<p><strong>Más información:</strong> <a href="https://fcmanrique.org/wp-content/uploads/np-06.23.-Taller-Almudena-Hernando-1.pdf">Nota de prensa</a></p>
