{"id":16136,"date":"2004-06-24T00:00:00","date_gmt":"2004-06-24T00:00:00","guid":{"rendered":"https:\/\/fcmanrique.org\/fcm-publicacion\/un-adios-para-los-astronautas-sobre-ecologia-limites-y-la-conquista-del-espacio-exterior\/"},"modified":"2004-06-24T00:00:00","modified_gmt":"2004-06-24T00:00:00","slug":"un-adios-para-los-astronautas-sobre-ecologia-limites-y-la-conquista-del-espacio-exterior","status":"publish","type":"fcm_publicacion","link":"https:\/\/ludiccc.ddns.net\/it\/fcm-publicacion\/un-adios-para-los-astronautas-sobre-ecologia-limites-y-la-conquista-del-espacio-exterior\/","title":{"rendered":"Un adi\u00f3s para los astronautas. Sobre ecolog\u00eda, l\u00edmites y la conquista del espacio exterior"},"content":{"rendered":"<p><\/p>\n<p style=\"text-align: justify;\" class=\"MsoNormal\"><span lang=\"ES-TRAD\" style=\"ofont-family: Arial;\">Jorge Riechmann es licenciado en Matem&aacute;ticas, doctor en Ciencias Pol&iacute;ticas y profesor titular de filosof&iacute;a moral en la Universidad de Barcelona. Escritor y traductor de literatura francesa y alemana, de 1996 a 2000 dirigi&oacute; el &aacute;rea de medio ambiente de la Fundaci&oacute;n Primera de Mayo, y desde 2001 ejerce de investigador en el Instituto Sindical de Trabajo, Ambiente y Salud (ISTAS) de CC.OO. Asimismo, es miembro de Ecologistas en Acci&oacute;n, consejero de Greenpeace, socio de la Sociedad Espa&ntilde;ola de Agricultura Ecol&oacute;gica y redactor de la revista <em >mientras tanto<\/em><o:p><\/o:p><\/span><\/p>\n<p style=\"text-align: justify;\" class=\"MsoNormal\"><span lang=\"ES-TRAD\" style=\"ofont-family: Arial;\">Por su obra po&eacute;tica ha obtenido, entre otros, el Premio de Poes&iacute;a Hiperi&oacute;n (1987); el Premio Feria del Libro de Madrid (1993); El Premio Internacional Gabriel Celaya de Poes&iacute;a, as&iacute; como el Premio Stendhal de traducci&oacute;n (2000). Entre las publicaciones de poes&iacute;a cabe destacar: <em >C&aacute;ntico de la erosi&oacute;n<\/em> (1987); <em >El corte bajo la piel<\/em> (1994); <em >La lengua de la muerte<\/em> (1997); <em >El d&iacute;a que dej&eacute; de leer<\/em> <em >EL PAIS<\/em> (1997); <em >La estaci&oacute;n vac&iacute;a<\/em> (2000); <em >y Poema de uno que pasa<\/em> (2003).<o:p><\/o:p><\/span><\/p>\n<p style=\"text-align: justify;\" class=\"MsoNormal\"><span lang=\"ES-TRAD\" style=\"ofont-family: Arial;\">As&iacute; mismo, Jorge Riechmann escribe con regularidad ensayo pol&iacute;tico, sociol&oacute;gico y filos&oacute;fico, en especial sobre cuestiones ecol&oacute;gicas. En este &aacute;mbito ha publicado entre otros los siguientes libros: <em >Redes que dan libertad. Introducci&oacute;n a los nuevos movimientos sociales<\/em> -en colaboraci&oacute;n Francisco Fern&aacute;ndez Buey- (1994); <em >Animales y ciudadanos. Indagaci&oacute;n sobre el lugar de los animales en la moral y el derecho en las sociedades industrializadas<\/em> -en colaboraci&oacute;n con Jes&uacute;s Moster&iacute;n- (1995); <em >Genes en el laboratorio y en la f&aacute;brica<\/em> (1998); <em >Cultivos y alimentos transg&eacute;nicos: una gu&iacute;a cr&iacute;tica<\/em> (2000); <em >Un mundo vulnerable. Ensayos sobre ecolog&iacute;a, &eacute;tica y tecnociencia<\/em> (2000); y <em>Cuidar la T(t)ierra. Pol&iacute;ticas agrarias y agroalimentarias sostenibles para entrar en el siglo XXI<\/em>.<o:p><\/o:p><\/span><\/p>\n<p style=\"text-align: justify;\" class=\"MsoNormal\"><em><span lang=\"ES-TRAD\" style=\"ofont-family: Arial;\">Un adi&oacute;s para los astronautas. <\/span><\/em><em><span style=\"ofont-family: Arial;\">Sobre ecolog&iacute;a, limites y la conquista del espacio exterior<\/span><\/em><span style=\"ofont-family: Arial;\">, recoge la conferencia pronunciada por el autor, el 18 de septiembre de 2003 en la sede de la FCM.<o:p><\/o:p><\/span><\/p>\n<p style=\"text-align: justify;\" class=\"MsoNormal\"><span lang=\"ES-TRAD\" style=\"ofont-family: Arial;\">Seg&uacute;n Riechmann, la &eacute;poca que vivimos es ut&oacute;pica, no en la concepci&oacute;n de un proyecto colectivo de emancipaci&oacute;n social, sino en un sentido tan preocupante y restrictivo que m&aacute;s bien tenemos que hablar en t&eacute;rminos de utop&iacute;a negativa. Tanto la potente din&aacute;mica de la tecnociencia como el capitalismo neoliberal persiguen objetivos netamente ut&oacute;picos arriesgando la devastaci&oacute;n ecol&oacute;gica de nuestro planeta y el desastre antropol&oacute;gico m&aacute;s grave que podamos concebir. El productivismo capitalista, por lo menos en lo que a la ecolog&iacute;a ata&ntilde;e, es un gran error. La idea de superar los problemas de la expansi&oacute;n mediante una expansi&oacute;n todav&iacute;a mayor, una expansi&oacute;n c&oacute;smica que desborde nuestra biosfera, es una huida hacia delante que provoca desastres mayores. De ah&iacute; el ir&oacute;nico &ldquo;adi&oacute;s a los astronautas&rdquo; del t&iacute;tulo.<o:p><\/o:p><\/span><\/p>\n<p>&nbsp;En este libro, <span lang=\"ES-TRAD\" style=\"ofont-size: 10pt; ofont-family: Arial;\">Jorge Riechmann analiza las diferentes v&iacute;as por las que que nos volvemos <em >antrop&oacute;fugos<\/em>, huyendo de la condici&oacute;n humana como algo que parece insoportable.<\/p>\n<p><\/span><\/p>","protected":false},"featured_media":16137,"parent":0,"template":"","meta":{"_acf_changed":false,"ngg_post_thumbnail":0,"footnotes":""},"publicacion_coleccion":[57],"class_list":["post-16136","fcm_publicacion","type-fcm_publicacion","status-publish","has-post-thumbnail","hentry","publicacion_coleccion-cuadernas"],"acf":[],"_links":{"self":[{"href":"https:\/\/ludiccc.ddns.net\/it\/wp-json\/wp\/v2\/fcm_publicacion\/16136","targetHints":{"allow":["GET"]}}],"collection":[{"href":"https:\/\/ludiccc.ddns.net\/it\/wp-json\/wp\/v2\/fcm_publicacion"}],"about":[{"href":"https:\/\/ludiccc.ddns.net\/it\/wp-json\/wp\/v2\/types\/fcm_publicacion"}],"version-history":[{"count":0,"href":"https:\/\/ludiccc.ddns.net\/it\/wp-json\/wp\/v2\/fcm_publicacion\/16136\/revisions"}],"wp:featuredmedia":[{"embeddable":true,"href":"https:\/\/ludiccc.ddns.net\/it\/wp-json\/wp\/v2\/media\/16137"}],"wp:attachment":[{"href":"https:\/\/ludiccc.ddns.net\/it\/wp-json\/wp\/v2\/media?parent=16136"}],"wp:term":[{"taxonomy":"publicacion_coleccion","embeddable":true,"href":"https:\/\/ludiccc.ddns.net\/it\/wp-json\/wp\/v2\/publicacion_coleccion?post=16136"}],"curies":[{"name":"wp","href":"https:\/\/api.w.org\/{rel}","templated":true}]}}

Un adiós para los astronautas. Sobre ecología, límites y la conquista del espacio exterior
