{"id":14557,"date":"2018-02-15T23:33:56","date_gmt":"2018-02-15T23:33:56","guid":{"rendered":"https:\/\/fcmanrique.org\/fcm-obra\/mirador-del-rio\/"},"modified":"2022-10-03T11:52:51","modified_gmt":"2022-10-03T11:52:51","slug":"mirador-del-rio","status":"publish","type":"fcm_obra","link":"https:\/\/ludiccc.ddns.net\/it\/fcm-obra\/mirador-del-rio\/","title":{"rendered":"Mirador del R\u00edo"},"content":{"rendered":"<p><\/p>\n<p class=\"MsoNormal\" style=\"text-align: justify;\"><span style=\"ofont-size: 10pt; ofont-family: Arial;\">La capacidad para integrar plenamente en el paisaje obras espaciales innovadoras y complejas es una de las grandes aportaciones de C\u00e9sar Manrique. El Mirador del R\u00edo es un magn\u00edfico ejemplo de ello. Una comprobaci\u00f3n de que es posible establecer un nuevo orden de comunicaci\u00f3n entre el hombre y el medio natural a trav\u00e9s de la f\u00f3rmula Arte-Naturaleza que propugn\u00f3 el artista lanzarote\u00f1o para desarrollar obras de arte p\u00fablico con un potente efecto funcional y econ\u00f3mico.<\/span><\/p>\n<p class=\"MsoNormal\" style=\"text-align: justify;\"><span style=\"ofont-size: 10pt; ofont-family: Arial;\">Desde principios de los a\u00f1os sesenta, el Cabildo de Lanzarote, presidido por Jos\u00e9 Ram\u00edrez Cerd\u00e1, apost\u00f3 por habilitar varios parajes naturales de la isla con el objetivo de crear una oferta tur\u00edstica \u00fanica y de calidad. El Mirador del R\u00edo es un nuevo proyecto en este programa y el equipo que lo lleva a cabo vuelve a contar con C\u00e9sar Manrique como principal art\u00edfice y con Eduardo C\u00e1ceres y Jes\u00fas Soto como piezas claves. La obra, que se comenz\u00f3 en 1971 y se inaugur\u00f3 en 1973, se encuentra en el borde de los escarpados acantilados de la parte norte del macizo de Famara. Un enclave de gran valor paisaj\u00edstico que antes pertenec\u00eda al Ministerio de Defensa por su ubicaci\u00f3n estrat\u00e9gica.<\/span><\/p>\n<p class=\"MsoNormal\" style=\"text-align: justify;\"><span style=\"ofont-size: 10pt; ofont-family: Arial;\">El acceso al Mirador del R\u00edo est\u00e1 precedido de una escultura de Manrique que simboliza a todo el conjunto, como ocurre con otros Centros de Arte, Cultura y Turismo. Una de las aportaciones arquitect\u00f3nicas m\u00e1s h\u00e1biles del artista se da en la fachada p\u00e9trea. Un semic\u00edrculo integrado en la monta\u00f1a que asciende a trav\u00e9s de varios niveles y que cuenta con la textura de la piedra como nota de color m\u00e1s expresiva. La estructura ideada dirige la mirada al cercano Volc\u00e1n de la Corona, al mismo tiempo que guarda una relaci\u00f3n muy estrecha con el paisaje insular ya que se asemeja visualmente a los tradicionales bancales de la agricultura local. <\/span><\/p>\n<p class=\"MsoNormal\" style=\"text-align: justify;\"><span style=\"ofont-size: 10pt; ofont-family: Arial;\">El acceso al recinto tiene un tratamiento casi escult\u00f3rico y est\u00e1 coronado por un \u00f3culo que act\u00faa como punto de fuga. Seguidamente se pasa a un pasillo decorado con elementos alusivos a la cer\u00e1mica aborigen que tambi\u00e9n sirve para entretener la atenci\u00f3n del visitante y aumentar de esta manera el efecto sorpresa que se produce al llegar al cuerpo central. En este espacio, formado por dos estructuras el\u00edpticas gemelas, la vista se dirige irremediablemente a la espectacular panor\u00e1mica de las faldas del Risco de Famara y el Archipi\u00e9lago Chinijo, compuesto por las islas de La Graciosa, Monta\u00f1a Clara, Alegranza y Roque del Este. Junto a los ventanales se hallan dos grandes esculturas de Manrique y otros detalles decorativos muy propios del artista. Desde un lateral se pasa a la terraza exterior, donde se puede observar libremente el paisaje. De la zona central se asciende por medio de una escalera helicoidal hacia la tienda del recinto y encima nos encontramos con la terraza superior, coronada por un lucernario que integra afinadamente la piedra y el cristal.<\/span><\/p>\n<p class=\"MsoNormal\" style=\"text-align: justify;\"><span style=\"ofont-size: 10pt; ofont-family: Arial;\">La tipolog\u00eda de los miradores es bastante rica en la trayectoria de Manrique, adem\u00e1s de \u00e9ste realiz\u00f3 los de Malpaso (Lanzarote), El Palmarejo (La Gomera) y el de La Pe\u00f1a (El Hierro). Antes de su muerte ide\u00f3 m\u00e1s miradores para Lanzarote y otras islas, pero su fallecimiento dej\u00f3 los proyectos inconclusos. <\/span><\/p>\n<p class=\"MsoNormal\" style=\"text-align: justify;\"><span style=\"ofont-size: 10pt; ofont-family: Arial;\">Partiendo de la ecl\u00e9ctica sensibilidad art\u00edstica de Manrique, el Mirador del R\u00edo depara unas formas fluidas y org\u00e1nicas que interact\u00faan y se funden con el territorio insular. Esta suerte de arquitectura sensitiva y evocadora tambi\u00e9n lleva a la reflexi\u00f3n serena sobre la relaci\u00f3n entre el ser humano y la naturaleza. La obra p\u00fablica del artista no s\u00f3lo desvela la riqueza de sus concepciones e influencias est\u00e9ticas sino que tambi\u00e9n conlleva una carga ideol\u00f3gica de conservaci\u00f3n medioambiental que ser\u00e1 fundamental en la postura vital de C\u00e9sar Manrique.<\/span><\/p>\n<p><\/p>","protected":false},"featured_media":16735,"parent":0,"template":"","meta":{"_acf_changed":false,"ngg_post_thumbnail":0,"footnotes":""},"tipo_de_obra":[15],"coleccion_de_obra":[],"class_list":["post-14557","fcm_obra","type-fcm_obra","status-publish","has-post-thumbnail","hentry","tipo_de_obra-publica"],"acf":[],"_links":{"self":[{"href":"https:\/\/ludiccc.ddns.net\/it\/wp-json\/wp\/v2\/fcm_obra\/14557","targetHints":{"allow":["GET"]}}],"collection":[{"href":"https:\/\/ludiccc.ddns.net\/it\/wp-json\/wp\/v2\/fcm_obra"}],"about":[{"href":"https:\/\/ludiccc.ddns.net\/it\/wp-json\/wp\/v2\/types\/fcm_obra"}],"version-history":[{"count":2,"href":"https:\/\/ludiccc.ddns.net\/it\/wp-json\/wp\/v2\/fcm_obra\/14557\/revisions"}],"predecessor-version":[{"id":23124,"href":"https:\/\/ludiccc.ddns.net\/it\/wp-json\/wp\/v2\/fcm_obra\/14557\/revisions\/23124"}],"wp:featuredmedia":[{"embeddable":true,"href":"https:\/\/ludiccc.ddns.net\/it\/wp-json\/wp\/v2\/media\/16735"}],"wp:attachment":[{"href":"https:\/\/ludiccc.ddns.net\/it\/wp-json\/wp\/v2\/media?parent=14557"}],"wp:term":[{"taxonomy":"tipo_de_obra","embeddable":true,"href":"https:\/\/ludiccc.ddns.net\/it\/wp-json\/wp\/v2\/tipo_de_obra?post=14557"},{"taxonomy":"coleccion_de_obra","embeddable":true,"href":"https:\/\/ludiccc.ddns.net\/it\/wp-json\/wp\/v2\/coleccion_de_obra?post=14557"}],"curies":[{"name":"wp","href":"https:\/\/api.w.org\/{rel}","templated":true}]}}

Mirador del Río

<p></p>
<p class="MsoNormal" style="text-align: justify;"><span style="ofont-size: 10pt; ofont-family: Arial;">La capacidad para integrar plenamente en el paisaje obras espaciales innovadoras y complejas es una de las grandes aportaciones de César Manrique. El Mirador del Río es un magnífico ejemplo de ello. Una comprobación de que es posible establecer un nuevo orden de comunicación entre el hombre y el medio natural a través de la fórmula Arte-Naturaleza que propugnó el artista lanzaroteño para desarrollar obras de arte público con un potente efecto funcional y económico.</span></p>
<p class="MsoNormal" style="text-align: justify;"><span style="ofont-size: 10pt; ofont-family: Arial;">Desde principios de los años sesenta, el Cabildo de Lanzarote, presidido por José Ramírez Cerdá, apostó por habilitar varios parajes naturales de la isla con el objetivo de crear una oferta turística única y de calidad. El Mirador del Río es un nuevo proyecto en este programa y el equipo que lo lleva a cabo vuelve a contar con César Manrique como principal artífice y con Eduardo Cáceres y Jesús Soto como piezas claves. La obra, que se comenzó en 1971 y se inauguró en 1973, se encuentra en el borde de los escarpados acantilados de la parte norte del macizo de Famara. Un enclave de gran valor paisajístico que antes pertenecía al Ministerio de Defensa por su ubicación estratégica.</span></p>
<p class="MsoNormal" style="text-align: justify;"><span style="ofont-size: 10pt; ofont-family: Arial;">El acceso al Mirador del Río está precedido de una escultura de Manrique que simboliza a todo el conjunto, como ocurre con otros Centros de Arte, Cultura y Turismo. Una de las aportaciones arquitectónicas más hábiles del artista se da en la fachada pétrea. Un semicírculo integrado en la montaña que asciende a través de varios niveles y que cuenta con la textura de la piedra como nota de color más expresiva. La estructura ideada dirige la mirada al cercano Volcán de la Corona, al mismo tiempo que guarda una relación muy estrecha con el paisaje insular ya que se asemeja visualmente a los tradicionales bancales de la agricultura local. </span></p>
<p class="MsoNormal" style="text-align: justify;"><span style="ofont-size: 10pt; ofont-family: Arial;">El acceso al recinto tiene un tratamiento casi escultórico y está coronado por un óculo que actúa como punto de fuga. Seguidamente se pasa a un pasillo decorado con elementos alusivos a la cerámica aborigen que también sirve para entretener la atención del visitante y aumentar de esta manera el efecto sorpresa que se produce al llegar al cuerpo central. En este espacio, formado por dos estructuras elípticas gemelas, la vista se dirige irremediablemente a la espectacular panorámica de las faldas del Risco de Famara y el Archipiélago Chinijo, compuesto por las islas de La Graciosa, Montaña Clara, Alegranza y Roque del Este. Junto a los ventanales se hallan dos grandes esculturas de Manrique y otros detalles decorativos muy propios del artista. Desde un lateral se pasa a la terraza exterior, donde se puede observar libremente el paisaje. De la zona central se asciende por medio de una escalera helicoidal hacia la tienda del recinto y encima nos encontramos con la terraza superior, coronada por un lucernario que integra afinadamente la piedra y el cristal.</span></p>
<p class="MsoNormal" style="text-align: justify;"><span style="ofont-size: 10pt; ofont-family: Arial;">La tipología de los miradores es bastante rica en la trayectoria de Manrique, además de éste realizó los de Malpaso (Lanzarote), El Palmarejo (La Gomera) y el de La Peña (El Hierro). Antes de su muerte ideó más miradores para Lanzarote y otras islas, pero su fallecimiento dejó los proyectos inconclusos. </span></p>
<p class="MsoNormal" style="text-align: justify;"><span style="ofont-size: 10pt; ofont-family: Arial;">Partiendo de la ecléctica sensibilidad artística de Manrique, el Mirador del Río depara unas formas fluidas y orgánicas que interactúan y se funden con el territorio insular. Esta suerte de arquitectura sensitiva y evocadora también lleva a la reflexión serena sobre la relación entre el ser humano y la naturaleza. La obra pública del artista no sólo desvela la riqueza de sus concepciones e influencias estéticas sino que también conlleva una carga ideológica de conservación medioambiental que será fundamental en la postura vital de César Manrique.</span></p>
<p></p>
