{"id":15108,"date":"2018-02-21T11:30:38","date_gmt":"2018-02-21T11:30:38","guid":{"rendered":"https:\/\/fcmanrique.org\/fcm-exposicion\/thomas-joshua-cooper-acudiendo-al-mar\/"},"modified":"2026-04-23T23:20:12","modified_gmt":"2026-04-23T23:20:12","slug":"thomas-joshua-cooper-acudiendo-al-mar","status":"publish","type":"fcm_exposicion","link":"https:\/\/ludiccc.ddns.net\/it\/fcm-exposicion\/thomas-joshua-cooper-acudiendo-al-mar\/","title":{"rendered":"Thomas Joshua Cooper. Acudiendo al mar"},"content":{"rendered":"<div class=\"wp-block-columns fcm-page-migration-columns is-layout-flex wp-container-core-columns-is-layout-9d6595d7 wp-block-columns-is-layout-flex\"><div class=\"wp-block-column is-layout-flow wp-block-column-is-layout-flow\" style=\"flex-basis:66.66%\"><figure class=\"wp-block-image size-full\"><img fetchpriority=\"high\" width=\"289\" height=\"246\" src=\"https:\/\/fcm.local\/wp-content\/uploads\/cesar-manrique-expo-Thomas-Joshua-Cooper-Acudiendo-al-mar-th.jpg\" class=\"wp-image-16807\" alt=\"Thomas Joshua Cooper. Acudiendo al mar\" loading=\"eager\" decoding=\"async\" \/><\/figure>\n<p>El 20 de noviembre de 2002 se inaugur\u00f3 en la sede de Taro de Tah\u00edche, de la Fundaci\u00f3n C\u00e9sar Manrique, la exposici\u00f3n <strong><em>Thomas Joshua Cooper. Acudiendo al mar<\/em><\/strong>. La muestra reun\u00eda 61 fotograf\u00edas de la naturaleza, de las que 13 de ellas respond\u00edan a un encargo espec\u00edfico de la FCM consistente en tomar im\u00e1genes de los cuatros puntos extremos cardinales de Lanzarote y el Archipi\u00e9lago Chinijo (Punta Fariones, Punta del Papagayo, Punta Gin\u00e9s, Punta Prieta), y de los cuatro puntos extremos cardinales de Canarias (Punta de los Saltos y Faro de Orchilla \u2013El Hierro\u2013 Faro de La Alegranza, Punta Prieta \u2013Lanzarote\u2013), incluidas en un amplio proyecto dedicado a fotografiar puntos extremos a ambos lados del Atl\u00e1ntico. El resto de las im\u00e1genes que se exhibieron constituyen una retrospectiva de su obra.<\/p>\n<p>Thomas Joshua Cooper (San Francisco, California, 1946) est\u00e1 considerado como uno de los m\u00e1ximos representantes internacionales de la fotograf\u00eda de paisaje. Desde hace veinte a\u00f1os reside en Glasgow (Escocia), donde fund\u00f3 el departamento de Fotograf\u00eda Art\u00edstica de la Glasgow School of Art.<\/p>\n<p>Cooper es heredero de una tradici\u00f3n del arte paisaj\u00edstico tipificado por Timothy O\u2019Sullivan, fot\u00f3grafo americano del siglo XIX, en la que se pretende plasmar el esp\u00edritu de la tierra m\u00e1s que los rasgos de un lugar concreto. El trabajo de Cooper busca revelar la cualidad simb\u00f3lica latente en el paisaje. Toda su obra, afirma el artista, \u201creverbera con cuestiones del esp\u00edritu que recogen conceptos como el anhelo y la sensaci\u00f3n de pertenecer\u201d. <\/p>\n<p>Su obra est\u00e1 influida por artistas pl\u00e1sticos tan diversos como Agnes Martin, Mark Rothko, J.M. Turner, Hamish Fulton o Richard Long. La mirada de Cooper ha creado un cuerpo art\u00edstico \u00fanico y distinguido que se concentra en el paisaje como met\u00e1fora de espacios simb\u00f3licos y de las huellas humanas dejadas en los viajes hacia estos lugares. Para su trabajo emplea una c\u00e1mara de gran formato, de 1898, a la que se niega deliberadamente a acoplar avance tecnol\u00f3gico alguno.<\/p>\n<p>Su obra se halla expuesta en numerosos museos y colecciones p\u00fablicas y privadas de todo el mundo: Fundaci\u00f3n Gulbenkian, Centro de Arte Moderno de Lisboa; The Art Institute of Chicago; Centro Nacional de Artes Pl\u00e1sticas de Par\u00eds; The Tate Gallery de Londres; y National Gallery de Canad\u00e1, entre otros. Asimismo, ha expuesto en diversas galer\u00edas y museos internacionales: John Weber Gallery, Nueva York; Sean Kelly Gallery, Nueva York; Princeton University Art Museum, Nueva Jersey; Museo de Bellas Artes de Nuevo M\u00e9xico; Michael Hue-Williams Fine Art, Londres; Galerie Franck und Schulte, Berl\u00edn. <\/p>\n<p>La parte retrospectiva de la muestra que ofreci\u00f3 la FCM inclu\u00eda fotograf\u00edas tomadas en Inglaterra, Austria, B\u00e9lgica, Portugal, Holanda, Francia, Noruega, Suecia, Finlandia, Dinamarca, Suiza y Alemania. Para Cooper, la belleza se relaciona con el paisaje no como emblema, sino a modo de ritual y ceremonia que s\u00f3lo se revelan con el tiempo.<\/p>\n<p>Con esta retrospectiva de Thomas Joshua Cooper, la primera que celebra en nuestro pa\u00eds, la FCM da continuidad a una de las l\u00edneas de trabajo de su programa de exposiciones como es la de <em>Arte-Naturaleza<\/em> y de la propia colecci\u00f3n permanente de su museo, que incrementar\u00e1 sus fondos con un cuerpo de piezas de Thomas Joshua Cooper incluidas en la exposici\u00f3n.<\/p>\n<p>La exposici\u00f3n recibi\u00f3 63.342 visitantes.<\/p><\/div><div class=\"wp-block-column is-layout-flow wp-block-column-is-layout-flow\" style=\"flex-basis:33.33%\"><div class=\"wp-block-group detail-panel detail-media wp-block-group-\"><div class=\"wp-block-group__inner-container is-layout-flow wp-block-group-is-layout-flow\"><p><a href=\"https:\/\/fcmanrique.org\/wp-content\/uploads\/expocooper02_640.jpg\"><\/a><\/p><\/div><\/div><\/div><\/div>","protected":false},"featured_media":16807,"parent":0,"template":"","meta":{"_acf_changed":false,"ngg_post_thumbnail":0,"footnotes":""},"exposicion_linea_discursiva":[51],"class_list":["post-15108","fcm_exposicion","type-fcm_exposicion","status-publish","has-post-thumbnail","hentry","exposicion_linea_discursiva-arte-naturaleza"],"acf":[],"_links":{"self":[{"href":"https:\/\/ludiccc.ddns.net\/it\/wp-json\/wp\/v2\/fcm_exposicion\/15108","targetHints":{"allow":["GET"]}}],"collection":[{"href":"https:\/\/ludiccc.ddns.net\/it\/wp-json\/wp\/v2\/fcm_exposicion"}],"about":[{"href":"https:\/\/ludiccc.ddns.net\/it\/wp-json\/wp\/v2\/types\/fcm_exposicion"}],"version-history":[{"count":3,"href":"https:\/\/ludiccc.ddns.net\/it\/wp-json\/wp\/v2\/fcm_exposicion\/15108\/revisions"}],"predecessor-version":[{"id":27131,"href":"https:\/\/ludiccc.ddns.net\/it\/wp-json\/wp\/v2\/fcm_exposicion\/15108\/revisions\/27131"}],"wp:featuredmedia":[{"embeddable":true,"href":"https:\/\/ludiccc.ddns.net\/it\/wp-json\/wp\/v2\/media\/16807"}],"wp:attachment":[{"href":"https:\/\/ludiccc.ddns.net\/it\/wp-json\/wp\/v2\/media?parent=15108"}],"wp:term":[{"taxonomy":"exposicion_linea_discursiva","embeddable":true,"href":"https:\/\/ludiccc.ddns.net\/it\/wp-json\/wp\/v2\/exposicion_linea_discursiva?post=15108"}],"curies":[{"name":"wp","href":"https:\/\/api.w.org\/{rel}","templated":true}]}}

<div class="wp-block-columns fcm-page-migration-columns is-layout-flex wp-container-core-columns-is-layout-9d6595d7 wp-block-columns-is-layout-flex"><div class="wp-block-column is-layout-flow wp-block-column-is-layout-flow" style="flex-basis:66.66%"><figure class="wp-block-image size-full"><img fetchpriority="high" width="289" height="246" src="https://fcm.local/wp-content/uploads/cesar-manrique-expo-Thomas-Joshua-Cooper-Acudiendo-al-mar-th.jpg" class="wp-image-16807" alt="Thomas Joshua Cooper. Acudiendo al mar" loading="eager" decoding="async" /></figure>
<p>El 20 de noviembre de 2002 se inauguró en la sede de Taro de Tahíche, de la Fundación César Manrique, la exposición <strong><em>Thomas Joshua Cooper. Acudiendo al mar</em></strong>. La muestra reunía 61 fotografías de la naturaleza, de las que 13 de ellas respondían a un encargo específico de la FCM consistente en tomar imágenes de los cuatros puntos extremos cardinales de Lanzarote y el Archipiélago Chinijo (Punta Fariones, Punta del Papagayo, Punta Ginés, Punta Prieta), y de los cuatro puntos extremos cardinales de Canarias (Punta de los Saltos y Faro de Orchilla –El Hierro– Faro de La Alegranza, Punta Prieta –Lanzarote–), incluidas en un amplio proyecto dedicado a fotografiar puntos extremos a ambos lados del Atlántico. El resto de las imágenes que se exhibieron constituyen una retrospectiva de su obra.</p>
<p>Thomas Joshua Cooper (San Francisco, California, 1946) está considerado como uno de los máximos representantes internacionales de la fotografía de paisaje. Desde hace veinte años reside en Glasgow (Escocia), donde fundó el departamento de Fotografía Artística de la Glasgow School of Art.</p>
<p>Cooper es heredero de una tradición del arte paisajístico tipificado por Timothy O’Sullivan, fotógrafo americano del siglo XIX, en la que se pretende plasmar el espíritu de la tierra más que los rasgos de un lugar concreto. El trabajo de Cooper busca revelar la cualidad simbólica latente en el paisaje. Toda su obra, afirma el artista, “reverbera con cuestiones del espíritu que recogen conceptos como el anhelo y la sensación de pertenecer”. </p>
<p>Su obra está influida por artistas plásticos tan diversos como Agnes Martin, Mark Rothko, J.M. Turner, Hamish Fulton o Richard Long. La mirada de Cooper ha creado un cuerpo artístico único y distinguido que se concentra en el paisaje como metáfora de espacios simbólicos y de las huellas humanas dejadas en los viajes hacia estos lugares. Para su trabajo emplea una cámara de gran formato, de 1898, a la que se niega deliberadamente a acoplar avance tecnológico alguno.</p>
<p>Su obra se halla expuesta en numerosos museos y colecciones públicas y privadas de todo el mundo: Fundación Gulbenkian, Centro de Arte Moderno de Lisboa; The Art Institute of Chicago; Centro Nacional de Artes Plásticas de París; The Tate Gallery de Londres; y National Gallery de Canadá, entre otros. Asimismo, ha expuesto en diversas galerías y museos internacionales: John Weber Gallery, Nueva York; Sean Kelly Gallery, Nueva York; Princeton University Art Museum, Nueva Jersey; Museo de Bellas Artes de Nuevo México; Michael Hue-Williams Fine Art, Londres; Galerie Franck und Schulte, Berlín. </p>
<p>La parte retrospectiva de la muestra que ofreció la FCM incluía fotografías tomadas en Inglaterra, Austria, Bélgica, Portugal, Holanda, Francia, Noruega, Suecia, Finlandia, Dinamarca, Suiza y Alemania. Para Cooper, la belleza se relaciona con el paisaje no como emblema, sino a modo de ritual y ceremonia que sólo se revelan con el tiempo.</p>
<p>Con esta retrospectiva de Thomas Joshua Cooper, la primera que celebra en nuestro país, la FCM da continuidad a una de las líneas de trabajo de su programa de exposiciones como es la de <em>Arte-Naturaleza</em> y de la propia colección permanente de su museo, que incrementará sus fondos con un cuerpo de piezas de Thomas Joshua Cooper incluidas en la exposición.</p>
<p>La exposición recibió 63.342 visitantes.</p></div><div class="wp-block-column is-layout-flow wp-block-column-is-layout-flow" style="flex-basis:33.33%"><div class="wp-block-group detail-panel detail-media wp-block-group-"><div class="wp-block-group__inner-container is-layout-flow wp-block-group-is-layout-flow"><p><a href="https://fcmanrique.org/wp-content/uploads/expocooper02_640.jpg"></a></p></div></div></div></div>
