{"id":15039,"date":"2018-02-21T11:30:23","date_gmt":"2018-02-21T11:30:23","guid":{"rendered":"https:\/\/fcmanrique.org\/fcm-exposicion\/la-tierra-vista-desde-el-cielo\/"},"modified":"2026-04-23T23:20:11","modified_gmt":"2026-04-23T23:20:11","slug":"la-tierra-vista-desde-el-cielo","status":"publish","type":"fcm_exposicion","link":"https:\/\/ludiccc.ddns.net\/it\/fcm-exposicion\/la-tierra-vista-desde-el-cielo\/","title":{"rendered":"La Tierra vista desde el cielo"},"content":{"rendered":"<div class=\"wp-block-columns fcm-page-migration-columns is-layout-flex wp-container-core-columns-is-layout-9d6595d7 wp-block-columns-is-layout-flex\"><div class=\"wp-block-column is-layout-flow wp-block-column-is-layout-flow\" style=\"flex-basis:66.66%\"><figure class=\"wp-block-image size-full\"><img fetchpriority=\"high\" width=\"289\" height=\"246\" src=\"https:\/\/fcm.local\/wp-content\/uploads\/cesar-manrique-expo-La-Tierra-vista-desde-el-cielo-th.jpg\" class=\"wp-image-16817\" alt=\"La Tierra vista desde el cielo\" loading=\"eager\" decoding=\"async\" \/><\/figure>\n<p>El 7 de marzo de 2002 se inaugur\u00f3, en la sede la FCM, la exposici\u00f3n <em>La Tierra vista desde el cielo<\/em>, producida por la editorial LUNWERG y organizada en Lanzarote por la FCM. <\/p>\n<p>La exposici\u00f3n mostr\u00f3 una selecci\u00f3n de 140 fotograf\u00edas a\u00e9reas de distintos lugares del mundo realizadas por el fot\u00f3grafo franc\u00e9s Yann Arthus-Bertrand. El autor emprendi\u00f3 este proyecto en el a\u00f1o 1995, bajo el patrocinio de la UNESCO, con el objetivo de documentar fotogr\u00e1ficamente el estado del planeta en v\u00edsperas del a\u00f1o 2002. El resultado han sido unas im\u00e1genes evocadoras de gran impacto, que testifican la riqueza y diversidad natural y cultural de nuestro planeta, hoy amenazadas por distintos riesgos ambientales, econ\u00f3micos y sociales. Las im\u00e1genes han sido seleccionadas entre las 100.000 fotograf\u00edas realizadas en m\u00e1s de 3.000 horas de vuelo en helic\u00f3ptero y la visita a 76 pa\u00edses de los cinco continentes.<\/p>\n<p>Yann Arthus-Bertrand, nacido el 13 de marzo de 1946, ha mantenido desde muy joven su preocupaci\u00f3n por la naturaleza, dirigiendo muy joven una reserva natural en el centro de Francia. Cuando cumpli\u00f3 30 a\u00f1os, se traslad\u00f3 a Kenia para estudiar el comportamiento de los leones en la reserva de Massai Mara, dando origen a su primer libro, <em>Leones<\/em> (1981). A su regreso a Francia, trabaj\u00f3 como fotoperiodista, especializ\u00e1ndose en la aventura, los deportes y la naturaleza. En 1989, organiz\u00f3 el proyecto <em>3 d\u00edas en Francia<\/em>, en el que reuni\u00f3 a 100 de los mejores fot\u00f3grafos franceses. En 1991, fund\u00f3 la agencia Altitude, con una base de datos de vistas a\u00e9reas que re\u00fane im\u00e1genes de todas las partes del mundo. Ha sido consagrado como uno de los mejores profesionales de la fotograf\u00eda a\u00e9rea, publicando sus trabajos en los principales revistas gr\u00e1ficas, <em>Paris-Match<\/em>, <em>Le Figaro Magazine<\/em>, <em>Stern<\/em>, <em>Geo<\/em>, <em>Airone<\/em>, <em>Life<\/em> o <em>National Geographic<\/em>. Entre sus libros editados, cabe destacar: <em>Los Massai<\/em> (1983); <em>Kenia vista desde el cielo <\/em>(1989); <em>Las costas del Atl\u00e1ntico vistas desde el cielo<\/em> (1994); <em>Arte rural<\/em> (1995); <em>Nueva York vista desde lo alto<\/em> (1998); y<em> La Tierra vista desde el cielo <\/em>(1999). <\/p>\n<p>La muestra recog\u00eda, a trav\u00e9s de las im\u00e1genes y los textos explicativos, m\u00faltiples rincones del mundo, permitiendo al espectador conocerlos a fondo, no s\u00f3lo en su dimensi\u00f3n geogr\u00e1fica, sino tambi\u00e9n demogr\u00e1fica, social, econ\u00f3mica y medioambiental. As\u00ed, pod\u00eda contemplarse desde la falla de Pingvellir, al este de Reykiavik (Islandia), al candelabro de la pen\u00ednsula de Parcas (Per\u00fa); desde los residuos de una mina de oro en el litoral de las Islas Mindanao (Filipinas) a una huerta en los alrededores de Tombuct\u00fa (Mal\u00ed) o el Museo Guggenheim de Bilbao.<\/p>\n<p>El director de Actividades Fundacionales, Fernando G\u00f3mez Aguilera, destac\u00f3 en la presentaci\u00f3n que el montaje ideado por la FCM buscaba hacer ciertos gui\u00f1os al p\u00fablico, mediante el contraste de im\u00e1genes entre la diversidad natural del planeta y los conflictos y desigualdades que vivimos en esta \u00e9poca: \u201cLos contenidos est\u00e1n relacionados con la estructura del paisaje, actividades humanas desarrolladas sobre la tierra, modos de vida, espacios amenazados, acciones de tipo industrial que suponen una fuerte presi\u00f3n sobre el territorio, patrimonio natural y cultural y otras visiones sugerentes en su abstracci\u00f3n\u201d.<\/p>\n<p>La exposici\u00f3n recibi\u00f3 36.022 visitantes.<\/p><\/div><div class=\"wp-block-column is-layout-flow wp-block-column-is-layout-flow\" style=\"flex-basis:33.33%\"><div class=\"wp-block-group detail-panel detail-media wp-block-group-\"><div class=\"wp-block-group__inner-container is-layout-flow wp-block-group-is-layout-flow\"><p><a href=\"https:\/\/fcmanrique.org\/wp-content\/uploads\/expolatierra01_640.jpg\"><\/a><\/p><\/div><\/div><\/div><\/div>","protected":false},"featured_media":16817,"parent":0,"template":"","meta":{"_acf_changed":false,"ngg_post_thumbnail":0,"footnotes":""},"exposicion_linea_discursiva":[51],"class_list":["post-15039","fcm_exposicion","type-fcm_exposicion","status-publish","has-post-thumbnail","hentry","exposicion_linea_discursiva-arte-naturaleza"],"acf":[],"_links":{"self":[{"href":"https:\/\/ludiccc.ddns.net\/it\/wp-json\/wp\/v2\/fcm_exposicion\/15039","targetHints":{"allow":["GET"]}}],"collection":[{"href":"https:\/\/ludiccc.ddns.net\/it\/wp-json\/wp\/v2\/fcm_exposicion"}],"about":[{"href":"https:\/\/ludiccc.ddns.net\/it\/wp-json\/wp\/v2\/types\/fcm_exposicion"}],"version-history":[{"count":2,"href":"https:\/\/ludiccc.ddns.net\/it\/wp-json\/wp\/v2\/fcm_exposicion\/15039\/revisions"}],"predecessor-version":[{"id":27117,"href":"https:\/\/ludiccc.ddns.net\/it\/wp-json\/wp\/v2\/fcm_exposicion\/15039\/revisions\/27117"}],"wp:featuredmedia":[{"embeddable":true,"href":"https:\/\/ludiccc.ddns.net\/it\/wp-json\/wp\/v2\/media\/16817"}],"wp:attachment":[{"href":"https:\/\/ludiccc.ddns.net\/it\/wp-json\/wp\/v2\/media?parent=15039"}],"wp:term":[{"taxonomy":"exposicion_linea_discursiva","embeddable":true,"href":"https:\/\/ludiccc.ddns.net\/it\/wp-json\/wp\/v2\/exposicion_linea_discursiva?post=15039"}],"curies":[{"name":"wp","href":"https:\/\/api.w.org\/{rel}","templated":true}]}}

<div class="wp-block-columns fcm-page-migration-columns is-layout-flex wp-container-core-columns-is-layout-9d6595d7 wp-block-columns-is-layout-flex"><div class="wp-block-column is-layout-flow wp-block-column-is-layout-flow" style="flex-basis:66.66%"><figure class="wp-block-image size-full"><img fetchpriority="high" width="289" height="246" src="https://fcm.local/wp-content/uploads/cesar-manrique-expo-La-Tierra-vista-desde-el-cielo-th.jpg" class="wp-image-16817" alt="La Tierra vista desde el cielo" loading="eager" decoding="async" /></figure>
<p>El 7 de marzo de 2002 se inauguró, en la sede la FCM, la exposición <em>La Tierra vista desde el cielo</em>, producida por la editorial LUNWERG y organizada en Lanzarote por la FCM. </p>
<p>La exposición mostró una selección de 140 fotografías aéreas de distintos lugares del mundo realizadas por el fotógrafo francés Yann Arthus-Bertrand. El autor emprendió este proyecto en el año 1995, bajo el patrocinio de la UNESCO, con el objetivo de documentar fotográficamente el estado del planeta en vísperas del año 2002. El resultado han sido unas imágenes evocadoras de gran impacto, que testifican la riqueza y diversidad natural y cultural de nuestro planeta, hoy amenazadas por distintos riesgos ambientales, económicos y sociales. Las imágenes han sido seleccionadas entre las 100.000 fotografías realizadas en más de 3.000 horas de vuelo en helicóptero y la visita a 76 países de los cinco continentes.</p>
<p>Yann Arthus-Bertrand, nacido el 13 de marzo de 1946, ha mantenido desde muy joven su preocupación por la naturaleza, dirigiendo muy joven una reserva natural en el centro de Francia. Cuando cumplió 30 años, se trasladó a Kenia para estudiar el comportamiento de los leones en la reserva de Massai Mara, dando origen a su primer libro, <em>Leones</em> (1981). A su regreso a Francia, trabajó como fotoperiodista, especializándose en la aventura, los deportes y la naturaleza. En 1989, organizó el proyecto <em>3 días en Francia</em>, en el que reunió a 100 de los mejores fotógrafos franceses. En 1991, fundó la agencia Altitude, con una base de datos de vistas aéreas que reúne imágenes de todas las partes del mundo. Ha sido consagrado como uno de los mejores profesionales de la fotografía aérea, publicando sus trabajos en los principales revistas gráficas, <em>Paris-Match</em>, <em>Le Figaro Magazine</em>, <em>Stern</em>, <em>Geo</em>, <em>Airone</em>, <em>Life</em> o <em>National Geographic</em>. Entre sus libros editados, cabe destacar: <em>Los Massai</em> (1983); <em>Kenia vista desde el cielo </em>(1989); <em>Las costas del Atlántico vistas desde el cielo</em> (1994); <em>Arte rural</em> (1995); <em>Nueva York vista desde lo alto</em> (1998); y<em> La Tierra vista desde el cielo </em>(1999). </p>
<p>La muestra recogía, a través de las imágenes y los textos explicativos, múltiples rincones del mundo, permitiendo al espectador conocerlos a fondo, no sólo en su dimensión geográfica, sino también demográfica, social, económica y medioambiental. Así, podía contemplarse desde la falla de Pingvellir, al este de Reykiavik (Islandia), al candelabro de la península de Parcas (Perú); desde los residuos de una mina de oro en el litoral de las Islas Mindanao (Filipinas) a una huerta en los alrededores de Tombuctú (Malí) o el Museo Guggenheim de Bilbao.</p>
<p>El director de Actividades Fundacionales, Fernando Gómez Aguilera, destacó en la presentación que el montaje ideado por la FCM buscaba hacer ciertos guiños al público, mediante el contraste de imágenes entre la diversidad natural del planeta y los conflictos y desigualdades que vivimos en esta época: “Los contenidos están relacionados con la estructura del paisaje, actividades humanas desarrolladas sobre la tierra, modos de vida, espacios amenazados, acciones de tipo industrial que suponen una fuerte presión sobre el territorio, patrimonio natural y cultural y otras visiones sugerentes en su abstracción”.</p>
<p>La exposición recibió 36.022 visitantes.</p></div><div class="wp-block-column is-layout-flow wp-block-column-is-layout-flow" style="flex-basis:33.33%"><div class="wp-block-group detail-panel detail-media wp-block-group-"><div class="wp-block-group__inner-container is-layout-flow wp-block-group-is-layout-flow"><p><a href="https://fcmanrique.org/wp-content/uploads/expolatierra01_640.jpg"></a></p></div></div></div></div>
