{"id":4731,"date":"2017-10-27T14:03:36","date_gmt":"2017-10-27T14:03:36","guid":{"rendered":"https:\/\/fcmanrique.org\/?p=4731"},"modified":"2026-04-23T23:19:20","modified_gmt":"2026-04-23T23:19:20","slug":"gloria-poyatos-las-brechas-de-genero-entre-hombres-y-mujeres-operan-aun-en-todos-los-ambitos","status":"publish","type":"fcm_actividad","link":"https:\/\/ludiccc.ddns.net\/it\/fcm-actividad\/gloria-poyatos-las-brechas-de-genero-entre-hombres-y-mujeres-operan-aun-en-todos-los-ambitos\/","title":{"rendered":"Gl\u00f2ria Poyatos: \u201cLas brechas de g\u00e9nero entre hombres y mujeres operan a\u00fan en todos los \u00e1mbitos\u201d"},"content":{"rendered":"<figure class=\"wp-block-image size-full\"><img fetchpriority=\"high\" width=\"2126\" height=\"1490\" src=\"https:\/\/fcm.local\/wp-content\/uploads\/fc-manrique-poyatos-1.jpg\" class=\"wp-image-4733\" alt=\"Gl\u00f2ria Poyatos: \u00abLas brechas de g\u00e9nero entre hombres y mujeres operan a\u00fan en todos los \u00e1mbitos\u00bb\" loading=\"eager\" decoding=\"async\" srcset=\"https:\/\/fcm.local\/wp-content\/uploads\/fc-manrique-poyatos-1.jpg 2126w, https:\/\/fcm.local\/wp-content\/uploads\/fc-manrique-poyatos-1-300x210.jpg 300w, https:\/\/fcm.local\/wp-content\/uploads\/fc-manrique-poyatos-1-768x538.jpg 768w, https:\/\/fcm.local\/wp-content\/uploads\/fc-manrique-poyatos-1-1024x718.jpg 1024w\" sizes=\"(max-width: 2126px) 100vw, 2126px\" \/><\/figure>\n<p>\u201cLa justicia y la igualdad de g\u00e9nero deber\u00edan ser un binomio inescindible, porque la justicia corrige y compensa y debe garantizar la igualdad\u201d. La magistrada del Tribunal Superior de Justicia de Canarias, Gl\u00f2ria Poyatos, imparti\u00f3 una conferencia el 26 de octubre en la FCM, dentro del foro Fronteras y direcciones del progreso, sobre \u201cJusticia e igualdad de g\u00e9nero\u201d. Sostuvo que, a pesar de que muchos creen que \u201cuna vez conquistada la igualdad formal ya est\u00e1 conquistada la igualdad real\u201d, las brechas de g\u00e9nero entre hombres y mujeres operan a\u00fan en todos los \u00e1mbitos. Para despejar las dudas de los esc\u00e9pticos, en lugar de con datos, lleg\u00f3 \u201carmada\u201d con tres im\u00e1genes. La primera es la foto oficial de la justicia espa\u00f1ola en 2017, la imagen que representa al Poder Judicial, sin mujeres. \u201cPodr\u00eda ser de hace 200 a\u00f1os -se\u00f1al\u00f3- o de 1966\u201d, a\u00f1o en que se permiti\u00f3 en Espa\u00f1a a las mujeres ser juezas o fiscales, una profesi\u00f3n que se consideraba contraria \u201ca la delicadeza consustancial de las mujeres\u201d. La foto da tres mensajes: niega la excelencia de las juezas, niega su aportaci\u00f3n a la justicia (firman m\u00e1s de la mitad de las sentencias cada a\u00f1o en Espa\u00f1a) y exhibe el \u201ctecho de cristal\u201d en la carrera judicial. Actualmente en el Tribunal Supremo, con 78 miembros, s\u00f3lo once son mujeres. \u201cEst\u00e1 carente de la perspectiva femenina y es donde se fija la jurisprudencia\u201d, se\u00f1al\u00f3 Poyatos. En la Sala de lo Civil, donde se dirimen los asuntos de familia, s\u00f3lo hay una mujer. <a href=\"https:\/\/fcmanrique.org\/wp-content\/uploads\/fc-manrique-poyatos-2.jpg\"><img loading=\"lazy\" decoding=\"async\" src=\"https:\/\/fcmanrique.org\/wp-content\/uploads\/fc-manrique-poyatos-2.jpg\" alt=\"\" width=\"560\" height=\"369\"><\/a> La segunda imagen es doble: el Tribunal Constitucional de 1998, presidido por una mujer, Mar\u00eda Emilia Casas, la \u00fanica que lo ha presidido hasta ahora. Pero s\u00f3lo aparece ella. La otra foto es de casi veinte a\u00f1os despu\u00e9s: dos mujeres de doce componentes. \u201cA veinte a\u00f1os por mujer\u201d. Seg\u00fan Poyatos, \u201cque no haya mujeres en la RAE es grave pero en el Constitucional es inquietante, porque la vida no se ve igual desde un sexo y otro, y esas experiencias deben integrarse\u201d. La magistrada destac\u00f3 que \u201csomos escrupulosos con las listas cremallera en el Parlamento y, este Tribunal, que tiene la potestad, entre otras, de anular resoluciones del Gobierno, s\u00f3lo tiene a dos mujeres entre sus miembros\u201d. A\u00f1adi\u00f3 que ser\u00eda tan grave que s\u00f3lo hubiera mujeres como que solo haya hombres. La tercera imagen tambi\u00e9n es doble. Aparece la firma del Tratado de Roma (1957), que da origen a la Uni\u00f3n Europea. No hay mujeres. La segunda foto es de los actuales presidentes o primeros ministros de pa\u00edses de la UE, sesenta a\u00f1os despu\u00e9s, en 2017, donde hay tres mujeres. \u201cOtra vez, a veinte a\u00f1os por mujer\u201d. <a href=\"https:\/\/fcmanrique.org\/wp-content\/uploads\/fc-manrique-poyatos-3.jpg\"><img loading=\"lazy\" decoding=\"async\" src=\"https:\/\/fcmanrique.org\/wp-content\/uploads\/fc-manrique-poyatos-3.jpg\" alt=\"\" width=\"566\" height=\"366\"><\/a> Poyatos asegura que lo que motiva la brecha es \u201cun enemigo potente, infravalorado hist\u00f3ricamente e inmune a las leyes\u201d. \u201cLos estereotipos, prejuicios y roles sexistas, que afectan a todos los sexos, edades y nivel cultural\u201d y que \u201cs\u00f3lo se franquean con formaci\u00f3n especializada\u201d. Ahora bien, no es lo mismo un zapatero o un comercial con prejuicios que un juzgador o juzgadora, porque habr\u00e1 resoluciones que abracen estos estereotipos y ayudan a mantener las discriminaciones. Puso tres sentencias como ejemplo. En 1990, un hombre fue condenado por abusos sexuales a una empleada de 17 a\u00f1os, pero se\u00f1alaba el fallo que la v\u00edctima pudo provocar por su vestimenta, porque llevaba una minifalda. A principios de 2017, un tribunal de Cantabria considera que no hay agresi\u00f3n sexual, \u00fanicamente abuso sexual, hacia una ni\u00f1a cuando ten\u00eda entre cinco y diez a\u00f1os de edad, porque no queda probado que opusiera resistencia. La tercera sentencia es de la Sala de lo Militar del Tribunal Supremo, que rebaja la pena a un condenado por pegar una paliza a una mujer, porque ten\u00eda condecoraciones militares y hab\u00eda realizado misiones de paz en Afganist\u00e1n, \u201cdonde es habitual el uso de la fuerza\u201d. La magistrada, que preside la Asociaci\u00f3n de Mujeres Juezas de Espa\u00f1a y que este a\u00f1o ha recibido el <em>Mallete de oro <\/em>como premio a la decisi\u00f3n judicial con mayor impacto positivo hacia las mujeres, se\u00f1ala que es el Consejo General del Poder Judicial \u201cquien tiene la obligaci\u00f3n de formarnos contra los estereotipos\u201d. <a href=\"https:\/\/fcmanrique.org\/wp-content\/uploads\/fc-manrique-poyatos-4.jpg\"><img loading=\"lazy\" decoding=\"async\" src=\"https:\/\/fcmanrique.org\/wp-content\/uploads\/fc-manrique-poyatos-4.jpg\" alt=\"\" width=\"528\" height=\"335\"><\/a> Tambi\u00e9n se\u00f1al\u00f3 que intenta cambiar las cosas juzgando con perspectiva de g\u00e9nero: \u201cNo podemos decir que somos iguales y cosificar a las mujeres en la TV o tener permisos parentales distintos o un diccionario de la RAE que diga que sexo d\u00e9bil es \u2018un conjunto de mujeres\u201d. Juzgar con perspectiva de g\u00e9nero no es una opci\u00f3n, \u201ces una obligaci\u00f3n que establece el art\u00edculo 4 de la Ley para la igualdad efectiva de mujeres y hombres y el art\u00edculo 1 de la Constituci\u00f3n\u201d. Por eso, se\u00f1al\u00f3, hay que evitar las interpretaciones de las normas de forma mim\u00e9tica y no tratar como iguales a quienes socialmente son diferentes. <strong>Educando en justicia igualitaria<\/strong> La magistrada promueve el proyecto <em>Educando en justicia igualitaria<\/em> \u201cporque el machismo es una enfermedad de transmisi\u00f3n social y la cura es una formaci\u00f3n especializada\u201d. El proyecto est\u00e1 dirigido a j\u00f3venes de entre 9 y 18 a\u00f1os, pero tambi\u00e9n a las familias y los docentes. Se inici\u00f3 en el IES C\u00e9sar Manrique, de Lanzarote y ahora se lleva a cabo, durante el curso escolar en once institutos de Lanzarote, Valencia, Asturias y Madrid, con alumnos de 1\u00ba y 2\u00ba de Bachillerato. El proyecto tiene varias virtudes: es plural, reversible (aprenden los ni\u00f1os y los formadores), no tiene prepuesto porque se hace con voluntarios, es un aprendizaje transformativo y se generan recuerdos permanentes en los j\u00f3venes. Los alumnos trabajan sobre discriminaciones, despu\u00e9s ven juicios con perspectivas de g\u00e9nero y por \u00faltimo celebran un juicio ficticio. Al final de la charla se proyect\u00f3 un v\u00eddeo realizado por alumnos sobre el taller de justicia igualitaria. Gl\u00f2ria Poyatos termin\u00f3 su conferencia con una \u201cfrase bar\u00f3metro\u201d, de Clara Campoamor, que cuando se cumpla \u201chabremos conquistado la igualdad\u201d: \u201cHabr\u00e1 igualdad cuando los hombres encuentren a las mujeres por todas partes y no s\u00f3lo all\u00e1 donde vayan a buscarlas\u201d. Nota de prensa en PDF: <a href=\"https:\/\/fcmanrique.org\/wp-content\/uploads\/fc-manrique-gloria-poyatos.pdf\" class=\"fcm-pdf-download-link\">fc-manrique-gloria-poyatos<\/a><\/p>\n<p><a href=\"https:\/\/fcmanrique.org\/wp-content\/uploads\/fc-manrique-gloria-poyatos.jpg\"><img loading=\"lazy\" decoding=\"async\" src=\"https:\/\/fcmanrique.org\/wp-content\/uploads\/fc-manrique-gloria-poyatos.jpg\" alt=\"\" width=\"603\" height=\"400\"><\/a><\/p>","protected":false},"featured_media":4733,"parent":0,"template":"","meta":{"_acf_changed":false,"ngg_post_thumbnail":0,"footnotes":""},"actividad_tipo":[34],"actividad_lugar":[],"actividad_departamento":[],"actividad_ciclo":[],"class_list":["post-4731","fcm_actividad","type-fcm_actividad","status-publish","has-post-thumbnail","hentry","actividad_tipo-conferencias"],"acf":[],"_links":{"self":[{"href":"https:\/\/ludiccc.ddns.net\/it\/wp-json\/wp\/v2\/fcm_actividad\/4731","targetHints":{"allow":["GET"]}}],"collection":[{"href":"https:\/\/ludiccc.ddns.net\/it\/wp-json\/wp\/v2\/fcm_actividad"}],"about":[{"href":"https:\/\/ludiccc.ddns.net\/it\/wp-json\/wp\/v2\/types\/fcm_actividad"}],"version-history":[{"count":7,"href":"https:\/\/ludiccc.ddns.net\/it\/wp-json\/wp\/v2\/fcm_actividad\/4731\/revisions"}],"predecessor-version":[{"id":26992,"href":"https:\/\/ludiccc.ddns.net\/it\/wp-json\/wp\/v2\/fcm_actividad\/4731\/revisions\/26992"}],"wp:featuredmedia":[{"embeddable":true,"href":"https:\/\/ludiccc.ddns.net\/it\/wp-json\/wp\/v2\/media\/4733"}],"wp:attachment":[{"href":"https:\/\/ludiccc.ddns.net\/it\/wp-json\/wp\/v2\/media?parent=4731"}],"wp:term":[{"taxonomy":"actividad_tipo","embeddable":true,"href":"https:\/\/ludiccc.ddns.net\/it\/wp-json\/wp\/v2\/actividad_tipo?post=4731"},{"taxonomy":"actividad_lugar","embeddable":true,"href":"https:\/\/ludiccc.ddns.net\/it\/wp-json\/wp\/v2\/actividad_lugar?post=4731"},{"taxonomy":"actividad_departamento","embeddable":true,"href":"https:\/\/ludiccc.ddns.net\/it\/wp-json\/wp\/v2\/actividad_departamento?post=4731"},{"taxonomy":"actividad_ciclo","embeddable":true,"href":"https:\/\/ludiccc.ddns.net\/it\/wp-json\/wp\/v2\/actividad_ciclo?post=4731"}],"curies":[{"name":"wp","href":"https:\/\/api.w.org\/{rel}","templated":true}]}}

Glòria Poyatos: “Las brechas de género entre hombres y mujeres operan aún en todos los ámbitos”

<figure class="wp-block-image size-full"><img fetchpriority="high" width="2126" height="1490" src="https://fcm.local/wp-content/uploads/fc-manrique-poyatos-1.jpg" class="wp-image-4733" alt="Glòria Poyatos: «Las brechas de género entre hombres y mujeres operan aún en todos los ámbitos»" loading="eager" decoding="async" srcset="https://fcm.local/wp-content/uploads/fc-manrique-poyatos-1.jpg 2126w, https://fcm.local/wp-content/uploads/fc-manrique-poyatos-1-300x210.jpg 300w, https://fcm.local/wp-content/uploads/fc-manrique-poyatos-1-768x538.jpg 768w, https://fcm.local/wp-content/uploads/fc-manrique-poyatos-1-1024x718.jpg 1024w" sizes="(max-width: 2126px) 100vw, 2126px" /></figure>
<p>“La justicia y la igualdad de género deberían ser un binomio inescindible, porque la justicia corrige y compensa y debe garantizar la igualdad”. La magistrada del Tribunal Superior de Justicia de Canarias, Glòria Poyatos, impartió una conferencia el 26 de octubre en la FCM, dentro del foro Fronteras y direcciones del progreso, sobre “Justicia e igualdad de género”. Sostuvo que, a pesar de que muchos creen que “una vez conquistada la igualdad formal ya está conquistada la igualdad real”, las brechas de género entre hombres y mujeres operan aún en todos los ámbitos. Para despejar las dudas de los escépticos, en lugar de con datos, llegó “armada” con tres imágenes. La primera es la foto oficial de la justicia española en 2017, la imagen que representa al Poder Judicial, sin mujeres. “Podría ser de hace 200 años -señaló- o de 1966”, año en que se permitió en España a las mujeres ser juezas o fiscales, una profesión que se consideraba contraria “a la delicadeza consustancial de las mujeres”. La foto da tres mensajes: niega la excelencia de las juezas, niega su aportación a la justicia (firman más de la mitad de las sentencias cada año en España) y exhibe el “techo de cristal” en la carrera judicial. Actualmente en el Tribunal Supremo, con 78 miembros, sólo once son mujeres. “Está carente de la perspectiva femenina y es donde se fija la jurisprudencia”, señaló Poyatos. En la Sala de lo Civil, donde se dirimen los asuntos de familia, sólo hay una mujer. <a href="https://fcmanrique.org/wp-content/uploads/fc-manrique-poyatos-2.jpg"><img loading="lazy" decoding="async" src="https://fcmanrique.org/wp-content/uploads/fc-manrique-poyatos-2.jpg" alt="" width="560" height="369"></a> La segunda imagen es doble: el Tribunal Constitucional de 1998, presidido por una mujer, María Emilia Casas, la única que lo ha presidido hasta ahora. Pero sólo aparece ella. La otra foto es de casi veinte años después: dos mujeres de doce componentes. “A veinte años por mujer”. Según Poyatos, “que no haya mujeres en la RAE es grave pero en el Constitucional es inquietante, porque la vida no se ve igual desde un sexo y otro, y esas experiencias deben integrarse”. La magistrada destacó que “somos escrupulosos con las listas cremallera en el Parlamento y, este Tribunal, que tiene la potestad, entre otras, de anular resoluciones del Gobierno, sólo tiene a dos mujeres entre sus miembros”. Añadió que sería tan grave que sólo hubiera mujeres como que solo haya hombres. La tercera imagen también es doble. Aparece la firma del Tratado de Roma (1957), que da origen a la Unión Europea. No hay mujeres. La segunda foto es de los actuales presidentes o primeros ministros de países de la UE, sesenta años después, en 2017, donde hay tres mujeres. “Otra vez, a veinte años por mujer”. <a href="https://fcmanrique.org/wp-content/uploads/fc-manrique-poyatos-3.jpg"><img loading="lazy" decoding="async" src="https://fcmanrique.org/wp-content/uploads/fc-manrique-poyatos-3.jpg" alt="" width="566" height="366"></a> Poyatos asegura que lo que motiva la brecha es “un enemigo potente, infravalorado históricamente e inmune a las leyes”. “Los estereotipos, prejuicios y roles sexistas, que afectan a todos los sexos, edades y nivel cultural” y que “sólo se franquean con formación especializada”. Ahora bien, no es lo mismo un zapatero o un comercial con prejuicios que un juzgador o juzgadora, porque habrá resoluciones que abracen estos estereotipos y ayudan a mantener las discriminaciones. Puso tres sentencias como ejemplo. En 1990, un hombre fue condenado por abusos sexuales a una empleada de 17 años, pero señalaba el fallo que la víctima pudo provocar por su vestimenta, porque llevaba una minifalda. A principios de 2017, un tribunal de Cantabria considera que no hay agresión sexual, únicamente abuso sexual, hacia una niña cuando tenía entre cinco y diez años de edad, porque no queda probado que opusiera resistencia. La tercera sentencia es de la Sala de lo Militar del Tribunal Supremo, que rebaja la pena a un condenado por pegar una paliza a una mujer, porque tenía condecoraciones militares y había realizado misiones de paz en Afganistán, “donde es habitual el uso de la fuerza”. La magistrada, que preside la Asociación de Mujeres Juezas de España y que este año ha recibido el <em>Mallete de oro </em>como premio a la decisión judicial con mayor impacto positivo hacia las mujeres, señala que es el Consejo General del Poder Judicial “quien tiene la obligación de formarnos contra los estereotipos”. <a href="https://fcmanrique.org/wp-content/uploads/fc-manrique-poyatos-4.jpg"><img loading="lazy" decoding="async" src="https://fcmanrique.org/wp-content/uploads/fc-manrique-poyatos-4.jpg" alt="" width="528" height="335"></a> También señaló que intenta cambiar las cosas juzgando con perspectiva de género: “No podemos decir que somos iguales y cosificar a las mujeres en la TV o tener permisos parentales distintos o un diccionario de la RAE que diga que sexo débil es ‘un conjunto de mujeres”. Juzgar con perspectiva de género no es una opción, “es una obligación que establece el artículo 4 de la Ley para la igualdad efectiva de mujeres y hombres y el artículo 1 de la Constitución”. Por eso, señaló, hay que evitar las interpretaciones de las normas de forma mimética y no tratar como iguales a quienes socialmente son diferentes. <strong>Educando en justicia igualitaria</strong> La magistrada promueve el proyecto <em>Educando en justicia igualitaria</em> “porque el machismo es una enfermedad de transmisión social y la cura es una formación especializada”. El proyecto está dirigido a jóvenes de entre 9 y 18 años, pero también a las familias y los docentes. Se inició en el IES César Manrique, de Lanzarote y ahora se lleva a cabo, durante el curso escolar en once institutos de Lanzarote, Valencia, Asturias y Madrid, con alumnos de 1º y 2º de Bachillerato. El proyecto tiene varias virtudes: es plural, reversible (aprenden los niños y los formadores), no tiene prepuesto porque se hace con voluntarios, es un aprendizaje transformativo y se generan recuerdos permanentes en los jóvenes. Los alumnos trabajan sobre discriminaciones, después ven juicios con perspectivas de género y por último celebran un juicio ficticio. Al final de la charla se proyectó un vídeo realizado por alumnos sobre el taller de justicia igualitaria. Glòria Poyatos terminó su conferencia con una “frase barómetro”, de Clara Campoamor, que cuando se cumpla “habremos conquistado la igualdad”: “Habrá igualdad cuando los hombres encuentren a las mujeres por todas partes y no sólo allá donde vayan a buscarlas”. Nota de prensa en PDF: <a href="https://fcmanrique.org/wp-content/uploads/fc-manrique-gloria-poyatos.pdf" class="fcm-pdf-download-link">fc-manrique-gloria-poyatos</a></p>
<p><a href="https://fcmanrique.org/wp-content/uploads/fc-manrique-gloria-poyatos.jpg"><img loading="lazy" decoding="async" src="https://fcmanrique.org/wp-content/uploads/fc-manrique-gloria-poyatos.jpg" alt="" width="603" height="400"></a></p>
