{"id":4498,"date":"2017-04-24T11:38:14","date_gmt":"2017-04-24T11:38:14","guid":{"rendered":"https:\/\/fcmanrique.org\/?p=4498"},"modified":"2026-04-23T23:19:19","modified_gmt":"2026-04-23T23:19:19","slug":"alejandro-krawietz-presento-su-libro-para-un-dios-diurno-compartiendo-la-lectura-de-algunos-de-sus-poemas-con-el-publico","status":"publish","type":"fcm_actividad","link":"https:\/\/ludiccc.ddns.net\/it\/fcm-actividad\/alejandro-krawietz-presento-su-libro-para-un-dios-diurno-compartiendo-la-lectura-de-algunos-de-sus-poemas-con-el-publico\/","title":{"rendered":"Alejandro Krawietz present\u00f3 su libro &#8220;Para un dios diurno&#8221; compartiendo la lectura de algunos de sus poemas con el p\u00fablico"},"content":{"rendered":"<figure class=\"wp-block-image size-full\"><img fetchpriority=\"high\" width=\"2126\" height=\"1470\" src=\"https:\/\/fcm.local\/wp-content\/uploads\/fcm-pres-libro-dios-diurno-krawietz.jpg\" class=\"wp-image-4500\" alt=\"Alejandro Krawietz present\u00f3 su libro Para un dios diurno compartiendo la lectura de algunos de sus poemas con el p\u00fablico\" loading=\"eager\" decoding=\"async\" srcset=\"https:\/\/fcm.local\/wp-content\/uploads\/fcm-pres-libro-dios-diurno-krawietz.jpg 2126w, https:\/\/fcm.local\/wp-content\/uploads\/fcm-pres-libro-dios-diurno-krawietz-300x207.jpg 300w, https:\/\/fcm.local\/wp-content\/uploads\/fcm-pres-libro-dios-diurno-krawietz-768x531.jpg 768w, https:\/\/fcm.local\/wp-content\/uploads\/fcm-pres-libro-dios-diurno-krawietz-1024x708.jpg 1024w\" sizes=\"(max-width: 2126px) 100vw, 2126px\" \/><\/figure>\n<p>El martes, d\u00eda 18 de abril, se present\u00f3 en la sede de la Fundaci\u00f3n C\u00e9sar Manrique el libro titulado <em>Para un dios diurno<\/em>, de Alejandro Krawietz, licenciado en Filolog\u00eda Hisp\u00e1nica. El autor ha publicado 3 libros de poes\u00eda anteriores a \u00e9ste y ha desarrollado una continuada labor como cr\u00edtico en los campos de la literatura, el arte y el cine. El libro, <em>Para un dios diurno<\/em>, constituye una recopilaci\u00f3n de su obra po\u00e9tica a la que se a\u00f1ade un \u00faltimo poemario in\u00e9dito. Se incluye en la colecci\u00f3n C\u00e1mara Clara que dirige Miguel Martin\u00f3n, de Ediciones Idea. <a href=\"https:\/\/fcmanrique.org\/wp-content\/uploads\/fcm-pres-libro-dios-diurno-krawietz.jpg\"><img loading=\"lazy\" decoding=\"async\" src=\"https:\/\/fcmanrique.org\/wp-content\/uploads\/fcm-pres-libro-dios-diurno-krawietz.jpg\" alt=\"\" width=\"439\" height=\"303\"><\/a>Durante la presentaci\u00f3n, el autor confes\u00f3 que, a pesar de la desconfianza que tuvo en un primer momento, se sent\u00eda realmente contento e ilusionado con la publicaci\u00f3n de <em>Para un dios diurno<\/em>. Ley\u00f3 algunos poemas de <em>La mirada y las t\u00e1maras<\/em>, publicados durante su primera etapa como autor. A continuaci\u00f3n hizo una selecci\u00f3n y lectura de los poemas escritos durante su estancia en el norte de Francia como profesor de literatura en la Universidad de la Breta\u00f1a Occidental, publicados bajo el t\u00edtulo <em>En la orilla del aire<\/em> (Premio de Poes\u00eda Pedro Garc\u00eda Cabrera). Explicaba su relaci\u00f3n con otros poetas, colaboraciones con autores y artistas de su \u00e9poca, sus momentos creativos, su relaci\u00f3n con la orilla, con el mar, con la luz del d\u00eda y la cr\u00edtica personal a los cambios en el paisaje\u2026 Tambi\u00e9n ley\u00f3 la selecci\u00f3n de poemas que hab\u00edan sido publicados en <em>Memoria de la luz<\/em> (Premio Emeterio Guti\u00e9rrez Albelo), y algunos in\u00e9ditos hasta el momento, recogidos en su \u00faltimo trabajo, <em>Para un dios diurno<\/em>. Al final de su intervenci\u00f3n hubo un coloquio e intercambio de ideas con los asistentes. Nota de prensa Presentaci\u00f3n Libro de Alejandro Krawietz: <a href=\"https:\/\/fcmanrique.org\/wp-content\/uploads\/fcm-presentacion-libro-krawietz.pdf\" class=\"fcm-pdf-download-link\">fcm-presentacion-libro-krawietz<\/a><\/p>\n<p><a href=\"https:\/\/fcmanrique.org\/wp-content\/uploads\/fcm-presentacion-libro-krawietz.jpg\"><img loading=\"lazy\" decoding=\"async\" src=\"https:\/\/fcmanrique.org\/wp-content\/uploads\/fcm-presentacion-libro-krawietz.jpg\" alt=\"\" width=\"498\" height=\"331\"><\/a><\/p>","protected":false},"featured_media":4500,"parent":0,"template":"","meta":{"_acf_changed":false,"ngg_post_thumbnail":0,"footnotes":""},"actividad_tipo":[36],"actividad_lugar":[],"actividad_departamento":[],"actividad_ciclo":[],"class_list":["post-4498","fcm_actividad","type-fcm_actividad","status-publish","has-post-thumbnail","hentry","actividad_tipo-presentacion-libros"],"acf":[],"_links":{"self":[{"href":"https:\/\/ludiccc.ddns.net\/it\/wp-json\/wp\/v2\/fcm_actividad\/4498","targetHints":{"allow":["GET"]}}],"collection":[{"href":"https:\/\/ludiccc.ddns.net\/it\/wp-json\/wp\/v2\/fcm_actividad"}],"about":[{"href":"https:\/\/ludiccc.ddns.net\/it\/wp-json\/wp\/v2\/types\/fcm_actividad"}],"version-history":[{"count":8,"href":"https:\/\/ludiccc.ddns.net\/it\/wp-json\/wp\/v2\/fcm_actividad\/4498\/revisions"}],"predecessor-version":[{"id":26943,"href":"https:\/\/ludiccc.ddns.net\/it\/wp-json\/wp\/v2\/fcm_actividad\/4498\/revisions\/26943"}],"wp:featuredmedia":[{"embeddable":true,"href":"https:\/\/ludiccc.ddns.net\/it\/wp-json\/wp\/v2\/media\/4500"}],"wp:attachment":[{"href":"https:\/\/ludiccc.ddns.net\/it\/wp-json\/wp\/v2\/media?parent=4498"}],"wp:term":[{"taxonomy":"actividad_tipo","embeddable":true,"href":"https:\/\/ludiccc.ddns.net\/it\/wp-json\/wp\/v2\/actividad_tipo?post=4498"},{"taxonomy":"actividad_lugar","embeddable":true,"href":"https:\/\/ludiccc.ddns.net\/it\/wp-json\/wp\/v2\/actividad_lugar?post=4498"},{"taxonomy":"actividad_departamento","embeddable":true,"href":"https:\/\/ludiccc.ddns.net\/it\/wp-json\/wp\/v2\/actividad_departamento?post=4498"},{"taxonomy":"actividad_ciclo","embeddable":true,"href":"https:\/\/ludiccc.ddns.net\/it\/wp-json\/wp\/v2\/actividad_ciclo?post=4498"}],"curies":[{"name":"wp","href":"https:\/\/api.w.org\/{rel}","templated":true}]}}

Alejandro Krawietz presentó su libro &#8220;Para un dios diurno&#8221; compartiendo la lectura de algunos de sus poemas con el público

<figure class="wp-block-image size-full"><img fetchpriority="high" width="2126" height="1470" src="https://fcm.local/wp-content/uploads/fcm-pres-libro-dios-diurno-krawietz.jpg" class="wp-image-4500" alt="Alejandro Krawietz presentó su libro Para un dios diurno compartiendo la lectura de algunos de sus poemas con el público" loading="eager" decoding="async" srcset="https://fcm.local/wp-content/uploads/fcm-pres-libro-dios-diurno-krawietz.jpg 2126w, https://fcm.local/wp-content/uploads/fcm-pres-libro-dios-diurno-krawietz-300x207.jpg 300w, https://fcm.local/wp-content/uploads/fcm-pres-libro-dios-diurno-krawietz-768x531.jpg 768w, https://fcm.local/wp-content/uploads/fcm-pres-libro-dios-diurno-krawietz-1024x708.jpg 1024w" sizes="(max-width: 2126px) 100vw, 2126px" /></figure>
<p>El martes, día 18 de abril, se presentó en la sede de la Fundación César Manrique el libro titulado <em>Para un dios diurno</em>, de Alejandro Krawietz, licenciado en Filología Hispánica. El autor ha publicado 3 libros de poesía anteriores a éste y ha desarrollado una continuada labor como crítico en los campos de la literatura, el arte y el cine. El libro, <em>Para un dios diurno</em>, constituye una recopilación de su obra poética a la que se añade un último poemario inédito. Se incluye en la colección Cámara Clara que dirige Miguel Martinón, de Ediciones Idea. <a href="https://fcmanrique.org/wp-content/uploads/fcm-pres-libro-dios-diurno-krawietz.jpg"><img loading="lazy" decoding="async" src="https://fcmanrique.org/wp-content/uploads/fcm-pres-libro-dios-diurno-krawietz.jpg" alt="" width="439" height="303"></a>Durante la presentación, el autor confesó que, a pesar de la desconfianza que tuvo en un primer momento, se sentía realmente contento e ilusionado con la publicación de <em>Para un dios diurno</em>. Leyó algunos poemas de <em>La mirada y las támaras</em>, publicados durante su primera etapa como autor. A continuación hizo una selección y lectura de los poemas escritos durante su estancia en el norte de Francia como profesor de literatura en la Universidad de la Bretaña Occidental, publicados bajo el título <em>En la orilla del aire</em> (Premio de Poesía Pedro García Cabrera). Explicaba su relación con otros poetas, colaboraciones con autores y artistas de su época, sus momentos creativos, su relación con la orilla, con el mar, con la luz del día y la crítica personal a los cambios en el paisaje… También leyó la selección de poemas que habían sido publicados en <em>Memoria de la luz</em> (Premio Emeterio Gutiérrez Albelo), y algunos inéditos hasta el momento, recogidos en su último trabajo, <em>Para un dios diurno</em>. Al final de su intervención hubo un coloquio e intercambio de ideas con los asistentes. Nota de prensa Presentación Libro de Alejandro Krawietz: <a href="https://fcmanrique.org/wp-content/uploads/fcm-presentacion-libro-krawietz.pdf" class="fcm-pdf-download-link">fcm-presentacion-libro-krawietz</a></p>
<p><a href="https://fcmanrique.org/wp-content/uploads/fcm-presentacion-libro-krawietz.jpg"><img loading="lazy" decoding="async" src="https://fcmanrique.org/wp-content/uploads/fcm-presentacion-libro-krawietz.jpg" alt="" width="498" height="331"></a></p>
