{"id":3529,"date":"2014-10-20T00:00:00","date_gmt":"2014-10-20T00:00:00","guid":{"rendered":"https:\/\/fcmanrique.org\/2014\/10\/20\/colaboracion-de-la-fcm-con-el-libro-mira-el-mundo-comprendete-en-tu-mundo\/?lang=es"},"modified":"2026-04-23T23:19:18","modified_gmt":"2026-04-23T23:19:18","slug":"colaboracion-de-la-fcm-con-el-libro-mira-el-mundo-comprendete-en-tu-mundo","status":"publish","type":"fcm_actividad","link":"https:\/\/ludiccc.ddns.net\/it\/fcm-actividad\/colaboracion-de-la-fcm-con-el-libro-mira-el-mundo-comprendete-en-tu-mundo\/","title":{"rendered":"Colaboraci\u00f3n de la FCM con el libro <em>Mira el mundo, compr\u00e9ndete en tu mundo<\/em>"},"content":{"rendered":"<figure class=\"wp-block-image size-full\"><img fetchpriority=\"high\" width=\"640\" height=\"668\" src=\"https:\/\/fcm.local\/wp-content\/uploads\/54479023portada_640.jpg\" class=\"wp-image-3530\" alt=\"Colaboraci\u00f3n de la FCM con el libro Mira el mundo, compr\u00e9ndete en tu mundo\" loading=\"eager\" decoding=\"async\" srcset=\"https:\/\/fcm.local\/wp-content\/uploads\/54479023portada_640.jpg 640w, https:\/\/fcm.local\/wp-content\/uploads\/54479023portada_640-287x300.jpg 287w\" sizes=\"(max-width: 640px) 100vw, 640px\" \/><\/figure>\n<p>Colaboraci\u00f3n de la Fundaci\u00f3n C\u00e9sar Manrique (FCM) con el libro <em>Mira el mundo, compr\u00e9ndete en tu mundo. Educaci\u00f3n ambiental, inteligencia espiritual y naturaleza<\/em>, de los autores Fernando Echarri y Jordi Puig, editado por Publicaciones Calle Mayor.<\/p>\n<p>Adem\u00e1s de la FCM, tambi\u00e9n han sido colaboradores con la publicaci\u00f3n la Universidad de Navarra, la Fundaci\u00f3n F\u00e9lix Rodr\u00edguez de la Fuente, la C\u00e1tedra de \u00e9tica ambiental de la Universidad de Alcal\u00e1 &#8211; Fundaci\u00f3n Tatiana P\u00e9rez de Guzm\u00e1n el Bueno y la Asociaci\u00f3n Espa\u00f1ola de Educaci\u00f3n Ambiental. <\/p>\n<p>Dirigido a la poblaci\u00f3n escolar, aborda el tema de la educaci\u00f3n ambiental y de la inteligencia espiritual, partiendo de la premisa de que las zonas del mundo que mantienen valores espirituales est\u00e1n mejor conservadas que las que los han perdido. Se apoya en im\u00e1genes de la naturaleza potencialmente significativas que buscan, por un lado, recuperar el sentido del asombro y, por otro, lanzar preguntas que los lectores tienen que intentar responder. Interrogantes como \u201c\u00bfPor qu\u00e9 un incendio nos produce tristeza?\u201d o \u201c\u00bfPor qu\u00e9 nos sentimos en armon\u00eda, en paz, cuando observamos el arco iris?\u201d o \u201c\u00bfQu\u00e9 relaci\u00f3n tienen los \u00e1rboles con el suelo y con el agua?\u201d, son algunos ejemplos. Adem\u00e1s, pretende ense\u00f1ar a \u201cVER\u201d nuestro mundo y fomentar la competencia \u201caprender a pensar\u201d. Las ilustraciones son de Almudena Redondo. La publicaci\u00f3n incluye una fotograf\u00eda de un paisaje volc\u00e1nico de Lanzarote y comienza con una cita de C\u00e9sar Manrique: \u201cHay un fen\u00f3meno que tenemos la obligaci\u00f3n de difundir, que es, sencillamente, ense\u00f1ar a VER\u201d. Aporta, adem\u00e1s, una direcci\u00f3n para los profesores interesados en los materiales:<\/p>\n<p><a href=\"http:\/\/callemayor.es\/documentos\/mira-el-mundo\/player.html\">http:\/\/callemayor.es\/documentos\/mira-el-mundo\/player.html<\/a><\/p>\n\n<div> <\/div>","protected":false},"featured_media":3530,"parent":0,"template":"","meta":{"_acf_changed":false,"ngg_post_thumbnail":0,"footnotes":""},"actividad_tipo":[37],"actividad_lugar":[],"actividad_departamento":[],"actividad_ciclo":[],"class_list":["post-3529","fcm_actividad","type-fcm_actividad","status-publish","has-post-thumbnail","hentry","actividad_tipo-otras-actividades"],"acf":[],"_links":{"self":[{"href":"https:\/\/ludiccc.ddns.net\/it\/wp-json\/wp\/v2\/fcm_actividad\/3529","targetHints":{"allow":["GET"]}}],"collection":[{"href":"https:\/\/ludiccc.ddns.net\/it\/wp-json\/wp\/v2\/fcm_actividad"}],"about":[{"href":"https:\/\/ludiccc.ddns.net\/it\/wp-json\/wp\/v2\/types\/fcm_actividad"}],"version-history":[{"count":5,"href":"https:\/\/ludiccc.ddns.net\/it\/wp-json\/wp\/v2\/fcm_actividad\/3529\/revisions"}],"predecessor-version":[{"id":26911,"href":"https:\/\/ludiccc.ddns.net\/it\/wp-json\/wp\/v2\/fcm_actividad\/3529\/revisions\/26911"}],"wp:featuredmedia":[{"embeddable":true,"href":"https:\/\/ludiccc.ddns.net\/it\/wp-json\/wp\/v2\/media\/3530"}],"wp:attachment":[{"href":"https:\/\/ludiccc.ddns.net\/it\/wp-json\/wp\/v2\/media?parent=3529"}],"wp:term":[{"taxonomy":"actividad_tipo","embeddable":true,"href":"https:\/\/ludiccc.ddns.net\/it\/wp-json\/wp\/v2\/actividad_tipo?post=3529"},{"taxonomy":"actividad_lugar","embeddable":true,"href":"https:\/\/ludiccc.ddns.net\/it\/wp-json\/wp\/v2\/actividad_lugar?post=3529"},{"taxonomy":"actividad_departamento","embeddable":true,"href":"https:\/\/ludiccc.ddns.net\/it\/wp-json\/wp\/v2\/actividad_departamento?post=3529"},{"taxonomy":"actividad_ciclo","embeddable":true,"href":"https:\/\/ludiccc.ddns.net\/it\/wp-json\/wp\/v2\/actividad_ciclo?post=3529"}],"curies":[{"name":"wp","href":"https:\/\/api.w.org\/{rel}","templated":true}]}}

Colaboración de la FCM con el libro <em>Mira el mundo, compréndete en tu mundo</em>

<figure class="wp-block-image size-full"><img fetchpriority="high" width="640" height="668" src="https://fcm.local/wp-content/uploads/54479023portada_640.jpg" class="wp-image-3530" alt="Colaboración de la FCM con el libro Mira el mundo, compréndete en tu mundo" loading="eager" decoding="async" srcset="https://fcm.local/wp-content/uploads/54479023portada_640.jpg 640w, https://fcm.local/wp-content/uploads/54479023portada_640-287x300.jpg 287w" sizes="(max-width: 640px) 100vw, 640px" /></figure>
<p>Colaboración de la Fundación César Manrique (FCM) con el libro <em>Mira el mundo, compréndete en tu mundo. Educación ambiental, inteligencia espiritual y naturaleza</em>, de los autores Fernando Echarri y Jordi Puig, editado por Publicaciones Calle Mayor.</p>
<p>Además de la FCM, también han sido colaboradores con la publicación la Universidad de Navarra, la Fundación Félix Rodríguez de la Fuente, la Cátedra de ética ambiental de la Universidad de Alcalá &#8211; Fundación Tatiana Pérez de Guzmán el Bueno y la Asociación Española de Educación Ambiental. </p>
<p>Dirigido a la población escolar, aborda el tema de la educación ambiental y de la inteligencia espiritual, partiendo de la premisa de que las zonas del mundo que mantienen valores espirituales están mejor conservadas que las que los han perdido. Se apoya en imágenes de la naturaleza potencialmente significativas que buscan, por un lado, recuperar el sentido del asombro y, por otro, lanzar preguntas que los lectores tienen que intentar responder. Interrogantes como “¿Por qué un incendio nos produce tristeza?” o “¿Por qué nos sentimos en armonía, en paz, cuando observamos el arco iris?” o “¿Qué relación tienen los árboles con el suelo y con el agua?”, son algunos ejemplos. Además, pretende enseñar a “VER” nuestro mundo y fomentar la competencia “aprender a pensar”. Las ilustraciones son de Almudena Redondo. La publicación incluye una fotografía de un paisaje volcánico de Lanzarote y comienza con una cita de César Manrique: “Hay un fenómeno que tenemos la obligación de difundir, que es, sencillamente, enseñar a VER”. Aporta, además, una dirección para los profesores interesados en los materiales:</p>
<p><a href="http://callemayor.es/documentos/mira-el-mundo/player.html">http://callemayor.es/documentos/mira-el-mundo/player.html</a></p>

<div> </div>
