{"id":25919,"date":"2024-09-27T11:55:00","date_gmt":"2024-09-27T11:55:00","guid":{"rendered":"https:\/\/fcmanrique.org\/?post_type=fcm_actividad&#038;p=25919"},"modified":"2026-04-23T23:19:20","modified_gmt":"2026-04-23T23:19:20","slug":"lusarreta-espero-que-este-libro-sirva-para-sacar-a-antonio-alvarez-de-la-zona-de-sombra-en-la-historia-de-esta-isla","status":"publish","type":"fcm_actividad","link":"https:\/\/ludiccc.ddns.net\/it\/fcm-actividad\/lusarreta-espero-que-este-libro-sirva-para-sacar-a-antonio-alvarez-de-la-zona-de-sombra-en-la-historia-de-esta-isla\/","title":{"rendered":"Isabel Lusarreta: \u00abEspero que este libro sirva para sacar a Antonio \u00c1lvarez de la zona de sombra en la historia de esta isla\u00bb"},"content":{"rendered":"<figure class=\"wp-block-image size-full\"><img fetchpriority=\"high\" width=\"394\" height=\"335\" src=\"https:\/\/fcm.local\/wp-content\/uploads\/fc-manrique-actividad-isabel-lusarretaa.jpg\" class=\"wp-image-25943\" alt=\"Isabel Lusarreta: \u00abEspero que este libro sirva para sacar a Antonio \u00c1lvarez de la zona de sombra en la historia de esta isla\u00bb\" loading=\"eager\" decoding=\"async\" srcset=\"https:\/\/fcm.local\/wp-content\/uploads\/fc-manrique-actividad-isabel-lusarretaa.jpg 394w, https:\/\/fcm.local\/wp-content\/uploads\/fc-manrique-actividad-isabel-lusarretaa-300x255.jpg 300w, https:\/\/fcm.local\/wp-content\/uploads\/fc-manrique-actividad-isabel-lusarretaa-289x246.jpg 289w\" sizes=\"(max-width: 394px) 100vw, 394px\" \/><\/figure>\n<p>En las primeras fases de su investigaci\u00f3n para la escritura del libro, a <strong>Isabel Lusarreta<\/strong>, autora de <strong><em><a href=\"https:\/\/fcmanrique.org\/fcm-publicacion\/antonio-alvarez-la-mano-izquierda-de-pepin-ramirez\/\" target=\"_blank\" rel=\"noopener\">Antonio \u00c1lvarez. La mano izquierda de Pep\u00edn Ram\u00edrez<\/a><\/em><\/strong>, el nuevo volumen de la colecci\u00f3n Islas de Memoria, le persegu\u00eda esta frase, que le repet\u00edan muchos de los entrevistados: \u201cAntonio \u00c1lvarez no ha sido un hombre suficientemente reconocido\u201d. \u201cEra un est\u00edmulo enorme escuchar aquella frase porque significaba que por fin llegaba su momento y adem\u00e1s iba a poder contribuir a sacarlo de esa zona de sombra\u201d, se\u00f1al\u00f3 la periodista en la presentaci\u00f3n del libro en la sala Jos\u00e9 Saramago, el d\u00eda 26 de septiembre, junto a los periodistas <strong>Soraya Morales<\/strong> y <strong>Sa\u00fal Garc\u00eda<\/strong>. \u201cPero a la vez era un reto porque significaba que pr\u00e1cticamente no hab\u00eda nada sobre \u00e9l escrito\u201d.<\/p>\n<figure class=\"wp-block-image alignnone\"><a href=\"https:\/\/fcmanrique.org\/wp-content\/uploads\/fcmanrique-presentacion-libro-antonio-alvarez-isabel-lusarreta1.jpg\"><img loading=\"lazy\" decoding=\"async\" src=\"https:\/\/fcmanrique.org\/wp-content\/uploads\/fcmanrique-presentacion-libro-antonio-alvarez-isabel-lusarreta1.jpg\" alt=\"\" width=\"920\" height=\"613\"><\/a><figcaption class=\"wp-element-caption\">Sa\u00fal Garc\u00eda, Isabel Lusarreta y Soraya Morales<\/figcaption><\/figure>\n<p>La autora comenz\u00f3 narrando la vida \u201cde novela tr\u00e1gica\u201d de \u00c1lvarez, que fue vicepresidente del Cabildo durante trece a\u00f1os, pero que lleg\u00f3 por obligaci\u00f3n a Lanzarote para poder seguir con su oficio de telegrafista. Lo hizo en 1940, con 30 a\u00f1os, represaliado por el r\u00e9gimen de Franco porque hab\u00eda pertenecido a la CNT y a Izquierda Republicana y despu\u00e9s de la Guerra Civil, en la que particip\u00f3 en los dos bandos, y tras una infancia marcada por la p\u00e9rdida de su padre y varias hermanas por culpa de la tuberculosis. Lusarreta cont\u00f3 los tres momentos que le marcaron cuando preparaba el libro: la primera entrevista, que fue al hijo mayor de Antonio, quien le transmiti\u00f3 \u201cel entusiasmo y el cari\u00f1o por el personaje\u201d, la primera visita a la casa familiar con su hija Marisol y \u201ccuando aparecieron los diarios\u201d. \u00c1lvarez escribi\u00f3 diarios durante la Guerra, \u201cuna l\u00ednea inagotable para el proceso de documentaci\u00f3n\u201d. Eran de peque\u00f1o tama\u00f1o, pero de gran valor y con apuntes telegr\u00e1ficos sobre c\u00f3mo se sent\u00eda, los cuales la autora ha incorporado al libro. Dos ejemplos: \u201cGranollers. Llueve y tengo tristeza\u201d o \u201cEsto es eterno y creo que ser\u00e1 toda mi vida\u201d. \u201cLo que justifica este libro es lo que ocurri\u00f3 en la isla en los a\u00f1os sesenta, cuando Antonio \u00c1lvarez fue vicepresidente del Cabildo\u201d, se\u00f1al\u00f3 Lusarreta, pero tambi\u00e9n se narra en esta obra el contexto de la posguerra, en el que se incluyen otras depuraciones y personas que sufrieron los rigores de la dictadura que \u201cayudan a entender la forma de ser de Antonio \u00c1lvarez\u201d. \u201cEso explica muchos de sus silencios, de sus miedos, de sus recelos, en definitiva, mucho de su personalidad\u201d. \u201c\u00bfC\u00f3mo llega un represaliado a convertirse en vicepresidente del Cabildo, a manejar sus presupuestos\u201d?, pregunt\u00f3 Soraya Morales. \u201cSigo sin explicarme lo que acabas de plantear\u201d, contest\u00f3 Lusarreta.<\/p>\n<figure class=\"wp-block-image alignnone\"><a href=\"https:\/\/fcmanrique.org\/wp-content\/uploads\/fcmanrique-presentacion-libro-antonio-alvarez-isabel-lusarreta2.jpg\"><img loading=\"lazy\" decoding=\"async\" src=\"https:\/\/fcmanrique.org\/wp-content\/uploads\/fcmanrique-presentacion-libro-antonio-alvarez-isabel-lusarreta2.jpg\" alt=\"\" width=\"920\" height=\"613\"><\/a><figcaption class=\"wp-element-caption\">Isabel Lusarreta<\/figcaption><\/figure>\n<p>Otro contexto, u otro espacio que aparece en el libro es la farmacia Matallana, en la Calle Real, donde \u00c1lvarez encuentra varias cosas: un trabajo como contable, que complementa el sueldo de Tel\u00e9grafos, una tertulia y una esposa, Lila Matallana, hija del farmac\u00e9utico. Tambi\u00e9n conoce all\u00ed a Pep\u00edn Ram\u00edrez, que lo reclama como vicepresidente un a\u00f1o despu\u00e9s de su llegada a la instituci\u00f3n. \u00c1lvarez fue para Ram\u00edrez un apoyo fundamental en sus deliberaciones y en sus decisiones y ambos se atrevieron a denunciar la corrupci\u00f3n instalada en el Cabildo, que acab\u00f3 con condenas de c\u00e1rcel para el interventor y el depositario. \u201cLos dos forjaron una relaci\u00f3n muy fuerte, eran hombres serios, rectos, cultos, formados, con muchas inquietudes en com\u00fan, muy familiares tambi\u00e9n y poco dados a los eventos sociales, t\u00edmidos los dos, aunque a Antonio se le notara menos, y era el que se encargaba de hablar, de dar los discursos del Cabildo\u201d, explic\u00f3 la autora. La denuncia fue sonada. \u201cNo es ya s\u00f3lo que estuvieran denunciando a un conocido, es que era familia, yo creo que eso es ser honesto. En casos de corrupci\u00f3n hay un denominador com\u00fan y es que nadie ataca a los suyos, y esa fue la gran diferencia que marcaron ellos. Porque al final, era el dinero de todos y Lanzarote lo necesitaba, era indispensable\u201d, dijo Lusarreta. \u00c1lvarez estuvo al frente de \u00e1reas como Hacienda o Turismo, que fueron \u201cel motor de todo\u201d, pero tambi\u00e9n de Educaci\u00f3n y en la Comisi\u00f3n de Obras P\u00fablicas. \u201cLe da mucha importancia a la educaci\u00f3n p\u00fablica y a mejorar las infraestructuras educativas y hablaba de la necesidad de construir viviendas sociales\u201d. Y adem\u00e1s ten\u00eda otro papel menos conocido: \u201cEra un fiel guardi\u00e1n de los dise\u00f1os de C\u00e9sar\u201d. Estaba a pie de obra, muy pendiente de cada detalle de las instrucciones para que, cuando C\u00e9sar se ausentaba, se respetara cada particularidad. Muchos lo definieron como \u201cla mano que mov\u00eda todas las cosas, el ejecutor, el hombre de batalla, el que afianzaba las ideas y los proyectos\u201d. El d\u00eda que muri\u00f3, C\u00e9sar Manrique hizo esta anotaci\u00f3n en su diario: \u201cHa muerto mi gran amigo y colaborador en el nacimiento de Lanzarote\u201d.<\/p>\n<figure class=\"wp-block-image alignnone\"><a href=\"https:\/\/fcmanrique.org\/wp-content\/uploads\/fcmanrique-presentacion-libro-antonio-alvarez-isabel-lusarreta3.jpg\"><img loading=\"lazy\" decoding=\"async\" src=\"https:\/\/fcmanrique.org\/wp-content\/uploads\/fcmanrique-presentacion-libro-antonio-alvarez-isabel-lusarreta3.jpg\" alt=\"\" width=\"920\" height=\"613\"><\/a><figcaption class=\"wp-element-caption\">Isabel Lusarreta con los hijos de Antonio \u00c1lvarez<\/figcaption><\/figure>\n<p>Para muchos era o sigue siendo Antonio el telegrafista. Tambi\u00e9n fue responsable de la Radio Costera, que le ayud\u00f3 a tomar el pulso a la sociedad lanzarote\u00f1a, \u201ca esa sociedad pobre y ese mundo de pescadores\u201d. Al final de su vida, con setenta a\u00f1os, particip\u00f3 adem\u00e1s en las reuniones de la primera asociaci\u00f3n ecologista que hubo en la isla, junto a personas mucho m\u00e1s j\u00f3venes que \u00e9l. Lusarreta finaliz\u00f3 explicando que el t\u00edtulo \u201csurgi\u00f3 solo\u201d. \u201cTen\u00eda claro que hab\u00eda sido la mano derecha de Pep\u00edn Ram\u00edrez, pero al ir a escribirlo me sali\u00f3 a\u00f1adir: o quiz\u00e1 la izquierda\u201d. No solo era un hombre de izquierdas, un dem\u00f3crata convencido, sino que aglutinaba bastante bien a distintos sectores y cuando hab\u00eda un tema pol\u00e9mico de debate en el pleno, sol\u00eda mediar. \u201cVamos, que ten\u00eda mano izquierda\u201d. El final de la intervenci\u00f3n se centr\u00f3 en la necesidad de que sea reconocido su papel institucionalmente. \u201cEs un personaje entra\u00f1able y ha sido muy injusto este olvido\u201d. Era un gran admirador de Manuel Aza\u00f1a y Lusarreta quiso terminar con una frase del que fuera presidente de la Rep\u00fablica, que dec\u00eda que en Espa\u00f1a la mejor manera de guardar un secreto es escribir un libro. \u201cEspero que con este libro no pase lo mismo y que sirva para sacar a Antonio \u00c1lvarez de esa zona de sombra y ocupe el lugar que le corresponde en la historia de esta isla\u201d. <a href=\"https:\/\/fcmanrique.org\/wp-content\/uploads\/fc-manrique-invitacion-presentacion-libro-antonio-alvarez-OK-F.jpg\"><img loading=\"lazy\" decoding=\"async\" src=\"https:\/\/fcmanrique.org\/wp-content\/uploads\/fc-manrique-invitacion-presentacion-libro-antonio-alvarez-OK-F.jpg\" alt=\"\" width=\"1200\" height=\"1200\"><\/a><\/p>\n<p><strong>M\u00e1s informaci\u00f3n: <\/strong><a href=\"https:\/\/fcmanrique.org\/presentacion-del-libro-antonio-alvarez-la-mano-izquierda-de-pepin-ramirez-de-isabel-lusarreta-ruiz\/\" target=\"_blank\" rel=\"noopener\">Nota de prensa<\/a><\/p>","protected":false},"featured_media":25943,"parent":0,"template":"","meta":{"_acf_changed":false,"ngg_post_thumbnail":0,"footnotes":""},"actividad_tipo":[36],"actividad_lugar":[49],"actividad_departamento":[],"actividad_ciclo":[],"class_list":["post-25919","fcm_actividad","type-fcm_actividad","status-publish","has-post-thumbnail","hentry","actividad_tipo-presentacion-libros","actividad_lugar-lugar-sala-saramago"],"acf":[],"_links":{"self":[{"href":"https:\/\/ludiccc.ddns.net\/it\/wp-json\/wp\/v2\/fcm_actividad\/25919","targetHints":{"allow":["GET"]}}],"collection":[{"href":"https:\/\/ludiccc.ddns.net\/it\/wp-json\/wp\/v2\/fcm_actividad"}],"about":[{"href":"https:\/\/ludiccc.ddns.net\/it\/wp-json\/wp\/v2\/types\/fcm_actividad"}],"version-history":[{"count":14,"href":"https:\/\/ludiccc.ddns.net\/it\/wp-json\/wp\/v2\/fcm_actividad\/25919\/revisions"}],"predecessor-version":[{"id":26998,"href":"https:\/\/ludiccc.ddns.net\/it\/wp-json\/wp\/v2\/fcm_actividad\/25919\/revisions\/26998"}],"wp:featuredmedia":[{"embeddable":true,"href":"https:\/\/ludiccc.ddns.net\/it\/wp-json\/wp\/v2\/media\/25943"}],"wp:attachment":[{"href":"https:\/\/ludiccc.ddns.net\/it\/wp-json\/wp\/v2\/media?parent=25919"}],"wp:term":[{"taxonomy":"actividad_tipo","embeddable":true,"href":"https:\/\/ludiccc.ddns.net\/it\/wp-json\/wp\/v2\/actividad_tipo?post=25919"},{"taxonomy":"actividad_lugar","embeddable":true,"href":"https:\/\/ludiccc.ddns.net\/it\/wp-json\/wp\/v2\/actividad_lugar?post=25919"},{"taxonomy":"actividad_departamento","embeddable":true,"href":"https:\/\/ludiccc.ddns.net\/it\/wp-json\/wp\/v2\/actividad_departamento?post=25919"},{"taxonomy":"actividad_ciclo","embeddable":true,"href":"https:\/\/ludiccc.ddns.net\/it\/wp-json\/wp\/v2\/actividad_ciclo?post=25919"}],"curies":[{"name":"wp","href":"https:\/\/api.w.org\/{rel}","templated":true}]}}

Isabel Lusarreta: «Espero que este libro sirva para sacar a Antonio Álvarez de la zona de sombra en la historia de esta isla»

<figure class="wp-block-image size-full"><img fetchpriority="high" width="394" height="335" src="https://fcm.local/wp-content/uploads/fc-manrique-actividad-isabel-lusarretaa.jpg" class="wp-image-25943" alt="Isabel Lusarreta: «Espero que este libro sirva para sacar a Antonio Álvarez de la zona de sombra en la historia de esta isla»" loading="eager" decoding="async" srcset="https://fcm.local/wp-content/uploads/fc-manrique-actividad-isabel-lusarretaa.jpg 394w, https://fcm.local/wp-content/uploads/fc-manrique-actividad-isabel-lusarretaa-300x255.jpg 300w, https://fcm.local/wp-content/uploads/fc-manrique-actividad-isabel-lusarretaa-289x246.jpg 289w" sizes="(max-width: 394px) 100vw, 394px" /></figure>
<p>En las primeras fases de su investigación para la escritura del libro, a <strong>Isabel Lusarreta</strong>, autora de <strong><em><a href="https://fcmanrique.org/fcm-publicacion/antonio-alvarez-la-mano-izquierda-de-pepin-ramirez/" target="_blank" rel="noopener">Antonio Álvarez. La mano izquierda de Pepín Ramírez</a></em></strong>, el nuevo volumen de la colección Islas de Memoria, le perseguía esta frase, que le repetían muchos de los entrevistados: “Antonio Álvarez no ha sido un hombre suficientemente reconocido”. “Era un estímulo enorme escuchar aquella frase porque significaba que por fin llegaba su momento y además iba a poder contribuir a sacarlo de esa zona de sombra”, señaló la periodista en la presentación del libro en la sala José Saramago, el día 26 de septiembre, junto a los periodistas <strong>Soraya Morales</strong> y <strong>Saúl García</strong>. “Pero a la vez era un reto porque significaba que prácticamente no había nada sobre él escrito”.</p>
<figure class="wp-block-image alignnone"><a href="https://fcmanrique.org/wp-content/uploads/fcmanrique-presentacion-libro-antonio-alvarez-isabel-lusarreta1.jpg"><img loading="lazy" decoding="async" src="https://fcmanrique.org/wp-content/uploads/fcmanrique-presentacion-libro-antonio-alvarez-isabel-lusarreta1.jpg" alt="" width="920" height="613"></a><figcaption class="wp-element-caption">Saúl García, Isabel Lusarreta y Soraya Morales</figcaption></figure>
<p>La autora comenzó narrando la vida “de novela trágica” de Álvarez, que fue vicepresidente del Cabildo durante trece años, pero que llegó por obligación a Lanzarote para poder seguir con su oficio de telegrafista. Lo hizo en 1940, con 30 años, represaliado por el régimen de Franco porque había pertenecido a la CNT y a Izquierda Republicana y después de la Guerra Civil, en la que participó en los dos bandos, y tras una infancia marcada por la pérdida de su padre y varias hermanas por culpa de la tuberculosis. Lusarreta contó los tres momentos que le marcaron cuando preparaba el libro: la primera entrevista, que fue al hijo mayor de Antonio, quien le transmitió “el entusiasmo y el cariño por el personaje”, la primera visita a la casa familiar con su hija Marisol y “cuando aparecieron los diarios”. Álvarez escribió diarios durante la Guerra, “una línea inagotable para el proceso de documentación”. Eran de pequeño tamaño, pero de gran valor y con apuntes telegráficos sobre cómo se sentía, los cuales la autora ha incorporado al libro. Dos ejemplos: “Granollers. Llueve y tengo tristeza” o “Esto es eterno y creo que será toda mi vida”. “Lo que justifica este libro es lo que ocurrió en la isla en los años sesenta, cuando Antonio Álvarez fue vicepresidente del Cabildo”, señaló Lusarreta, pero también se narra en esta obra el contexto de la posguerra, en el que se incluyen otras depuraciones y personas que sufrieron los rigores de la dictadura que “ayudan a entender la forma de ser de Antonio Álvarez”. “Eso explica muchos de sus silencios, de sus miedos, de sus recelos, en definitiva, mucho de su personalidad”. “¿Cómo llega un represaliado a convertirse en vicepresidente del Cabildo, a manejar sus presupuestos”?, preguntó Soraya Morales. “Sigo sin explicarme lo que acabas de plantear”, contestó Lusarreta.</p>
<figure class="wp-block-image alignnone"><a href="https://fcmanrique.org/wp-content/uploads/fcmanrique-presentacion-libro-antonio-alvarez-isabel-lusarreta2.jpg"><img loading="lazy" decoding="async" src="https://fcmanrique.org/wp-content/uploads/fcmanrique-presentacion-libro-antonio-alvarez-isabel-lusarreta2.jpg" alt="" width="920" height="613"></a><figcaption class="wp-element-caption">Isabel Lusarreta</figcaption></figure>
<p>Otro contexto, u otro espacio que aparece en el libro es la farmacia Matallana, en la Calle Real, donde Álvarez encuentra varias cosas: un trabajo como contable, que complementa el sueldo de Telégrafos, una tertulia y una esposa, Lila Matallana, hija del farmacéutico. También conoce allí a Pepín Ramírez, que lo reclama como vicepresidente un año después de su llegada a la institución. Álvarez fue para Ramírez un apoyo fundamental en sus deliberaciones y en sus decisiones y ambos se atrevieron a denunciar la corrupción instalada en el Cabildo, que acabó con condenas de cárcel para el interventor y el depositario. “Los dos forjaron una relación muy fuerte, eran hombres serios, rectos, cultos, formados, con muchas inquietudes en común, muy familiares también y poco dados a los eventos sociales, tímidos los dos, aunque a Antonio se le notara menos, y era el que se encargaba de hablar, de dar los discursos del Cabildo”, explicó la autora. La denuncia fue sonada. “No es ya sólo que estuvieran denunciando a un conocido, es que era familia, yo creo que eso es ser honesto. En casos de corrupción hay un denominador común y es que nadie ataca a los suyos, y esa fue la gran diferencia que marcaron ellos. Porque al final, era el dinero de todos y Lanzarote lo necesitaba, era indispensable”, dijo Lusarreta. Álvarez estuvo al frente de áreas como Hacienda o Turismo, que fueron “el motor de todo”, pero también de Educación y en la Comisión de Obras Públicas. “Le da mucha importancia a la educación pública y a mejorar las infraestructuras educativas y hablaba de la necesidad de construir viviendas sociales”. Y además tenía otro papel menos conocido: “Era un fiel guardián de los diseños de César”. Estaba a pie de obra, muy pendiente de cada detalle de las instrucciones para que, cuando César se ausentaba, se respetara cada particularidad. Muchos lo definieron como “la mano que movía todas las cosas, el ejecutor, el hombre de batalla, el que afianzaba las ideas y los proyectos”. El día que murió, César Manrique hizo esta anotación en su diario: “Ha muerto mi gran amigo y colaborador en el nacimiento de Lanzarote”.</p>
<figure class="wp-block-image alignnone"><a href="https://fcmanrique.org/wp-content/uploads/fcmanrique-presentacion-libro-antonio-alvarez-isabel-lusarreta3.jpg"><img loading="lazy" decoding="async" src="https://fcmanrique.org/wp-content/uploads/fcmanrique-presentacion-libro-antonio-alvarez-isabel-lusarreta3.jpg" alt="" width="920" height="613"></a><figcaption class="wp-element-caption">Isabel Lusarreta con los hijos de Antonio Álvarez</figcaption></figure>
<p>Para muchos era o sigue siendo Antonio el telegrafista. También fue responsable de la Radio Costera, que le ayudó a tomar el pulso a la sociedad lanzaroteña, “a esa sociedad pobre y ese mundo de pescadores”. Al final de su vida, con setenta años, participó además en las reuniones de la primera asociación ecologista que hubo en la isla, junto a personas mucho más jóvenes que él. Lusarreta finalizó explicando que el título “surgió solo”. “Tenía claro que había sido la mano derecha de Pepín Ramírez, pero al ir a escribirlo me salió añadir: o quizá la izquierda”. No solo era un hombre de izquierdas, un demócrata convencido, sino que aglutinaba bastante bien a distintos sectores y cuando había un tema polémico de debate en el pleno, solía mediar. “Vamos, que tenía mano izquierda”. El final de la intervención se centró en la necesidad de que sea reconocido su papel institucionalmente. “Es un personaje entrañable y ha sido muy injusto este olvido”. Era un gran admirador de Manuel Azaña y Lusarreta quiso terminar con una frase del que fuera presidente de la República, que decía que en España la mejor manera de guardar un secreto es escribir un libro. “Espero que con este libro no pase lo mismo y que sirva para sacar a Antonio Álvarez de esa zona de sombra y ocupe el lugar que le corresponde en la historia de esta isla”. <a href="https://fcmanrique.org/wp-content/uploads/fc-manrique-invitacion-presentacion-libro-antonio-alvarez-OK-F.jpg"><img loading="lazy" decoding="async" src="https://fcmanrique.org/wp-content/uploads/fc-manrique-invitacion-presentacion-libro-antonio-alvarez-OK-F.jpg" alt="" width="1200" height="1200"></a></p>
<p><strong>Más información: </strong><a href="https://fcmanrique.org/presentacion-del-libro-antonio-alvarez-la-mano-izquierda-de-pepin-ramirez-de-isabel-lusarreta-ruiz/" target="_blank" rel="noopener">Nota de prensa</a></p>
