{"id":25318,"date":"2024-05-10T13:45:01","date_gmt":"2024-05-10T13:45:01","guid":{"rendered":"https:\/\/fcmanrique.org\/?post_type=fcm_actividad&#038;p=25318"},"modified":"2026-04-23T23:19:29","modified_gmt":"2026-04-23T23:19:29","slug":"remedios-zafra-la-tecnologia-no-ha-conseguido-el-objetivo-de-darnos-mas-tiempo-para-nosotros","status":"publish","type":"fcm_actividad","link":"https:\/\/ludiccc.ddns.net\/it\/fcm-actividad\/remedios-zafra-la-tecnologia-no-ha-conseguido-el-objetivo-de-darnos-mas-tiempo-para-nosotros\/","title":{"rendered":"Remedios Zafra: \u00abLa tecnolog\u00eda no ha conseguido el objetivo de darnos m\u00e1s tiempo para nosotros\u00bb"},"content":{"rendered":"<figure class=\"wp-block-image size-full\"><img fetchpriority=\"high\" width=\"394\" height=\"335\" src=\"https:\/\/fcm.local\/wp-content\/uploads\/fc-manrique-actividad-remedios-zafra.jpg\" class=\"wp-image-25321\" alt=\"Remedios Zafra: \u00abLa tecnolog\u00eda no ha conseguido el objetivo de darnos m\u00e1s tiempo para nosotros\u00bb\" loading=\"eager\" decoding=\"async\" srcset=\"https:\/\/fcm.local\/wp-content\/uploads\/fc-manrique-actividad-remedios-zafra.jpg 394w, https:\/\/fcm.local\/wp-content\/uploads\/fc-manrique-actividad-remedios-zafra-300x255.jpg 300w, https:\/\/fcm.local\/wp-content\/uploads\/fc-manrique-actividad-remedios-zafra-289x246.jpg 289w\" sizes=\"(max-width: 394px) 100vw, 394px\" \/><\/figure>\n<p>\u201cPara una toma de conciencia planetaria necesitas escuchar a gente que vea con claridad lo que pasa\u201d. Por eso dice Remedos Zafra, escritora y ensayista, que C\u00e9sar Manrique forma parte de su vida en estos \u00faltimos a\u00f1os, gracias a las ense\u00f1anzas de amigos m\u00e1s j\u00f3venes. Hace a\u00f1os que Zafra reflexiona sobre el tiempo, el trabajo creativo o la deshumanizaci\u00f3n tecnol\u00f3gica. Lo ha hecho en su \u00faltimo libro, \u2018El informe. Trabajo intelectual y tristeza burocr\u00e1tica\u2019 (Anagrama) y lo hizo en la conferencia \u2018Razones para una escritura rebelde\u2019, que imparti\u00f3 en la sala Jos\u00e9 Saramago el 9 de mayo, dentro del Foro de reflexi\u00f3n \u2018Fronteras y direcciones del progreso\u2019. En ese libro habla de la transformaci\u00f3n de los trabajos creativos o intelectuales dentro de este \u201cmundo acelerado que habitamos\u201d dominado ya por el tecnocapitalismo en el que hasta el tiempo de descanso debe ser organizado por tareas, en el que el tiempo \u201climpio\u201d se convierte en tiempo \u201cenlatado\u201d. Se pregunt\u00f3 al inicio si no deber\u00edamos repensar lo que llamamos vida para no irnos con la sensaci\u00f3n de que \u201ccasi toda nuestra vida trabajamos y ya est\u00e1\u201d, que el tiempo se va. <a href=\"https:\/\/fcmanrique.org\/wp-content\/uploads\/fc-manrique-conferencia-remedios-zafra.jpg\"><img loading=\"lazy\" decoding=\"async\" src=\"https:\/\/fcmanrique.org\/wp-content\/uploads\/fc-manrique-conferencia-remedios-zafra.jpg\" alt=\"\" width=\"1380\" height=\"920\"><\/a> Como \u201cmet\u00e1fora de la vida contempor\u00e1nea\u201d expuso una obra de la artista Marta Azparren que refleja una rutina, una imagen que materializa la cadencia del bucle porque representa los movimientos de los trabajadores de una f\u00e1brica, que son casi los mismos movimientos. \u201cDesde que nuestros trabajos est\u00e1n mediados por m\u00e1quinas, se favorecen ciertas inercias\u201d, se\u00f1al\u00f3, \u201cpero lo que no se ha logrado es un mundo m\u00e1s igualitario\u201d. La tecnolog\u00eda, la mediaci\u00f3n por pantallas, en realidad no ha conseguido el objetivo de \u201cdarnos m\u00e1s tiempo para nosotros\u201d. Zafra record\u00f3 a Simone Weil, que defend\u00eda que una organizaci\u00f3n social es buena si avanza hacia la igualdad y mala si lo hace hacia la desigualdad, pero es odiosa si favorece los comportamientos estancos. Tambi\u00e9n record\u00f3 a C\u00e9sar Manrique por la importancia que tiene \u201cense\u00f1ar a ver\u201d, encontrar en un rayo, un extra\u00f1amiento que nos perturba, una revelaci\u00f3n que permite romper el bucle. \u201cSi los libros que leemos no nos perturban, para qu\u00e9 los leemos\u201d, dec\u00eda Kafka. Y sin embargo los trabajos creativos se est\u00e1n transformando hacia la rutina. Esa perturbaci\u00f3n o esa escritura rebelde nos permite decir s\u00ed y no a la vez. No a la deshumanizaci\u00f3n tecnol\u00f3gica, al esfuerzo por crear apariencia, al desafecto por tareas que no tienen que ver con su prop\u00f3sito como investigar, ense\u00f1ar o crear. Y s\u00ed al tiempo propio, a los cuidados o al planeta. Hay al menos tres razones para esa escritura rebelde. La primera es que la cultura est\u00e1 en lo que es dif\u00edcil de narrar, lo inefable. Propone hablar de la pr\u00e1ctica creativa desde la libertad y la motivaci\u00f3n, no olvidar cu\u00e1l es el objetivo por el que hacemos las cosas, recordar el amor por hacer las cosas con valor, su verdadero sentido. A diferencia del trabajo creativo, con muchos otros trabajos solo se logra el placer con el resoplido final. Zafra ha recogido testimonios de creadores porque es importante narrar c\u00f3mo hacen lo que hacen y no solo el resultado. Esos testimonios revelan pr\u00e1cticas como pagar con visibilidad de su obra, la presi\u00f3n de agradar o la competici\u00f3n constante. <a href=\"https:\/\/fcmanrique.org\/wp-content\/uploads\/fc-manrique-conferencia-remedios-zafra1.jpg\"><img loading=\"lazy\" decoding=\"async\" src=\"https:\/\/fcmanrique.org\/wp-content\/uploads\/fc-manrique-conferencia-remedios-zafra1.jpg\" alt=\"\" width=\"1380\" height=\"920\"><\/a> La segunda es que la transformaci\u00f3n tecnol\u00f3gica est\u00e1 motivada por fuerzas monetarias. El mundo cada vez m\u00e1s mediado por pantallas \u201cnos hace olvidar los cambios sobre los que se asienta la transformaci\u00f3n digital\u201d, que provoca la conversi\u00f3n del sujeto en un producto, que impulsa la precariedad de la apariencia frente al sentido, que no favorece la profundizaci\u00f3n y en el que hemos aceptado que lo m\u00e1s visto es lo m\u00e1s valioso. \u201cSi no hay tiempo para pensar no se puede profundizar ni generar pensamiento cr\u00edtico\u201d. En ese mundo se ha producido un giro antropol\u00f3gico en el que lo privado ya se ha convertido en p\u00fablico y estamos bajo escrutinio permanente. La profesi\u00f3n se eclipsa por la b\u00fasqueda de audiencia, el artista se convierte en una marca, se paga con visibilidad, se fusiona el tiempo de vida y de trabajo, se falsea la promesa de mayor disponibilidad de tiempo y las tareas m\u00e1s mec\u00e1nicas no las hacen las m\u00e1quinas, sino los trabajadores m\u00e1s precarios. Se ha pasado de una generaci\u00f3n educada en la penalizaci\u00f3n del descanso a llenar los tiempos limpios con actividades bajo paquetes tur\u00edsticos. En lugar de terror el vac\u00edo, hay terror al vago, al que intenta no hacer nada. La tercera es la crisis ecosocial planetaria. Si la vida se convierte en un concurso, los compa\u00f1eros son rivales. Zafra expone el v\u00ednculo necesario entre cultura y comunidad frente a esta crisis: la cultura como costura comunitaria. Cambiar esa sumisi\u00f3n \u201cimplica vernos entre nosotros\u201d. La sororidad y los cuidados aparecen como ejemplos para ese reto, dadas las similitudes entre el patriarcado y el tecnocapitalismo. Ambos hacen a los sujetos responsables de su subordinaci\u00f3n, autoexplotaci\u00f3n, rivalidad o aislamiento. En lugar del capital afectivo como pago aparece el capital simb\u00f3lico. \u201cNo se trata de resignarnos a tener un rato de descanso y volver a lo mismo, sino de renegociar los tiempos y que el planeta no sea un lugar de producci\u00f3n sino de cuidados\u201d. Salvar un concepto de la vida. \u201cSe trata de mirar al futuro\u201d, tener conciencia cr\u00edtica y construir una alternativa limpia, basada en la calidad de la vida porque, aludi\u00f3 a las palabras de C\u00e9sar Manrique \u201cel futuro nunca est\u00e1 conseguido\u201d. <a href=\"https:\/\/fcmanrique.org\/wp-content\/uploads\/fronteras-y-direcciones_-remedios-zafra_invitacion-OK-FGA.jpg\"><img loading=\"lazy\" decoding=\"async\" src=\"https:\/\/fcmanrique.org\/wp-content\/uploads\/fronteras-y-direcciones_-remedios-zafra_invitacion-OK-FGA.jpg\" alt=\"\" width=\"1200\" height=\"1200\"><\/a><\/p>\n<p><strong>M\u00e1s informaci\u00f3n:<\/strong><\/p>\n<p><a href=\"https:\/\/fcmanrique.org\/wp-content\/uploads\/fcmanrique-nota-prensa-remedios-zafra.pdf\" target=\"_blank\" rel=\"noopener\" class=\"fcm-pdf-download-link\">Nota de prensa<\/a><\/p>\n<p><strong>Grabaci\u00f3n de la conferencia:<\/strong><\/p>\n<p><a href=\"https:\/\/fcmanrique.org\/fcm-video\/25120-2\/\" target=\"_blank\" rel=\"noopener\">Grabaci\u00f3n<\/a><\/p>","protected":false},"featured_media":25321,"parent":0,"template":"","meta":{"_acf_changed":false,"ngg_post_thumbnail":0,"footnotes":""},"actividad_tipo":[34],"actividad_lugar":[49],"actividad_departamento":[],"actividad_ciclo":[72],"class_list":["post-25318","fcm_actividad","type-fcm_actividad","status-publish","has-post-thumbnail","hentry","actividad_tipo-conferencias","actividad_lugar-lugar-sala-saramago","actividad_ciclo-fronteras-y-direcciones-de-progreso"],"acf":[],"_links":{"self":[{"href":"https:\/\/ludiccc.ddns.net\/it\/wp-json\/wp\/v2\/fcm_actividad\/25318","targetHints":{"allow":["GET"]}}],"collection":[{"href":"https:\/\/ludiccc.ddns.net\/it\/wp-json\/wp\/v2\/fcm_actividad"}],"about":[{"href":"https:\/\/ludiccc.ddns.net\/it\/wp-json\/wp\/v2\/types\/fcm_actividad"}],"version-history":[{"count":5,"href":"https:\/\/ludiccc.ddns.net\/it\/wp-json\/wp\/v2\/fcm_actividad\/25318\/revisions"}],"predecessor-version":[{"id":27056,"href":"https:\/\/ludiccc.ddns.net\/it\/wp-json\/wp\/v2\/fcm_actividad\/25318\/revisions\/27056"}],"wp:featuredmedia":[{"embeddable":true,"href":"https:\/\/ludiccc.ddns.net\/it\/wp-json\/wp\/v2\/media\/25321"}],"wp:attachment":[{"href":"https:\/\/ludiccc.ddns.net\/it\/wp-json\/wp\/v2\/media?parent=25318"}],"wp:term":[{"taxonomy":"actividad_tipo","embeddable":true,"href":"https:\/\/ludiccc.ddns.net\/it\/wp-json\/wp\/v2\/actividad_tipo?post=25318"},{"taxonomy":"actividad_lugar","embeddable":true,"href":"https:\/\/ludiccc.ddns.net\/it\/wp-json\/wp\/v2\/actividad_lugar?post=25318"},{"taxonomy":"actividad_departamento","embeddable":true,"href":"https:\/\/ludiccc.ddns.net\/it\/wp-json\/wp\/v2\/actividad_departamento?post=25318"},{"taxonomy":"actividad_ciclo","embeddable":true,"href":"https:\/\/ludiccc.ddns.net\/it\/wp-json\/wp\/v2\/actividad_ciclo?post=25318"}],"curies":[{"name":"wp","href":"https:\/\/api.w.org\/{rel}","templated":true}]}}

Remedios Zafra: «La tecnología no ha conseguido el objetivo de darnos más tiempo para nosotros»

<figure class="wp-block-image size-full"><img fetchpriority="high" width="394" height="335" src="https://fcm.local/wp-content/uploads/fc-manrique-actividad-remedios-zafra.jpg" class="wp-image-25321" alt="Remedios Zafra: «La tecnología no ha conseguido el objetivo de darnos más tiempo para nosotros»" loading="eager" decoding="async" srcset="https://fcm.local/wp-content/uploads/fc-manrique-actividad-remedios-zafra.jpg 394w, https://fcm.local/wp-content/uploads/fc-manrique-actividad-remedios-zafra-300x255.jpg 300w, https://fcm.local/wp-content/uploads/fc-manrique-actividad-remedios-zafra-289x246.jpg 289w" sizes="(max-width: 394px) 100vw, 394px" /></figure>
<p>“Para una toma de conciencia planetaria necesitas escuchar a gente que vea con claridad lo que pasa”. Por eso dice Remedos Zafra, escritora y ensayista, que César Manrique forma parte de su vida en estos últimos años, gracias a las enseñanzas de amigos más jóvenes. Hace años que Zafra reflexiona sobre el tiempo, el trabajo creativo o la deshumanización tecnológica. Lo ha hecho en su último libro, ‘El informe. Trabajo intelectual y tristeza burocrática’ (Anagrama) y lo hizo en la conferencia ‘Razones para una escritura rebelde’, que impartió en la sala José Saramago el 9 de mayo, dentro del Foro de reflexión ‘Fronteras y direcciones del progreso’. En ese libro habla de la transformación de los trabajos creativos o intelectuales dentro de este “mundo acelerado que habitamos” dominado ya por el tecnocapitalismo en el que hasta el tiempo de descanso debe ser organizado por tareas, en el que el tiempo “limpio” se convierte en tiempo “enlatado”. Se preguntó al inicio si no deberíamos repensar lo que llamamos vida para no irnos con la sensación de que “casi toda nuestra vida trabajamos y ya está”, que el tiempo se va. <a href="https://fcmanrique.org/wp-content/uploads/fc-manrique-conferencia-remedios-zafra.jpg"><img loading="lazy" decoding="async" src="https://fcmanrique.org/wp-content/uploads/fc-manrique-conferencia-remedios-zafra.jpg" alt="" width="1380" height="920"></a> Como “metáfora de la vida contemporánea” expuso una obra de la artista Marta Azparren que refleja una rutina, una imagen que materializa la cadencia del bucle porque representa los movimientos de los trabajadores de una fábrica, que son casi los mismos movimientos. “Desde que nuestros trabajos están mediados por máquinas, se favorecen ciertas inercias”, señaló, “pero lo que no se ha logrado es un mundo más igualitario”. La tecnología, la mediación por pantallas, en realidad no ha conseguido el objetivo de “darnos más tiempo para nosotros”. Zafra recordó a Simone Weil, que defendía que una organización social es buena si avanza hacia la igualdad y mala si lo hace hacia la desigualdad, pero es odiosa si favorece los comportamientos estancos. También recordó a César Manrique por la importancia que tiene “enseñar a ver”, encontrar en un rayo, un extrañamiento que nos perturba, una revelación que permite romper el bucle. “Si los libros que leemos no nos perturban, para qué los leemos”, decía Kafka. Y sin embargo los trabajos creativos se están transformando hacia la rutina. Esa perturbación o esa escritura rebelde nos permite decir sí y no a la vez. No a la deshumanización tecnológica, al esfuerzo por crear apariencia, al desafecto por tareas que no tienen que ver con su propósito como investigar, enseñar o crear. Y sí al tiempo propio, a los cuidados o al planeta. Hay al menos tres razones para esa escritura rebelde. La primera es que la cultura está en lo que es difícil de narrar, lo inefable. Propone hablar de la práctica creativa desde la libertad y la motivación, no olvidar cuál es el objetivo por el que hacemos las cosas, recordar el amor por hacer las cosas con valor, su verdadero sentido. A diferencia del trabajo creativo, con muchos otros trabajos solo se logra el placer con el resoplido final. Zafra ha recogido testimonios de creadores porque es importante narrar cómo hacen lo que hacen y no solo el resultado. Esos testimonios revelan prácticas como pagar con visibilidad de su obra, la presión de agradar o la competición constante. <a href="https://fcmanrique.org/wp-content/uploads/fc-manrique-conferencia-remedios-zafra1.jpg"><img loading="lazy" decoding="async" src="https://fcmanrique.org/wp-content/uploads/fc-manrique-conferencia-remedios-zafra1.jpg" alt="" width="1380" height="920"></a> La segunda es que la transformación tecnológica está motivada por fuerzas monetarias. El mundo cada vez más mediado por pantallas “nos hace olvidar los cambios sobre los que se asienta la transformación digital”, que provoca la conversión del sujeto en un producto, que impulsa la precariedad de la apariencia frente al sentido, que no favorece la profundización y en el que hemos aceptado que lo más visto es lo más valioso. “Si no hay tiempo para pensar no se puede profundizar ni generar pensamiento crítico”. En ese mundo se ha producido un giro antropológico en el que lo privado ya se ha convertido en público y estamos bajo escrutinio permanente. La profesión se eclipsa por la búsqueda de audiencia, el artista se convierte en una marca, se paga con visibilidad, se fusiona el tiempo de vida y de trabajo, se falsea la promesa de mayor disponibilidad de tiempo y las tareas más mecánicas no las hacen las máquinas, sino los trabajadores más precarios. Se ha pasado de una generación educada en la penalización del descanso a llenar los tiempos limpios con actividades bajo paquetes turísticos. En lugar de terror el vacío, hay terror al vago, al que intenta no hacer nada. La tercera es la crisis ecosocial planetaria. Si la vida se convierte en un concurso, los compañeros son rivales. Zafra expone el vínculo necesario entre cultura y comunidad frente a esta crisis: la cultura como costura comunitaria. Cambiar esa sumisión “implica vernos entre nosotros”. La sororidad y los cuidados aparecen como ejemplos para ese reto, dadas las similitudes entre el patriarcado y el tecnocapitalismo. Ambos hacen a los sujetos responsables de su subordinación, autoexplotación, rivalidad o aislamiento. En lugar del capital afectivo como pago aparece el capital simbólico. “No se trata de resignarnos a tener un rato de descanso y volver a lo mismo, sino de renegociar los tiempos y que el planeta no sea un lugar de producción sino de cuidados”. Salvar un concepto de la vida. “Se trata de mirar al futuro”, tener conciencia crítica y construir una alternativa limpia, basada en la calidad de la vida porque, aludió a las palabras de César Manrique “el futuro nunca está conseguido”. <a href="https://fcmanrique.org/wp-content/uploads/fronteras-y-direcciones_-remedios-zafra_invitacion-OK-FGA.jpg"><img loading="lazy" decoding="async" src="https://fcmanrique.org/wp-content/uploads/fronteras-y-direcciones_-remedios-zafra_invitacion-OK-FGA.jpg" alt="" width="1200" height="1200"></a></p>
<p><strong>Más información:</strong></p>
<p><a href="https://fcmanrique.org/wp-content/uploads/fcmanrique-nota-prensa-remedios-zafra.pdf" target="_blank" rel="noopener" class="fcm-pdf-download-link">Nota de prensa</a></p>
<p><strong>Grabación de la conferencia:</strong></p>
<p><a href="https://fcmanrique.org/fcm-video/25120-2/" target="_blank" rel="noopener">Grabación</a></p>
