{"id":14383,"date":"2012-03-20T00:00:00","date_gmt":"2012-03-20T00:00:00","guid":{"rendered":"https:\/\/fcmanrique.org\/fcm-actividad\/jose-juan-ramirez-acudir-a-la-manif\/"},"modified":"2026-04-23T23:19:29","modified_gmt":"2026-04-23T23:19:29","slug":"jose-juan-ramirez-acudir-a-la-manif","status":"publish","type":"fcm_actividad","link":"https:\/\/ludiccc.ddns.net\/it\/fcm-actividad\/jose-juan-ramirez-acudir-a-la-manif\/","title":{"rendered":"Jos\u00e9 Juan Ram\u00edrez: <em>acudir a la manifestaci\u00f3n en contra de las prospecciones petroleras, es el mejor homenaje que podemos hacerle a C\u00e9sar Manrique<\/em>"},"content":{"rendered":"<div class=\"wp-block-columns fcm-page-migration-columns is-layout-flex wp-container-core-columns-is-layout-9d6595d7 wp-block-columns-is-layout-flex\"><div class=\"wp-block-column is-layout-flow wp-block-column-is-layout-flow\" style=\"flex-basis:66.66%\"><figure class=\"wp-block-image size-full\"><img width=\"135\" height=\"100\" src=\"https:\/\/fcm.local\/wp-content\/uploads\/thmb_507d69bepet no_135x100.jpg\" class=\"wp-image-14384\" alt=\"Jos\u00e9 Juan Ram\u00edrez: acudir a la manifestaci\u00f3n en contra de las prospecciones petroleras, es el mejor homenaje que podemos hacerle a C\u00e9sar Manrique\" loading=\"eager\" decoding=\"async\" \/><\/figure>\n<p>La Fundaci\u00f3n C\u00e9sar Manrique (FCM) convoc\u00f3 en su sede a los medios de comunicaci\u00f3n el 20 de marzo. Durante el desarrollo de la rueda de prensa, el presidente de la FCM, Jos\u00e9 Juan Ram\u00edrez, y el director de la instituci\u00f3n, Fernando G\u00f3mez Aguilera, trasladaron a los medios de comunicaci\u00f3n la posici\u00f3n de la FCM con respecto a las prospecciones petrol\u00edferas e hicieron un llamamiento para que la sociedad insular se movilizara.<\/p>\n<p>Concretamente, Jos\u00e9 Juan Ram\u00edrez, manifest\u00f3 la inequ\u00edvoca oposici\u00f3n de la Fundaci\u00f3n C\u00e9sar Manrique a las prospecciones petrol\u00edferas previstas por Repsol frente a las costas de Lanzarote, Fuerteventura y La Graciosa, por los riesgos indiscutibles que se derivan sobre el principal recurso econ\u00f3mico de estas islas, el turismo, y sobre su patrimonio natural.<\/p>\n<p>As\u00ed mismo, hizo un llamamiento a la sociedad para movilizarse contra las prospecciones petrol\u00edferas y a manifestarse contra la indiferencia y el desprecio del gobierno espa\u00f1ol hacia el sentir mayoritario de estas tres islas. Se refiri\u00f3 a este momento como un proceso largo en el que la manifestaci\u00f3n del d\u00eda 24 es s\u00f3lo un punto de arranque de un largo camino que necesitar\u00e1 del aliento de todos. El presidente de la FCM expres\u00f3 que \u201ceste a\u00f1o, que se cumple el 20 aniversario de la muerte de C\u00e9sar Manrique, acudir a la manifestaci\u00f3n del pr\u00f3ximo s\u00e1bado, es el mejor homenaje que podemos hacerle\u201d.<\/p>\n<p>Adem\u00e1s, la FCM se emplear\u00e1 a fondo en desarrollar su oposici\u00f3n al proyecto de prospecciones. Anunci\u00f3 que la FCM recurrir\u00eda a la v\u00eda jur\u00eddica, colaborar\u00eda en la concienciaci\u00f3n social y la movilizaci\u00f3n, aparte de promover gestiones ante instituciones y organismos estatales y europeos.<\/p>\n<p>Por su parte, el director de la FCM, Fernando G\u00f3mez Aguilera, se refiri\u00f3 a la legitimidad del proceso de autorizaci\u00f3n de las prospecciones y al riesgo que supone una actividad de ese tipo en las costas de dos Reservas de Biosfera como son Lanzarote y Fuerteventura. En sus palabras: <em>Nos enfrentamos a un riesgo descomunal e innecesario para las dos Reservas de Biosfera, a una cat\u00e1strofe terrible. De producirse un accidente, que, como bien se sabe, no son infrecuentes ser\u00e1 una cat\u00e1strofe ecol\u00f3gica, econ\u00f3mica y social<\/em>.<\/p>\n<p>Respecto a la empresa petrolera Repsol, se refiri\u00f3 a su \u201cdiscurso t\u00f3xico\u201d de marketing expresando<em> Nada que ver con la pol\u00edtica de autoabastecimiento energ\u00e9tico: Repsol vuelca el producto que extraiga en el mercado internacional, mercado Brent, donde Espa\u00f1a lo comprar\u00e1<\/em>. <\/p>\n<p>G\u00f3mez Aguilera tambi\u00e9n aludi\u00f3 a los que llam\u00f3 \u201cempresarios de la gran patronal canaria\u201d: <em>Estamos asombrados y disgustados con los pronunciamientos de los diferentes miembros de la patronal canaria, no por que se posicionen a favor del petr\u00f3leo. No esper\u00e1bamos otra cosa teniendo en cuenta la acostumbrada finura de sus juicios a la hora de analizar la econom\u00eda, (\u2026) Nuestro asombro y enfado no proviene de ah\u00ed sino de su falta de consideraci\u00f3n a Lanzarote y Fuerteventura, a sus instituciones democr\u00e1ticas y a sus ciudadanos. Cada cual puede posicionarse con respecto a este asunto como Dios le d\u00e9 a entender, pero cuando hay una voluntad institucional y ciudadana tan clara, lo m\u00ednimo es pedir respeto. Vamos, que se contengan un poco, que guarden las formas, porque no est\u00e1n hablando de su casa sino de la nuestra, porque si, llegado el momento, hubiera un derrame, la basura, el drama iba a ser para nosotros, no para ellos. Pero quiz\u00e1 el negocio ciega y, de ah\u00ed, que nos traten como descerebrados. \u00bfQu\u00e9 podemos deducir de sus opiniones p\u00fablicas?<\/em> Y record\u00f3 algunas de las expresiones de los empresarios. (\u2026) <em>En fin, molesta, que quienes claman y reclaman su propia seguridad jur\u00eddica, no duden a la hora de imponernos, si por ellos fuera, nuestra inseguridad de cara al futuro de la mano del petr\u00f3leo. No acabamos de acostumbrarnos a ese complejo de superioridad de las islas capitalinas, que miren a Lanzarote por encima del hombro del dinero y los negocios como si aqu\u00ed no se supiera seguir el son de la m\u00fasica. Y a nadie le gusta que le traten como si fuera el patio de atr\u00e1s de la casa de otro<\/em>.<\/p>\n<p>Tambi\u00e9n mencion\u00f3 al empresariado local: <em>Sorprende el silencio o la equidistancia o la asepsia o la distracci\u00f3n de la mayor\u00eda del empresariado local, de sus asociaciones, para defender el turismo y defender Lanzarote, su imagen, que tanto les preocupa en el caso de los hoteles ilegales cuando se airea el conflicto en la prensa nacional. Y se desentienden con el petr\u00f3leo. Su silencio no se entiende y la sociedad toma nota de ello. \u00bfCallan porque temen enfrentarse al ministro de su ramo (industria y turismo)? \u00bfCallan por defender sus intereses particulares? \u00bfCallan porque est\u00e1n de acuerdo con el petr\u00f3leo y no tienen el coraje de expresarlo p\u00fablicamente? Pues que sepan que Lanzarote, en la que tantas veces se escudan, les necesita, necesita su pronunciamiento claro, que ya han tenido tiempo de informarse sobre el balance riesgos beneficios. Les pedimos que eleven la mirada y pongan por encima de sus ambiciones a la isla, a sus empleos (m\u00e1s del 75% del PIB insular proviene del turismo) y a las personas. <\/em><\/p>\n<p>Se ocup\u00f3 en sus palabras del ministro de Energ\u00eda y Turismo, Jos\u00e9 Manuel Soria, que fue calificado por G\u00f3mez Aguilera como de \u201cponerle un cero patatero\u201d. <em>Arrogante, antip\u00e1tico, agresivo, insensible con dos islas peque\u00f1as, alejadas, incluso para \u00e9l, y condescendiente con Valencia. Dos varas de medir, impropias de un ministro de todos los espa\u00f1oles y mucho menos de un ministro canario. Ser\u00eda deseable<\/em> \u2014a\u00f1adi\u00f3\u2014 <em>que el Gobierno de la naci\u00f3n recondujera la actuaci\u00f3n del ministro Soria y encauzara esta cuesti\u00f3n, no vaya a ser que un asunto de petr\u00f3leo acabe convirti\u00e9ndose en un problema de Estado. Canarias es zona sensible no s\u00f3lo medioambientalmente sino tambi\u00e9n en t\u00e9rminos pol\u00edticos de relaci\u00f3n con el Estado<\/em>.<\/p>\n<p>Por \u00faltimo, a los medios de comunicaci\u00f3n, el director de la Fundaci\u00f3n C\u00e9sar Manrique les pidi\u00f3 <em>respeto y altura de miras con Lanzarote y Fuerteventura. Y tambi\u00e9n rigor para discriminar y no convertir las mentiras interesadas en verdades acient\u00edficas. C\u00e9sar Manrique y Lanzarote les han ense\u00f1ado mucho al resto de las Islas en relaci\u00f3n con la industria tur\u00edstica y el patrimonio cultural y natural. Y han aportado valor a\u00f1adido al Archipi\u00e9lago. Que no se desprecie sin m\u00e1s nuestro derecho a defendernos de riesgos idiotas, de peligros in\u00fatiles para Lanzarote y para Fuerteventura que, de materializarse, arruinar\u00eda nuestro futuro <\/em>(\u2026). <em>Tenemos derecho a decidir sobre nuestro futuro, a preferir las renovables a las petroleras. Tenemos derecho a primar la seguridad sobre el riesgo.<\/em><\/p>\n<p>Llam\u00f3 a \u201cllenar de indignaci\u00f3n la calle el s\u00e1bado, 24 de marzo\u201d.<\/p><\/div><div class=\"wp-block-column is-layout-flow wp-block-column-is-layout-flow\" style=\"flex-basis:33.33%\"><div class=\"wp-block-group detail-panel detail-media wp-block-group-\"><div class=\"wp-block-group__inner-container is-layout-flow wp-block-group-is-layout-flow\"><p><a href=\"https:\/\/fcmanrique.org\/wp-content\/uploads\/507d6adafgajjr%20rp_640.jpg\"><\/a><\/p><\/div><\/div>\n<div class=\"wp-block-group detail-panel detail-media wp-block-group-\"><div class=\"wp-block-group__inner-container is-layout-flow wp-block-group-is-layout-flow\"><ul class=\"wp-block-list\"><li><a href=\"\/recursos\/actividad\/507d6a3apetroleo%20no_presidente%20fcm.pdf\" class=\"fcm-pdf-download-link\">Presidente FCM Comparecencia<\/a><\/li><\/ul><\/div><\/div><\/div><\/div>","protected":false},"featured_media":14384,"parent":0,"template":"","meta":{"_acf_changed":false,"ngg_post_thumbnail":0,"footnotes":""},"actividad_tipo":[37],"actividad_lugar":[46],"actividad_departamento":[29],"actividad_ciclo":[],"class_list":["post-14383","fcm_actividad","type-fcm_actividad","status-publish","has-post-thumbnail","hentry","actividad_tipo-otras-actividades","actividad_lugar-lugar-fcm","actividad_departamento-departamento-de-territorio-y-medio-ambiente"],"acf":[],"_links":{"self":[{"href":"https:\/\/ludiccc.ddns.net\/it\/wp-json\/wp\/v2\/fcm_actividad\/14383","targetHints":{"allow":["GET"]}}],"collection":[{"href":"https:\/\/ludiccc.ddns.net\/it\/wp-json\/wp\/v2\/fcm_actividad"}],"about":[{"href":"https:\/\/ludiccc.ddns.net\/it\/wp-json\/wp\/v2\/types\/fcm_actividad"}],"version-history":[{"count":1,"href":"https:\/\/ludiccc.ddns.net\/it\/wp-json\/wp\/v2\/fcm_actividad\/14383\/revisions"}],"predecessor-version":[{"id":27009,"href":"https:\/\/ludiccc.ddns.net\/it\/wp-json\/wp\/v2\/fcm_actividad\/14383\/revisions\/27009"}],"wp:featuredmedia":[{"embeddable":true,"href":"https:\/\/ludiccc.ddns.net\/it\/wp-json\/wp\/v2\/media\/14384"}],"wp:attachment":[{"href":"https:\/\/ludiccc.ddns.net\/it\/wp-json\/wp\/v2\/media?parent=14383"}],"wp:term":[{"taxonomy":"actividad_tipo","embeddable":true,"href":"https:\/\/ludiccc.ddns.net\/it\/wp-json\/wp\/v2\/actividad_tipo?post=14383"},{"taxonomy":"actividad_lugar","embeddable":true,"href":"https:\/\/ludiccc.ddns.net\/it\/wp-json\/wp\/v2\/actividad_lugar?post=14383"},{"taxonomy":"actividad_departamento","embeddable":true,"href":"https:\/\/ludiccc.ddns.net\/it\/wp-json\/wp\/v2\/actividad_departamento?post=14383"},{"taxonomy":"actividad_ciclo","embeddable":true,"href":"https:\/\/ludiccc.ddns.net\/it\/wp-json\/wp\/v2\/actividad_ciclo?post=14383"}],"curies":[{"name":"wp","href":"https:\/\/api.w.org\/{rel}","templated":true}]}}

José Juan Ramírez: <em>acudir a la manifestación en contra de las prospecciones petroleras, es el mejor homenaje que podemos hacerle a César Manrique</em>

<div class="wp-block-columns fcm-page-migration-columns is-layout-flex wp-container-core-columns-is-layout-9d6595d7 wp-block-columns-is-layout-flex"><div class="wp-block-column is-layout-flow wp-block-column-is-layout-flow" style="flex-basis:66.66%"><figure class="wp-block-image size-full"><img width="135" height="100" src="https://fcm.local/wp-content/uploads/thmb_507d69bepet no_135x100.jpg" class="wp-image-14384" alt="José Juan Ramírez: acudir a la manifestación en contra de las prospecciones petroleras, es el mejor homenaje que podemos hacerle a César Manrique" loading="eager" decoding="async" /></figure>
<p>La Fundación César Manrique (FCM) convocó en su sede a los medios de comunicación el 20 de marzo. Durante el desarrollo de la rueda de prensa, el presidente de la FCM, José Juan Ramírez, y el director de la institución, Fernando Gómez Aguilera, trasladaron a los medios de comunicación la posición de la FCM con respecto a las prospecciones petrolíferas e hicieron un llamamiento para que la sociedad insular se movilizara.</p>
<p>Concretamente, José Juan Ramírez, manifestó la inequívoca oposición de la Fundación César Manrique a las prospecciones petrolíferas previstas por Repsol frente a las costas de Lanzarote, Fuerteventura y La Graciosa, por los riesgos indiscutibles que se derivan sobre el principal recurso económico de estas islas, el turismo, y sobre su patrimonio natural.</p>
<p>Así mismo, hizo un llamamiento a la sociedad para movilizarse contra las prospecciones petrolíferas y a manifestarse contra la indiferencia y el desprecio del gobierno español hacia el sentir mayoritario de estas tres islas. Se refirió a este momento como un proceso largo en el que la manifestación del día 24 es sólo un punto de arranque de un largo camino que necesitará del aliento de todos. El presidente de la FCM expresó que “este año, que se cumple el 20 aniversario de la muerte de César Manrique, acudir a la manifestación del próximo sábado, es el mejor homenaje que podemos hacerle”.</p>
<p>Además, la FCM se empleará a fondo en desarrollar su oposición al proyecto de prospecciones. Anunció que la FCM recurriría a la vía jurídica, colaboraría en la concienciación social y la movilización, aparte de promover gestiones ante instituciones y organismos estatales y europeos.</p>
<p>Por su parte, el director de la FCM, Fernando Gómez Aguilera, se refirió a la legitimidad del proceso de autorización de las prospecciones y al riesgo que supone una actividad de ese tipo en las costas de dos Reservas de Biosfera como son Lanzarote y Fuerteventura. En sus palabras: <em>Nos enfrentamos a un riesgo descomunal e innecesario para las dos Reservas de Biosfera, a una catástrofe terrible. De producirse un accidente, que, como bien se sabe, no son infrecuentes será una catástrofe ecológica, económica y social</em>.</p>
<p>Respecto a la empresa petrolera Repsol, se refirió a su “discurso tóxico” de marketing expresando<em> Nada que ver con la política de autoabastecimiento energético: Repsol vuelca el producto que extraiga en el mercado internacional, mercado Brent, donde España lo comprará</em>. </p>
<p>Gómez Aguilera también aludió a los que llamó “empresarios de la gran patronal canaria”: <em>Estamos asombrados y disgustados con los pronunciamientos de los diferentes miembros de la patronal canaria, no por que se posicionen a favor del petróleo. No esperábamos otra cosa teniendo en cuenta la acostumbrada finura de sus juicios a la hora de analizar la economía, (…) Nuestro asombro y enfado no proviene de ahí sino de su falta de consideración a Lanzarote y Fuerteventura, a sus instituciones democráticas y a sus ciudadanos. Cada cual puede posicionarse con respecto a este asunto como Dios le dé a entender, pero cuando hay una voluntad institucional y ciudadana tan clara, lo mínimo es pedir respeto. Vamos, que se contengan un poco, que guarden las formas, porque no están hablando de su casa sino de la nuestra, porque si, llegado el momento, hubiera un derrame, la basura, el drama iba a ser para nosotros, no para ellos. Pero quizá el negocio ciega y, de ahí, que nos traten como descerebrados. ¿Qué podemos deducir de sus opiniones públicas?</em> Y recordó algunas de las expresiones de los empresarios. (…) <em>En fin, molesta, que quienes claman y reclaman su propia seguridad jurídica, no duden a la hora de imponernos, si por ellos fuera, nuestra inseguridad de cara al futuro de la mano del petróleo. No acabamos de acostumbrarnos a ese complejo de superioridad de las islas capitalinas, que miren a Lanzarote por encima del hombro del dinero y los negocios como si aquí no se supiera seguir el son de la música. Y a nadie le gusta que le traten como si fuera el patio de atrás de la casa de otro</em>.</p>
<p>También mencionó al empresariado local: <em>Sorprende el silencio o la equidistancia o la asepsia o la distracción de la mayoría del empresariado local, de sus asociaciones, para defender el turismo y defender Lanzarote, su imagen, que tanto les preocupa en el caso de los hoteles ilegales cuando se airea el conflicto en la prensa nacional. Y se desentienden con el petróleo. Su silencio no se entiende y la sociedad toma nota de ello. ¿Callan porque temen enfrentarse al ministro de su ramo (industria y turismo)? ¿Callan por defender sus intereses particulares? ¿Callan porque están de acuerdo con el petróleo y no tienen el coraje de expresarlo públicamente? Pues que sepan que Lanzarote, en la que tantas veces se escudan, les necesita, necesita su pronunciamiento claro, que ya han tenido tiempo de informarse sobre el balance riesgos beneficios. Les pedimos que eleven la mirada y pongan por encima de sus ambiciones a la isla, a sus empleos (más del 75% del PIB insular proviene del turismo) y a las personas. </em></p>
<p>Se ocupó en sus palabras del ministro de Energía y Turismo, José Manuel Soria, que fue calificado por Gómez Aguilera como de “ponerle un cero patatero”. <em>Arrogante, antipático, agresivo, insensible con dos islas pequeñas, alejadas, incluso para él, y condescendiente con Valencia. Dos varas de medir, impropias de un ministro de todos los españoles y mucho menos de un ministro canario. Sería deseable</em> —añadió— <em>que el Gobierno de la nación recondujera la actuación del ministro Soria y encauzara esta cuestión, no vaya a ser que un asunto de petróleo acabe convirtiéndose en un problema de Estado. Canarias es zona sensible no sólo medioambientalmente sino también en términos políticos de relación con el Estado</em>.</p>
<p>Por último, a los medios de comunicación, el director de la Fundación César Manrique les pidió <em>respeto y altura de miras con Lanzarote y Fuerteventura. Y también rigor para discriminar y no convertir las mentiras interesadas en verdades acientíficas. César Manrique y Lanzarote les han enseñado mucho al resto de las Islas en relación con la industria turística y el patrimonio cultural y natural. Y han aportado valor añadido al Archipiélago. Que no se desprecie sin más nuestro derecho a defendernos de riesgos idiotas, de peligros inútiles para Lanzarote y para Fuerteventura que, de materializarse, arruinaría nuestro futuro </em>(…). <em>Tenemos derecho a decidir sobre nuestro futuro, a preferir las renovables a las petroleras. Tenemos derecho a primar la seguridad sobre el riesgo.</em></p>
<p>Llamó a “llenar de indignación la calle el sábado, 24 de marzo”.</p></div><div class="wp-block-column is-layout-flow wp-block-column-is-layout-flow" style="flex-basis:33.33%"><div class="wp-block-group detail-panel detail-media wp-block-group-"><div class="wp-block-group__inner-container is-layout-flow wp-block-group-is-layout-flow"><p><a href="https://fcmanrique.org/wp-content/uploads/507d6adafgajjr%20rp_640.jpg"></a></p></div></div>
<div class="wp-block-group detail-panel detail-media wp-block-group-"><div class="wp-block-group__inner-container is-layout-flow wp-block-group-is-layout-flow"><ul class="wp-block-list"><li><a href="/recursos/actividad/507d6a3apetroleo%20no_presidente%20fcm.pdf" class="fcm-pdf-download-link">Presidente FCM Comparecencia</a></li></ul></div></div></div></div>
