{"id":14371,"date":"2011-04-04T00:00:00","date_gmt":"2011-04-04T00:00:00","guid":{"rendered":"https:\/\/fcmanrique.org\/fcm-actividad\/jose-luis-puerto-no-podemos-dejar-q\/"},"modified":"2026-04-23T23:19:30","modified_gmt":"2026-04-23T23:19:30","slug":"jose-luis-puerto-no-podemos-dejar-q","status":"publish","type":"fcm_actividad","link":"https:\/\/ludiccc.ddns.net\/it\/fcm-actividad\/jose-luis-puerto-no-podemos-dejar-q\/","title":{"rendered":"Taller \u00abTejer el territorio. Una perspectiva etnogr\u00e1fica\u00bb"},"content":{"rendered":"<div class=\"wp-block-columns fcm-page-migration-columns is-layout-flex wp-container-core-columns-is-layout-9d6595d7 wp-block-columns-is-layout-flex\"><div class=\"wp-block-column is-layout-flow wp-block-column-is-layout-flow\" style=\"flex-basis:66.66%\"><figure class=\"wp-block-image size-full\"><img fetchpriority=\"high\" width=\"400\" height=\"340\" src=\"https:\/\/fcm.local\/wp-content\/uploads\/fc-manrique-taller-tejer-la-ciudad.jpg\" class=\"wp-image-24782\" alt=\"Taller \u00abTejer el territorio. Una perspectiva etnogr\u00e1fica\u00bb\" loading=\"eager\" decoding=\"async\" srcset=\"https:\/\/fcm.local\/wp-content\/uploads\/fc-manrique-taller-tejer-la-ciudad.jpg 400w, https:\/\/fcm.local\/wp-content\/uploads\/fc-manrique-taller-tejer-la-ciudad-300x255.jpg 300w, https:\/\/fcm.local\/wp-content\/uploads\/fc-manrique-taller-tejer-la-ciudad-289x246.jpg 289w\" sizes=\"(max-width: 400px) 100vw, 400px\" \/><\/figure>\n<p>El escritor y etn\u00f3grafo <strong>Jos\u00e9 Luis Puerto<\/strong> imparti\u00f3 el taller <strong>\u201cTejer el territorio. Una perspectiva etnogr\u00e1fica\u201d<\/strong> los d\u00edas 4 y 5 de abril en la sala Jos\u00e9 Saramago (Arrecife) de la Fundaci\u00f3n C\u00e9sar Manrique. El objetivo principal del curso era el an\u00e1lisis del paisaje, la conservaci\u00f3n del patrimonio o del territorio, desde el punto de vista de la etnograf\u00eda. El taller se plante\u00f3 partiendo de c\u00f3mo el ser humano, \u201cese yo grupal\u201d, seg\u00fan se\u00f1al\u00f3 el director del curso, realiza una serie de acciones en cualquier comunidad, en el espacio en el que habita, de tal modo que ese espacio se convierte en territorio, en un espacio de cultura. \u201cSe habita y surge el h\u00e1bitat, se edifica y surge la arquitectura tradicional, se trabaja y surgen actividades agr\u00edcolas o artesanas\u2026\u201d, se\u00f1al\u00f3 Puerto, que destac\u00f3 y centr\u00f3 su estudio en cuatro acciones que realizan los hombres en todas las comunidades: habitar, trabajar, celebrar y descansar. \u201cEn todo territorio aparecen estas acciones del ser humano\u201d, asegur\u00f3, destacando, que hay m\u00e1s acciones que caracterizan a las comunidades humanas, aunque en esta ocasi\u00f3n quiso poner el acento en aquellos aspectos de la cultura material y no en aquellos que conforman la tradici\u00f3n oral como las acciones de crear, creer o imaginar. Cada una de las<strong> cuatro ponencias<\/strong> del taller estuvo dedicada a una de estas acciones, que puestas en com\u00fan, dan una idea de c\u00f3mo se teje el territorio a trav\u00e9s de esos cuatro hilos y a trav\u00e9s del tiempo, que, por una parte, es lineal (las generaciones de hombres y mujeres se van sucediendo) y por otra, est\u00e1 condicionado por la Naturaleza. El director del curso fue transmitiendo a los alumnos (algunos de los cuales proven\u00edan del mundo educativo, del administrativo o del \u00e1mbito del turismo) una serie de \u201cfogonazos, ideas o perspectivas\u201d para que adquieran las herramientas necesarias para hacer una investigaci\u00f3n etnogr\u00e1fica, para saber c\u00f3mo se puede conocer el patrimonio, c\u00f3mo valorarlo para preservarlo y c\u00f3mo se configura una identidad, que, destac\u00f3, \u201cnunca es cerrada sino compartida con el mundo al que pertenecemos\u201d. El curso ofrec\u00eda una metodolog\u00eda de estudio de los territorios, abordando distintos aspectos de cada uno de esos cuatro campos: los materiales, elementos decorativos o ritos referentes a la arquitectura tradicional; la vida pastoril, la agricultura; las fiestas populares, los ritos de paso o los juegos y la forma en que se emplea el tiempo de ocio, finalmente. Puerto fue introduciendo estos aspectos, primero desde un punto de vista te\u00f3rico, para despu\u00e9s pasar unas im\u00e1genes ilustrativas de aquello que se va explicando y que pertenecen, principalmente, a ejemplos de la realidad que m\u00e1s ha trabajado este etn\u00f3grafo, el Oeste de Castilla y Le\u00f3n y la comarca de Las Hurdes en el Norte de Extremadura. El estudio etnogr\u00e1fico se tiene que articular, seg\u00fan explic\u00f3 Jos\u00e9 Luis Puerto, mediante dos v\u00edas, la te\u00f3rica y la pr\u00e1ctica. \u201cPara saber en etnograf\u00eda hay que leer mucho, pero hay que enterarse de la cultura tradicional, hay que ir al territorio y hacer trabajo de campo\u201d, se\u00f1al\u00f3. \u201cPero claro \u2014subray\u00f3\u2014, este trabajo no se puede hacer de cualquier manera, hacer una tarea etnogr\u00e1fica no es ir con una grabadora y ver qu\u00e9 se le ocurre al anciano con el que me encuentro, sino que tienes que saber a qu\u00e9 vas, qu\u00e9 quieres estudiar, qu\u00e9 quieres documentar, no es la ocurrencia del momento\u201d. \u201cEn etnograf\u00eda, el trabajo de campo es fundamental, pero siempre ha de estar fundamentado\u201d. Para ello puso varios ejemplos de cuestionarios, que se pueden adaptar para estudiar cada caso particular, cada territorio. Hay que volver una segunda vez al lugar de la investigaci\u00f3n porque \u201cte est\u00e1n esperando, has reactivado su memoria, la \u2018memoria dormida\u2019 y tienen m\u00e1s detalles que te pudieran interesar\u201d. Una de las conclusiones del taller es que los seres humanos se comportan de modo muy parecido en cualquier territorio, pero utilizando los elementos que tienen a su alrededor y la cultura en la que viven. \u201cUn campesino americano va a utilizar las herramientas a su alcance para lo mismo que uno europeo o uno asi\u00e1tico\u201d. \u201cTenemos m\u00e1s en com\u00fan de lo que parece \u2014se\u00f1al\u00f3 Puerto\u2014, y cada uno lo adapta o lo crea a partir de su realidad\u201d. El estudio etnogr\u00e1fico de un territorio sirve para poner en valor aquellos elementos propios, pero tambi\u00e9n para desmitificar. \u201cEn Lanzarote se podr\u00eda estudiar la cultura tradicional de la Isla, pero eso no quiere decir que esa cultura sea una cosa cerrada, sino que tambi\u00e9n hay una universalidad\u201d, asegur\u00f3 el director del taller, que advirti\u00f3 de un peligro: la manipulaci\u00f3n pol\u00edtica de la etnograf\u00eda, que acaba por hacer una construcci\u00f3n interesada del pasado. \u201cNo se puede crear o inventar \u2014dijo\u2014 una identidad interesada de una regi\u00f3n porque eso es una recreaci\u00f3n, una falsificaci\u00f3n\u201d. \u201cHay que documentar lo que se produce tal cual y el gran trabajo pendiente es la posterior comparaci\u00f3n\u201d, a\u00f1adi\u00f3. Por \u00faltimo, alert\u00f3 de otro peligro, el de la escenificaci\u00f3n de las propias tradiciones, que se repite pr\u00e1cticamente en todos los territorios que reciben turistas: \u201ceso es una profanaci\u00f3n de la identidad\u201d, se\u00f1al\u00f3 Puerto. <strong>M\u00e1s informaci\u00f3n: <\/strong><a href=\"\/recursos\/actividad\/4fb3a28dno%20pr.pdf\" class=\"fcm-pdf-download-link\">Nota de prensa<\/a><\/p><\/div><div class=\"wp-block-column is-layout-flow wp-block-column-is-layout-flow\" style=\"flex-basis:33.33%\"><div class=\"wp-block-group detail-panel detail-media wp-block-group-\"><div class=\"wp-block-group__inner-container is-layout-flow wp-block-group-is-layout-flow\"><p><a href=\"https:\/\/fcmanrique.org\/wp-content\/uploads\/4fb3a3b8jlpuertoyfg_640.jpg\"><\/a><\/p><\/div><\/div>\n<div class=\"wp-block-group detail-panel detail-media wp-block-group-\"><div class=\"wp-block-group__inner-container is-layout-flow wp-block-group-is-layout-flow\"><ul class=\"wp-block-list\"><li><a href=\"\/recursos\/actividad\/4fb3a28dno%20pr.pdf\" class=\"fcm-pdf-download-link\">Nota de prensa<\/a><\/li><li><a href=\"\/recursos\/actividad\/4fb3a2bddiptico.pdf\" class=\"fcm-pdf-download-link\">D\u00edptico del Taller Tejer el territorio<\/a><\/li><li><a href=\"\/recursos\/actividad\/4fb3a2e1mat%201.pdf\" class=\"fcm-pdf-download-link\">Material curso 1. Textos<\/a><\/li><li><a href=\"\/recursos\/actividad\/4fb3a330mat%202.pdf\" class=\"fcm-pdf-download-link\">Material curso 2. Bibliograf\u00eda y cuestionarios<\/a><\/li><\/ul><\/div><\/div><\/div><\/div>","protected":false},"featured_media":24782,"parent":0,"template":"","meta":{"_acf_changed":false,"ngg_post_thumbnail":0,"footnotes":""},"actividad_tipo":[35],"actividad_lugar":[49],"actividad_departamento":[31],"actividad_ciclo":[],"class_list":["post-14371","fcm_actividad","type-fcm_actividad","status-publish","has-post-thumbnail","hentry","actividad_tipo-cursos-y-talleres","actividad_lugar-lugar-sala-saramago","actividad_departamento-departamento-de-programas-culturales"],"acf":[],"_links":{"self":[{"href":"https:\/\/ludiccc.ddns.net\/it\/wp-json\/wp\/v2\/fcm_actividad\/14371","targetHints":{"allow":["GET"]}}],"collection":[{"href":"https:\/\/ludiccc.ddns.net\/it\/wp-json\/wp\/v2\/fcm_actividad"}],"about":[{"href":"https:\/\/ludiccc.ddns.net\/it\/wp-json\/wp\/v2\/types\/fcm_actividad"}],"version-history":[{"count":6,"href":"https:\/\/ludiccc.ddns.net\/it\/wp-json\/wp\/v2\/fcm_actividad\/14371\/revisions"}],"predecessor-version":[{"id":27077,"href":"https:\/\/ludiccc.ddns.net\/it\/wp-json\/wp\/v2\/fcm_actividad\/14371\/revisions\/27077"}],"wp:featuredmedia":[{"embeddable":true,"href":"https:\/\/ludiccc.ddns.net\/it\/wp-json\/wp\/v2\/media\/24782"}],"wp:attachment":[{"href":"https:\/\/ludiccc.ddns.net\/it\/wp-json\/wp\/v2\/media?parent=14371"}],"wp:term":[{"taxonomy":"actividad_tipo","embeddable":true,"href":"https:\/\/ludiccc.ddns.net\/it\/wp-json\/wp\/v2\/actividad_tipo?post=14371"},{"taxonomy":"actividad_lugar","embeddable":true,"href":"https:\/\/ludiccc.ddns.net\/it\/wp-json\/wp\/v2\/actividad_lugar?post=14371"},{"taxonomy":"actividad_departamento","embeddable":true,"href":"https:\/\/ludiccc.ddns.net\/it\/wp-json\/wp\/v2\/actividad_departamento?post=14371"},{"taxonomy":"actividad_ciclo","embeddable":true,"href":"https:\/\/ludiccc.ddns.net\/it\/wp-json\/wp\/v2\/actividad_ciclo?post=14371"}],"curies":[{"name":"wp","href":"https:\/\/api.w.org\/{rel}","templated":true}]}}

Taller «Tejer el territorio. Una perspectiva etnográfica»

<div class="wp-block-columns fcm-page-migration-columns is-layout-flex wp-container-core-columns-is-layout-9d6595d7 wp-block-columns-is-layout-flex"><div class="wp-block-column is-layout-flow wp-block-column-is-layout-flow" style="flex-basis:66.66%"><figure class="wp-block-image size-full"><img fetchpriority="high" width="400" height="340" src="https://fcm.local/wp-content/uploads/fc-manrique-taller-tejer-la-ciudad.jpg" class="wp-image-24782" alt="Taller «Tejer el territorio. Una perspectiva etnográfica»" loading="eager" decoding="async" srcset="https://fcm.local/wp-content/uploads/fc-manrique-taller-tejer-la-ciudad.jpg 400w, https://fcm.local/wp-content/uploads/fc-manrique-taller-tejer-la-ciudad-300x255.jpg 300w, https://fcm.local/wp-content/uploads/fc-manrique-taller-tejer-la-ciudad-289x246.jpg 289w" sizes="(max-width: 400px) 100vw, 400px" /></figure>
<p>El escritor y etnógrafo <strong>José Luis Puerto</strong> impartió el taller <strong>“Tejer el territorio. Una perspectiva etnográfica”</strong> los días 4 y 5 de abril en la sala José Saramago (Arrecife) de la Fundación César Manrique. El objetivo principal del curso era el análisis del paisaje, la conservación del patrimonio o del territorio, desde el punto de vista de la etnografía. El taller se planteó partiendo de cómo el ser humano, “ese yo grupal”, según señaló el director del curso, realiza una serie de acciones en cualquier comunidad, en el espacio en el que habita, de tal modo que ese espacio se convierte en territorio, en un espacio de cultura. “Se habita y surge el hábitat, se edifica y surge la arquitectura tradicional, se trabaja y surgen actividades agrícolas o artesanas…”, señaló Puerto, que destacó y centró su estudio en cuatro acciones que realizan los hombres en todas las comunidades: habitar, trabajar, celebrar y descansar. “En todo territorio aparecen estas acciones del ser humano”, aseguró, destacando, que hay más acciones que caracterizan a las comunidades humanas, aunque en esta ocasión quiso poner el acento en aquellos aspectos de la cultura material y no en aquellos que conforman la tradición oral como las acciones de crear, creer o imaginar. Cada una de las<strong> cuatro ponencias</strong> del taller estuvo dedicada a una de estas acciones, que puestas en común, dan una idea de cómo se teje el territorio a través de esos cuatro hilos y a través del tiempo, que, por una parte, es lineal (las generaciones de hombres y mujeres se van sucediendo) y por otra, está condicionado por la Naturaleza. El director del curso fue transmitiendo a los alumnos (algunos de los cuales provenían del mundo educativo, del administrativo o del ámbito del turismo) una serie de “fogonazos, ideas o perspectivas” para que adquieran las herramientas necesarias para hacer una investigación etnográfica, para saber cómo se puede conocer el patrimonio, cómo valorarlo para preservarlo y cómo se configura una identidad, que, destacó, “nunca es cerrada sino compartida con el mundo al que pertenecemos”. El curso ofrecía una metodología de estudio de los territorios, abordando distintos aspectos de cada uno de esos cuatro campos: los materiales, elementos decorativos o ritos referentes a la arquitectura tradicional; la vida pastoril, la agricultura; las fiestas populares, los ritos de paso o los juegos y la forma en que se emplea el tiempo de ocio, finalmente. Puerto fue introduciendo estos aspectos, primero desde un punto de vista teórico, para después pasar unas imágenes ilustrativas de aquello que se va explicando y que pertenecen, principalmente, a ejemplos de la realidad que más ha trabajado este etnógrafo, el Oeste de Castilla y León y la comarca de Las Hurdes en el Norte de Extremadura. El estudio etnográfico se tiene que articular, según explicó José Luis Puerto, mediante dos vías, la teórica y la práctica. “Para saber en etnografía hay que leer mucho, pero hay que enterarse de la cultura tradicional, hay que ir al territorio y hacer trabajo de campo”, señaló. “Pero claro —subrayó—, este trabajo no se puede hacer de cualquier manera, hacer una tarea etnográfica no es ir con una grabadora y ver qué se le ocurre al anciano con el que me encuentro, sino que tienes que saber a qué vas, qué quieres estudiar, qué quieres documentar, no es la ocurrencia del momento”. “En etnografía, el trabajo de campo es fundamental, pero siempre ha de estar fundamentado”. Para ello puso varios ejemplos de cuestionarios, que se pueden adaptar para estudiar cada caso particular, cada territorio. Hay que volver una segunda vez al lugar de la investigación porque “te están esperando, has reactivado su memoria, la ‘memoria dormida’ y tienen más detalles que te pudieran interesar”. Una de las conclusiones del taller es que los seres humanos se comportan de modo muy parecido en cualquier territorio, pero utilizando los elementos que tienen a su alrededor y la cultura en la que viven. “Un campesino americano va a utilizar las herramientas a su alcance para lo mismo que uno europeo o uno asiático”. “Tenemos más en común de lo que parece —señaló Puerto—, y cada uno lo adapta o lo crea a partir de su realidad”. El estudio etnográfico de un territorio sirve para poner en valor aquellos elementos propios, pero también para desmitificar. “En Lanzarote se podría estudiar la cultura tradicional de la Isla, pero eso no quiere decir que esa cultura sea una cosa cerrada, sino que también hay una universalidad”, aseguró el director del taller, que advirtió de un peligro: la manipulación política de la etnografía, que acaba por hacer una construcción interesada del pasado. “No se puede crear o inventar —dijo— una identidad interesada de una región porque eso es una recreación, una falsificación”. “Hay que documentar lo que se produce tal cual y el gran trabajo pendiente es la posterior comparación”, añadió. Por último, alertó de otro peligro, el de la escenificación de las propias tradiciones, que se repite prácticamente en todos los territorios que reciben turistas: “eso es una profanación de la identidad”, señaló Puerto. <strong>Más información: </strong><a href="/recursos/actividad/4fb3a28dno%20pr.pdf" class="fcm-pdf-download-link">Nota de prensa</a></p></div><div class="wp-block-column is-layout-flow wp-block-column-is-layout-flow" style="flex-basis:33.33%"><div class="wp-block-group detail-panel detail-media wp-block-group-"><div class="wp-block-group__inner-container is-layout-flow wp-block-group-is-layout-flow"><p><a href="https://fcmanrique.org/wp-content/uploads/4fb3a3b8jlpuertoyfg_640.jpg"></a></p></div></div>
<div class="wp-block-group detail-panel detail-media wp-block-group-"><div class="wp-block-group__inner-container is-layout-flow wp-block-group-is-layout-flow"><ul class="wp-block-list"><li><a href="/recursos/actividad/4fb3a28dno%20pr.pdf" class="fcm-pdf-download-link">Nota de prensa</a></li><li><a href="/recursos/actividad/4fb3a2bddiptico.pdf" class="fcm-pdf-download-link">Díptico del Taller Tejer el territorio</a></li><li><a href="/recursos/actividad/4fb3a2e1mat%201.pdf" class="fcm-pdf-download-link">Material curso 1. Textos</a></li><li><a href="/recursos/actividad/4fb3a330mat%202.pdf" class="fcm-pdf-download-link">Material curso 2. Bibliografía y cuestionarios</a></li></ul></div></div></div></div>
