{"id":14239,"date":"2009-06-18T00:00:00","date_gmt":"2009-06-18T00:00:00","guid":{"rendered":"https:\/\/fcmanrique.org\/fcm-actividad\/vicente-verdu\/"},"modified":"2026-04-23T23:19:30","modified_gmt":"2026-04-23T23:19:30","slug":"vicente-verdu","status":"publish","type":"fcm_actividad","link":"https:\/\/ludiccc.ddns.net\/it\/fcm-actividad\/vicente-verdu\/","title":{"rendered":"Vicente Verd\u00fa"},"content":{"rendered":"<div class=\"wp-block-columns fcm-page-migration-columns is-layout-flex wp-container-core-columns-is-layout-9d6595d7 wp-block-columns-is-layout-flex\"><div class=\"wp-block-column is-layout-flow wp-block-column-is-layout-flow\" style=\"flex-basis:66.66%\"><figure class=\"wp-block-image size-full\"><img width=\"135\" height=\"100\" src=\"https:\/\/fcm.local\/wp-content\/uploads\/thmb_4a3f499fthmb_vicenteverdu03_135.jpg\" class=\"wp-image-14240\" alt=\"Vicente Verd\u00fa\" loading=\"eager\" decoding=\"async\" \/><\/figure>\n<p>Hubo un tiempo en que un aura m\u00edstica recubr\u00eda a los artistas. El escritor y periodista Vicente Verd\u00fa record\u00f3 que en el siglo XIX se produjo una sorprendente deriva que llev\u00f3 desde \u201cla veneraci\u00f3n religiosa al monarca\u201d hacia la \u201csacralizaci\u00f3n del artista\u201d a ojos de todos. Se transformaron en seres de los que se esperaba que navegaran por las entra\u00f1as del alma humana para descubrir sus misterios y sacarlos a la superficie. \u201cEl artista se convirti\u00f3 en un creador de mundos nuevos. Se le vio, junto a la ciencia, como una aportaci\u00f3n al conocimiento de la condici\u00f3n humana. Era el conocedor del sentido de la vida, el que transmit\u00eda una revelaci\u00f3n\u201d, apunt\u00f3 el autor de <em>El planeta americano<\/em> durante su intervenci\u00f3n en la Sala Jos\u00e9 Saramago de la Fundaci\u00f3n C\u00e9sar Manrique (FCM) el 18 de junio de 2009, dentro del ciclo <em>El autor y su obra<\/em>. Curiosamente, se daba por bueno que estaban hechos casi a partes iguales de luz y de oscuridad, pues se les acomodaba en el perfil de \u201cgente por lo general tuberculosa, que viv\u00eda penosamente, alcoh\u00f3licos y que, indispensablemente, creaban con dolor\u201d. El autor se\u00f1al\u00f3 que \u201cse ha venido arrastrando la ecuaci\u00f3n del arte basado en el dolor\u201d. <\/p>\n<p>Pero esta figura entre m\u00e1gica y tenebrosa comenz\u00f3 a desdibujarse en la siguiente centuria. \u201cEn el siglo XX hab\u00eda sobre todo que comunicar y el artista ha ido a la par de esa evoluci\u00f3n. No bastaba con crear, sino que ten\u00edan que ser grandes comunicadores. A d\u00eda de hoy, el triunfador no es tanto el que descubre mundos, sino el que crea acontecimientos del que participan miles o millones de personas\u201d, expuso Verd\u00fa. \u201cEl escritor contempor\u00e1neo juega con las emociones. Hay que combatir para captar. Actualmente, incluso un profesor que no sepa comunicar es un fracasado\u201d, manifest\u00f3. \u201cYo tengo amigos que escrib\u00edan novelas experimentales y ahora hacen novelas policiacas. Nunca han estado en una comisar\u00eda ni han traficado con estupefacientes, pero sacan libros de esos de los que se dice: &#8216;No lo podr\u00e1s dejar&#8217;. \u00bfQu\u00e9 tiene que ver eso con la creaci\u00f3n? Tiene que ver con la distracci\u00f3n y el entretenimiento\u201d, sentenci\u00f3. \u201cLos artistas ya inventan poco. La provocaci\u00f3n ya no provoca, no escandaliza y hay m\u00e1s inter\u00e9s en comunicar que en el pilar de apoyo de conocer m\u00e1s all\u00e1. M\u00e1s o menos todos estamos metidos en ello. Cada uno hace lo que puede&#8230;\u201d. <br><\/p>\n<p>Podr\u00eda decirse que Verd\u00fa, doctor en Ciencias Sociales por la Universidad de la Sorbona, miembro de la Fundaci\u00f3n Nieman de la Universidad de Harvard, colaborador habitual del diario <em>El Pa\u00eds<\/em>, donde ocup\u00f3 los cargos de Jefe de Opini\u00f3n y de Cultura, y escritor de \u00e9xito, ha hecho bastante en el proceloso mar de las letras. Ten\u00eda un escritor dentro. \u201cEs una voz poderosa que te conduce en esa direcci\u00f3n y si no lo cumples tienes un sentimiento de culpa tremendo. Otros piensan que si escriben ser\u00e1n m\u00e1s queridos, pero no piensan que a lo mejor te odian el doble. Y hay tambi\u00e9n quien dice que no sabe hacer otra cosa\u201d, coment\u00f3. Parafraseando a Mara\u00f1\u00f3n, matiz\u00f3 que \u201chay mucha gente que siente esa voz, pero es necesario que se cruce con el talento\u201d. La certeza de su aptitud le vino a Verd\u00fa por un camino un tanto retorcido: \u201cYa estoy harto. O me dices de qui\u00e9n copias o se lo digo al prefecto\u201d, le amenaz\u00f3 un tutor en su etapa de estudiante. \u201cMe estaba alabando dudando de mi capacidad\u201d, subray\u00f3 Verd\u00fa. <\/p>\n<p>Este hombre con un escritor encerrado en su interior curs\u00f3 antes una ingenier\u00eda, carrera que no lleg\u00f3 a culminar: \u201cLe dije a mi padre: Mira, no quiero ser ingeniero. Y mi padre, que era abogado, se llev\u00f3 una alegr\u00eda. Me pas\u00e9 a Econ\u00f3micas y obtuve magn\u00edficas calificaciones. Y todos decidieron que ten\u00eda que ser economista. Pero ten\u00eda dudas, lo cual me llev\u00f3 a suspender cinco asignaturas y a desconcertar a los dem\u00e1s\u201d. En esta deriva se encontraba cuando le surgi\u00f3 la oportunidad de hacer un curso en la Sorbona. All\u00ed se fragu\u00f3 una decisi\u00f3n vital. \u201cCuando tuve que volver a Espa\u00f1a me grab\u00e9 lo siguiente en la cabeza: no vivir\u00e1s sino de la escritura. Y me hice periodista. Primero escrib\u00eda sobre la bolsa, pero como yo lo que quer\u00eda era escribir poes\u00eda pues tarbada en hacer el art\u00edculo unas dos horas y media. Hasta que un d\u00eda el director me dijo: &#8216;Escribir bien es escribir bien deprisa&#8217;. Siempre me desped\u00edan por rojo y porque cerraban a menudo\u201d, rememor\u00f3. <br><\/p>\n<p>Con la beca Nieman, y tras su etapa como Jefe de Opini\u00f3n de <em>El Pa\u00eds<\/em>, se escap\u00f3 a Estados Unidos. De su experiencia en este pa\u00eds naci\u00f3 <em>El planeta americano<\/em>. \u201cTodos los libros tienen que ver con la biograf\u00eda\u201d, afirm\u00f3. De sus propias experiencias han surgido tambi\u00e9n <em>Noviazgo y matrimonio en la burgues\u00eda espa\u00f1ola, El f\u00fatbol, mitos, ritos y s\u00edmbolos, El \u00e9xito y el fracaso<\/em> o <em>Nuevos amores, nuevas familias<\/em>. En cuanto a su estilo, Verd\u00fa reconoci\u00f3 que \u201cel periodismo te ense\u00f1a a ser claro\u201d. <\/p><\/div><div class=\"wp-block-column is-layout-flow wp-block-column-is-layout-flow\" style=\"flex-basis:33.33%\"><div class=\"wp-block-group detail-panel detail-media wp-block-group-\"><div class=\"wp-block-group__inner-container is-layout-flow wp-block-group-is-layout-flow\"><p><a href=\"https:\/\/fcmanrique.org\/wp-content\/uploads\/thmb_4a3f46f7thmb_vicenteverdu04_241.jpg\"><\/a><\/p><\/div><\/div>\n<div class=\"wp-block-group detail-panel detail-media wp-block-group-\"><div class=\"wp-block-group__inner-container is-layout-flow wp-block-group-is-layout-flow\"><ul class=\"wp-block-list\"><li><a href=\"\/recursos\/actividad\/4af951c7Nota%20prensa%2010-09.pdf\" class=\"fcm-pdf-download-link\">Nota de prensa<\/a><\/li><\/ul><\/div><\/div><\/div><\/div>","protected":false},"featured_media":14240,"parent":0,"template":"","meta":{"_acf_changed":false,"ngg_post_thumbnail":0,"footnotes":""},"actividad_tipo":[34],"actividad_lugar":[],"actividad_departamento":[31],"actividad_ciclo":[70],"class_list":["post-14239","fcm_actividad","type-fcm_actividad","status-publish","has-post-thumbnail","hentry","actividad_tipo-conferencias","actividad_departamento-departamento-de-programas-culturales","actividad_ciclo-el-autor-y-su-obra"],"acf":[],"_links":{"self":[{"href":"https:\/\/ludiccc.ddns.net\/it\/wp-json\/wp\/v2\/fcm_actividad\/14239","targetHints":{"allow":["GET"]}}],"collection":[{"href":"https:\/\/ludiccc.ddns.net\/it\/wp-json\/wp\/v2\/fcm_actividad"}],"about":[{"href":"https:\/\/ludiccc.ddns.net\/it\/wp-json\/wp\/v2\/types\/fcm_actividad"}],"version-history":[{"count":1,"href":"https:\/\/ludiccc.ddns.net\/it\/wp-json\/wp\/v2\/fcm_actividad\/14239\/revisions"}],"predecessor-version":[{"id":27084,"href":"https:\/\/ludiccc.ddns.net\/it\/wp-json\/wp\/v2\/fcm_actividad\/14239\/revisions\/27084"}],"wp:featuredmedia":[{"embeddable":true,"href":"https:\/\/ludiccc.ddns.net\/it\/wp-json\/wp\/v2\/media\/14240"}],"wp:attachment":[{"href":"https:\/\/ludiccc.ddns.net\/it\/wp-json\/wp\/v2\/media?parent=14239"}],"wp:term":[{"taxonomy":"actividad_tipo","embeddable":true,"href":"https:\/\/ludiccc.ddns.net\/it\/wp-json\/wp\/v2\/actividad_tipo?post=14239"},{"taxonomy":"actividad_lugar","embeddable":true,"href":"https:\/\/ludiccc.ddns.net\/it\/wp-json\/wp\/v2\/actividad_lugar?post=14239"},{"taxonomy":"actividad_departamento","embeddable":true,"href":"https:\/\/ludiccc.ddns.net\/it\/wp-json\/wp\/v2\/actividad_departamento?post=14239"},{"taxonomy":"actividad_ciclo","embeddable":true,"href":"https:\/\/ludiccc.ddns.net\/it\/wp-json\/wp\/v2\/actividad_ciclo?post=14239"}],"curies":[{"name":"wp","href":"https:\/\/api.w.org\/{rel}","templated":true}]}}

Vicente Verdú

<div class="wp-block-columns fcm-page-migration-columns is-layout-flex wp-container-core-columns-is-layout-9d6595d7 wp-block-columns-is-layout-flex"><div class="wp-block-column is-layout-flow wp-block-column-is-layout-flow" style="flex-basis:66.66%"><figure class="wp-block-image size-full"><img width="135" height="100" src="https://fcm.local/wp-content/uploads/thmb_4a3f499fthmb_vicenteverdu03_135.jpg" class="wp-image-14240" alt="Vicente Verdú" loading="eager" decoding="async" /></figure>
<p>Hubo un tiempo en que un aura mística recubría a los artistas. El escritor y periodista Vicente Verdú recordó que en el siglo XIX se produjo una sorprendente deriva que llevó desde “la veneración religiosa al monarca” hacia la “sacralización del artista” a ojos de todos. Se transformaron en seres de los que se esperaba que navegaran por las entrañas del alma humana para descubrir sus misterios y sacarlos a la superficie. “El artista se convirtió en un creador de mundos nuevos. Se le vio, junto a la ciencia, como una aportación al conocimiento de la condición humana. Era el conocedor del sentido de la vida, el que transmitía una revelación”, apuntó el autor de <em>El planeta americano</em> durante su intervención en la Sala José Saramago de la Fundación César Manrique (FCM) el 18 de junio de 2009, dentro del ciclo <em>El autor y su obra</em>. Curiosamente, se daba por bueno que estaban hechos casi a partes iguales de luz y de oscuridad, pues se les acomodaba en el perfil de “gente por lo general tuberculosa, que vivía penosamente, alcohólicos y que, indispensablemente, creaban con dolor”. El autor señaló que “se ha venido arrastrando la ecuación del arte basado en el dolor”. </p>
<p>Pero esta figura entre mágica y tenebrosa comenzó a desdibujarse en la siguiente centuria. “En el siglo XX había sobre todo que comunicar y el artista ha ido a la par de esa evolución. No bastaba con crear, sino que tenían que ser grandes comunicadores. A día de hoy, el triunfador no es tanto el que descubre mundos, sino el que crea acontecimientos del que participan miles o millones de personas”, expuso Verdú. “El escritor contemporáneo juega con las emociones. Hay que combatir para captar. Actualmente, incluso un profesor que no sepa comunicar es un fracasado”, manifestó. “Yo tengo amigos que escribían novelas experimentales y ahora hacen novelas policiacas. Nunca han estado en una comisaría ni han traficado con estupefacientes, pero sacan libros de esos de los que se dice: &#8216;No lo podrás dejar&#8217;. ¿Qué tiene que ver eso con la creación? Tiene que ver con la distracción y el entretenimiento”, sentenció. “Los artistas ya inventan poco. La provocación ya no provoca, no escandaliza y hay más interés en comunicar que en el pilar de apoyo de conocer más allá. Más o menos todos estamos metidos en ello. Cada uno hace lo que puede&#8230;”. <br></p>
<p>Podría decirse que Verdú, doctor en Ciencias Sociales por la Universidad de la Sorbona, miembro de la Fundación Nieman de la Universidad de Harvard, colaborador habitual del diario <em>El País</em>, donde ocupó los cargos de Jefe de Opinión y de Cultura, y escritor de éxito, ha hecho bastante en el proceloso mar de las letras. Tenía un escritor dentro. “Es una voz poderosa que te conduce en esa dirección y si no lo cumples tienes un sentimiento de culpa tremendo. Otros piensan que si escriben serán más queridos, pero no piensan que a lo mejor te odian el doble. Y hay también quien dice que no sabe hacer otra cosa”, comentó. Parafraseando a Marañón, matizó que “hay mucha gente que siente esa voz, pero es necesario que se cruce con el talento”. La certeza de su aptitud le vino a Verdú por un camino un tanto retorcido: “Ya estoy harto. O me dices de quién copias o se lo digo al prefecto”, le amenazó un tutor en su etapa de estudiante. “Me estaba alabando dudando de mi capacidad”, subrayó Verdú. </p>
<p>Este hombre con un escritor encerrado en su interior cursó antes una ingeniería, carrera que no llegó a culminar: “Le dije a mi padre: Mira, no quiero ser ingeniero. Y mi padre, que era abogado, se llevó una alegría. Me pasé a Económicas y obtuve magníficas calificaciones. Y todos decidieron que tenía que ser economista. Pero tenía dudas, lo cual me llevó a suspender cinco asignaturas y a desconcertar a los demás”. En esta deriva se encontraba cuando le surgió la oportunidad de hacer un curso en la Sorbona. Allí se fraguó una decisión vital. “Cuando tuve que volver a España me grabé lo siguiente en la cabeza: no vivirás sino de la escritura. Y me hice periodista. Primero escribía sobre la bolsa, pero como yo lo que quería era escribir poesía pues tarbada en hacer el artículo unas dos horas y media. Hasta que un día el director me dijo: &#8216;Escribir bien es escribir bien deprisa&#8217;. Siempre me despedían por rojo y porque cerraban a menudo”, rememoró. <br></p>
<p>Con la beca Nieman, y tras su etapa como Jefe de Opinión de <em>El País</em>, se escapó a Estados Unidos. De su experiencia en este país nació <em>El planeta americano</em>. “Todos los libros tienen que ver con la biografía”, afirmó. De sus propias experiencias han surgido también <em>Noviazgo y matrimonio en la burguesía española, El fútbol, mitos, ritos y símbolos, El éxito y el fracaso</em> o <em>Nuevos amores, nuevas familias</em>. En cuanto a su estilo, Verdú reconoció que “el periodismo te enseña a ser claro”. </p></div><div class="wp-block-column is-layout-flow wp-block-column-is-layout-flow" style="flex-basis:33.33%"><div class="wp-block-group detail-panel detail-media wp-block-group-"><div class="wp-block-group__inner-container is-layout-flow wp-block-group-is-layout-flow"><p><a href="https://fcmanrique.org/wp-content/uploads/thmb_4a3f46f7thmb_vicenteverdu04_241.jpg"></a></p></div></div>
<div class="wp-block-group detail-panel detail-media wp-block-group-"><div class="wp-block-group__inner-container is-layout-flow wp-block-group-is-layout-flow"><ul class="wp-block-list"><li><a href="/recursos/actividad/4af951c7Nota%20prensa%2010-09.pdf" class="fcm-pdf-download-link">Nota de prensa</a></li></ul></div></div></div></div>
