{"id":14145,"date":"2007-06-21T00:00:00","date_gmt":"2007-06-21T00:00:00","guid":{"rendered":"https:\/\/fcmanrique.org\/fcm-actividad\/jose-maria-ridao-inmigracion-y-esta\/"},"modified":"2026-04-23T23:19:29","modified_gmt":"2026-04-23T23:19:29","slug":"jose-maria-ridao-inmigracion-y-esta","status":"publish","type":"fcm_actividad","link":"https:\/\/ludiccc.ddns.net\/it\/fcm-actividad\/jose-maria-ridao-inmigracion-y-esta\/","title":{"rendered":"Jos\u00e9 Mar\u00eda Ridao. <em>Inmigraci\u00f3n y Estado de Derecho<\/em>"},"content":{"rendered":"<div class=\"wp-block-columns fcm-page-migration-columns is-layout-flex wp-container-core-columns-is-layout-9d6595d7 wp-block-columns-is-layout-flex\"><div class=\"wp-block-column is-layout-flow wp-block-column-is-layout-flow\" style=\"flex-basis:66.66%\"><figure class=\"wp-block-image size-full\"><img width=\"135\" height=\"100\" src=\"https:\/\/fcm.local\/wp-content\/uploads\/thmb_46d7e912thmb_ridao02_135.jpg\" class=\"wp-image-14146\" alt=\"Jos\u00e9 Mar\u00eda Ridao. Inmigraci\u00f3n y Estado de Derecho\" loading=\"eager\" decoding=\"async\" \/><\/figure>\n<p>La soluciones para evitar que contin\u00fae el fen\u00f3meno inmigratorio tal y lo conocemos se deben tomar en el terreno econ\u00f3mico. La primera pasa por liberalizar el comercio internacional, principalmente el agr\u00edcola y la segunda por hacer que salga a la superficie toda la econom\u00eda sumergida que bucea en el sector de la construcci\u00f3n y en los servicios.<\/p>\n<p> Al menos son las que da el ex diplom\u00e1tico y escritor Jos\u00e9 Mar\u00eda Ridao, que particip\u00f3 el 21 de junio de 2007 en el Foro \u2018Fronteras y direcciones del progreso\u2019 en la Fundaci\u00f3n C\u00e9sar Manrique con la conferencia \u2018Inmigraci\u00f3n y Estado de Derecho\u2019. Ridao, que de hecho prefiere llamar a la inmigraci\u00f3n \u201cajuste del mercado laboral internacional\u201d, mucho antes de las soluciones, esbozadas en el coloquio tras la charla, bas\u00f3 su discurso en el an\u00e1lisis de las causas y las consecuencias futuras.<\/p>\n<p> <\/p>\n<p>Para explicar este fen\u00f3meno prefiere poner el foco en los pa\u00edses desarrollados antes que en los pa\u00edses de los que vienen los inmigrantes. Estos sufren la misma situaci\u00f3n desde hace varias d\u00e9cadas, bajo dictaduras o en guerra. Por lo tanto eso no explica por qu\u00e9 el fen\u00f3meno se multiplica. \u201cEl c\u00e1lculo que hacen es que siempre encontrar\u00e1n un empleo m\u00e1s rentable que en su pa\u00eds\u201d, se\u00f1ala Ridao. Esto es as\u00ed tanto si llegan de manera legal como ilegal. Y la reacci\u00f3n de los pa\u00edses ricos ha consistido en abordar este asunto desde planteamientos ideol\u00f3gicos y no econ\u00f3micos. \u201cSi no se pretenden tomar medidas econ\u00f3micas, el terreno de juego para abordar la inmigraci\u00f3n acaba siendo el Estado de Derecho\u201d. Con los peligros que eso conlleva. Resumi\u00e9ndolo mucho, si se altera el Estado de Derecho para hacer frente a este fen\u00f3meno se altera el principio de la igualdad ante la Ley. Las leyes de extranjer\u00eda, por ejemplo, \u201cque son leyes de excepci\u00f3n\u201d: no se aplican a todas las personas de un territorio sino que lo hacen en funci\u00f3n de las condiciones personales de los individuos. De manera sencilla: los espa\u00f1oles, en democracia, s\u00f3lo podemos estar libres o privados de libertad con mandato judicial. Los inmigrantes sin papeles pueden estar cuarenta d\u00edas \u201cretenidos\u201d y pueden ser deportados, incluso a un pa\u00eds que no es el suyo. Se les obliga a sobrevivir en la econom\u00eda sumergida y si se les sorprende se les castiga. \u201cEs como querer acabar con la esclavitud persiguiendo al esclavo y no al esclavista\u201d, seg\u00fan Ridao. \u201cPor querer tratarlo desde el Estado de Derecho y no desde la Econom\u00eda estamos haciendo que nuestras sociedades cada vez sean m\u00e1s de car\u00e1cter identitario\u201d. <br><\/p>\n<p>En el dibujo del proceso que comienza a caminar cuando cae el Muro de Berl\u00edn y que desemboca en la situaci\u00f3n actual, el escritor y articulista traza tres causas que aqu\u00ed s\u00f3lo se perfilan: la consideraci\u00f3n como sin\u00f3nimos de desregulaci\u00f3n y liberalizaci\u00f3n (\u201cla libertad no surge de la ausencia de normas sino en el seno de normas buenas\u201d), el \u201cadelgazamiento\u201d del Estado (se confunde sector p\u00fablico con las instituciones b\u00e1sicas del Estado). Aqu\u00ed hay que se\u00f1alar que, como dijo Ridao, \u201cel volumen de recursos del sector p\u00fablico no decrece sino que se aplican de manera distinta\u201d. Lo que iba, por ejemplo, a sanidad o a educaci\u00f3n hoy se destina a seguridad o al Ej\u00e9rcito. Es el proceso hacia un \u201cEstado penal\u201d. Adem\u00e1s se da la paradoja de que mientras parece que el Estado nacional est\u00e1 condenado a su fin, se multiplican el n\u00famero de Estados. Y la tercera: desaparece la regulaci\u00f3n de los flujos financieros internacionales y se liberaliza la industria pero no la agricultura, que es donde pueden competir los pa\u00edses pobres. <br><\/p>\n<p>Ridao habl\u00f3 de manera extensa sobre el problema cultural que se plantea con la llegad de los inmigrantes. Resalt\u00f3 en primer lugar la p\u00e9rdida progresiva de la noci\u00f3n de cultura ilustrada, que se define en contraposici\u00f3n a la ignorancia, en favor de la cultura rom\u00e1ntica, que estima como cultura\u201dtoda manifestaci\u00f3n cotidiana de los individuos\u201d. En este caso, la cultura no se opone a la ignorancia sino a otra cultura. De este punto de vista, en el mejor de los casos, se plantea la \u201cintegraci\u00f3n del inmigrante\u201d. El problema es definir en qu\u00e9 se integra ese inmigrante. \u201cNo vale con cumplir la Ley, hay que aceptar los valores (que nadie sabe lo que son ) de esa sociedad\u201d. Ridao puso el ejemplo de Sarkozy y su deriva identitaria que le lleva a querer obligar a todos los inmigrantes a conocer los valores y la lengua francesa. \u201cEs una iniciativa peligrosa: si se fijan normativamente los valores de Francia puede pasar que se deje fuera a muchos franceses\u201d. Se crean ciudadanos de primera y de segunda categor\u00eda, se conforman nuevas castas internacionales cuando se habla de inmigrantes de segunda o tercera generaci\u00f3n, que resulta que no han emigrado nunca. <br><\/p>\n<p>Finalmente dio dos puntos de vista para abordar este fen\u00f3meno desde los gobiernos de los pa\u00edses ricos: si lo que quieren es solventar la contrataci\u00f3n ilegal de trabajadores deben poner el \u00e9nfasis en las inspecciones de trabajo y en avanzar en terminar con la econom\u00eda sumergida. Si, por el contrario, lo que quieren es solventar la contrataci\u00f3n de trabajadores ilegales, que pongan el \u00e9nfasis en m\u00e1s polic\u00eda, m\u00e1s seguridad y m\u00e1s controles.<br><br>Jos\u00e9 Mar\u00eda Ridao naci\u00f3 en Madrid en 1961 y es licenciado en filolog\u00eda \u00e1rabe y en derecho. En 1987 ingres\u00f3 en la carrera diplom\u00e1tica, que lo llev\u00f3 a ejercer en Angola, la Uni\u00f3n Sovi\u00e9tica, Guinea Ecuatorial y Francia. En el a\u00f1o 2000 decidi\u00f3 abandonarla para dedicarse exclusivamente a la reflexi\u00f3n y la literatura. En sus ensayos cuestiona los moldes de pensamiento establecidos por la historiograf\u00eda tradicional. Ha incursionado tambi\u00e9n en la novel\u00edstica. Es autor de la novela <em>Agosto en el Para\u00edso<\/em> (1998) y del libro de relatos <em>Excusas para el doctor Huarte<\/em> (1999). Ha recogido sus art\u00edculos period\u00edsticos en el volumen <em>La desilusi\u00f3n permanente<\/em> (2000).<\/p><\/div><div class=\"wp-block-column is-layout-flow wp-block-column-is-layout-flow\" style=\"flex-basis:33.33%\"><div class=\"wp-block-group detail-panel detail-media wp-block-group-\"><div class=\"wp-block-group__inner-container is-layout-flow wp-block-group-is-layout-flow\"><p><a href=\"https:\/\/fcmanrique.org\/wp-content\/uploads\/469c7b7bthmb_ridao02_600.jpg\"><\/a><\/p><\/div><\/div><\/div><\/div>","protected":false},"featured_media":14146,"parent":0,"template":"","meta":{"_acf_changed":false,"ngg_post_thumbnail":0,"footnotes":""},"actividad_tipo":[34],"actividad_lugar":[46],"actividad_departamento":[31],"actividad_ciclo":[72],"class_list":["post-14145","fcm_actividad","type-fcm_actividad","status-publish","has-post-thumbnail","hentry","actividad_tipo-conferencias","actividad_lugar-lugar-fcm","actividad_departamento-departamento-de-programas-culturales","actividad_ciclo-fronteras-y-direcciones-de-progreso"],"acf":[],"_links":{"self":[{"href":"https:\/\/ludiccc.ddns.net\/it\/wp-json\/wp\/v2\/fcm_actividad\/14145","targetHints":{"allow":["GET"]}}],"collection":[{"href":"https:\/\/ludiccc.ddns.net\/it\/wp-json\/wp\/v2\/fcm_actividad"}],"about":[{"href":"https:\/\/ludiccc.ddns.net\/it\/wp-json\/wp\/v2\/types\/fcm_actividad"}],"version-history":[{"count":1,"href":"https:\/\/ludiccc.ddns.net\/it\/wp-json\/wp\/v2\/fcm_actividad\/14145\/revisions"}],"predecessor-version":[{"id":27012,"href":"https:\/\/ludiccc.ddns.net\/it\/wp-json\/wp\/v2\/fcm_actividad\/14145\/revisions\/27012"}],"wp:featuredmedia":[{"embeddable":true,"href":"https:\/\/ludiccc.ddns.net\/it\/wp-json\/wp\/v2\/media\/14146"}],"wp:attachment":[{"href":"https:\/\/ludiccc.ddns.net\/it\/wp-json\/wp\/v2\/media?parent=14145"}],"wp:term":[{"taxonomy":"actividad_tipo","embeddable":true,"href":"https:\/\/ludiccc.ddns.net\/it\/wp-json\/wp\/v2\/actividad_tipo?post=14145"},{"taxonomy":"actividad_lugar","embeddable":true,"href":"https:\/\/ludiccc.ddns.net\/it\/wp-json\/wp\/v2\/actividad_lugar?post=14145"},{"taxonomy":"actividad_departamento","embeddable":true,"href":"https:\/\/ludiccc.ddns.net\/it\/wp-json\/wp\/v2\/actividad_departamento?post=14145"},{"taxonomy":"actividad_ciclo","embeddable":true,"href":"https:\/\/ludiccc.ddns.net\/it\/wp-json\/wp\/v2\/actividad_ciclo?post=14145"}],"curies":[{"name":"wp","href":"https:\/\/api.w.org\/{rel}","templated":true}]}}

José María Ridao. <em>Inmigración y Estado de Derecho</em>

<div class="wp-block-columns fcm-page-migration-columns is-layout-flex wp-container-core-columns-is-layout-9d6595d7 wp-block-columns-is-layout-flex"><div class="wp-block-column is-layout-flow wp-block-column-is-layout-flow" style="flex-basis:66.66%"><figure class="wp-block-image size-full"><img width="135" height="100" src="https://fcm.local/wp-content/uploads/thmb_46d7e912thmb_ridao02_135.jpg" class="wp-image-14146" alt="José María Ridao. Inmigración y Estado de Derecho" loading="eager" decoding="async" /></figure>
<p>La soluciones para evitar que continúe el fenómeno inmigratorio tal y lo conocemos se deben tomar en el terreno económico. La primera pasa por liberalizar el comercio internacional, principalmente el agrícola y la segunda por hacer que salga a la superficie toda la economía sumergida que bucea en el sector de la construcción y en los servicios.</p>
<p> Al menos son las que da el ex diplomático y escritor José María Ridao, que participó el 21 de junio de 2007 en el Foro ‘Fronteras y direcciones del progreso’ en la Fundación César Manrique con la conferencia ‘Inmigración y Estado de Derecho’. Ridao, que de hecho prefiere llamar a la inmigración “ajuste del mercado laboral internacional”, mucho antes de las soluciones, esbozadas en el coloquio tras la charla, basó su discurso en el análisis de las causas y las consecuencias futuras.</p>
<p> </p>
<p>Para explicar este fenómeno prefiere poner el foco en los países desarrollados antes que en los países de los que vienen los inmigrantes. Estos sufren la misma situación desde hace varias décadas, bajo dictaduras o en guerra. Por lo tanto eso no explica por qué el fenómeno se multiplica. “El cálculo que hacen es que siempre encontrarán un empleo más rentable que en su país”, señala Ridao. Esto es así tanto si llegan de manera legal como ilegal. Y la reacción de los países ricos ha consistido en abordar este asunto desde planteamientos ideológicos y no económicos. “Si no se pretenden tomar medidas económicas, el terreno de juego para abordar la inmigración acaba siendo el Estado de Derecho”. Con los peligros que eso conlleva. Resumiéndolo mucho, si se altera el Estado de Derecho para hacer frente a este fenómeno se altera el principio de la igualdad ante la Ley. Las leyes de extranjería, por ejemplo, “que son leyes de excepción”: no se aplican a todas las personas de un territorio sino que lo hacen en función de las condiciones personales de los individuos. De manera sencilla: los españoles, en democracia, sólo podemos estar libres o privados de libertad con mandato judicial. Los inmigrantes sin papeles pueden estar cuarenta días “retenidos” y pueden ser deportados, incluso a un país que no es el suyo. Se les obliga a sobrevivir en la economía sumergida y si se les sorprende se les castiga. “Es como querer acabar con la esclavitud persiguiendo al esclavo y no al esclavista”, según Ridao. “Por querer tratarlo desde el Estado de Derecho y no desde la Economía estamos haciendo que nuestras sociedades cada vez sean más de carácter identitario”. <br></p>
<p>En el dibujo del proceso que comienza a caminar cuando cae el Muro de Berlín y que desemboca en la situación actual, el escritor y articulista traza tres causas que aquí sólo se perfilan: la consideración como sinónimos de desregulación y liberalización (“la libertad no surge de la ausencia de normas sino en el seno de normas buenas”), el “adelgazamiento” del Estado (se confunde sector público con las instituciones básicas del Estado). Aquí hay que señalar que, como dijo Ridao, “el volumen de recursos del sector público no decrece sino que se aplican de manera distinta”. Lo que iba, por ejemplo, a sanidad o a educación hoy se destina a seguridad o al Ejército. Es el proceso hacia un “Estado penal”. Además se da la paradoja de que mientras parece que el Estado nacional está condenado a su fin, se multiplican el número de Estados. Y la tercera: desaparece la regulación de los flujos financieros internacionales y se liberaliza la industria pero no la agricultura, que es donde pueden competir los países pobres. <br></p>
<p>Ridao habló de manera extensa sobre el problema cultural que se plantea con la llegad de los inmigrantes. Resaltó en primer lugar la pérdida progresiva de la noción de cultura ilustrada, que se define en contraposición a la ignorancia, en favor de la cultura romántica, que estima como cultura”toda manifestación cotidiana de los individuos”. En este caso, la cultura no se opone a la ignorancia sino a otra cultura. De este punto de vista, en el mejor de los casos, se plantea la “integración del inmigrante”. El problema es definir en qué se integra ese inmigrante. “No vale con cumplir la Ley, hay que aceptar los valores (que nadie sabe lo que son ) de esa sociedad”. Ridao puso el ejemplo de Sarkozy y su deriva identitaria que le lleva a querer obligar a todos los inmigrantes a conocer los valores y la lengua francesa. “Es una iniciativa peligrosa: si se fijan normativamente los valores de Francia puede pasar que se deje fuera a muchos franceses”. Se crean ciudadanos de primera y de segunda categoría, se conforman nuevas castas internacionales cuando se habla de inmigrantes de segunda o tercera generación, que resulta que no han emigrado nunca. <br></p>
<p>Finalmente dio dos puntos de vista para abordar este fenómeno desde los gobiernos de los países ricos: si lo que quieren es solventar la contratación ilegal de trabajadores deben poner el énfasis en las inspecciones de trabajo y en avanzar en terminar con la economía sumergida. Si, por el contrario, lo que quieren es solventar la contratación de trabajadores ilegales, que pongan el énfasis en más policía, más seguridad y más controles.<br><br>José María Ridao nació en Madrid en 1961 y es licenciado en filología árabe y en derecho. En 1987 ingresó en la carrera diplomática, que lo llevó a ejercer en Angola, la Unión Soviética, Guinea Ecuatorial y Francia. En el año 2000 decidió abandonarla para dedicarse exclusivamente a la reflexión y la literatura. En sus ensayos cuestiona los moldes de pensamiento establecidos por la historiografía tradicional. Ha incursionado también en la novelística. Es autor de la novela <em>Agosto en el Paraíso</em> (1998) y del libro de relatos <em>Excusas para el doctor Huarte</em> (1999). Ha recogido sus artículos periodísticos en el volumen <em>La desilusión permanente</em> (2000).</p></div><div class="wp-block-column is-layout-flow wp-block-column-is-layout-flow" style="flex-basis:33.33%"><div class="wp-block-group detail-panel detail-media wp-block-group-"><div class="wp-block-group__inner-container is-layout-flow wp-block-group-is-layout-flow"><p><a href="https://fcmanrique.org/wp-content/uploads/469c7b7bthmb_ridao02_600.jpg"></a></p></div></div></div></div>
