{"id":14076,"date":"2006-11-13T00:00:00","date_gmt":"2006-11-13T00:00:00","guid":{"rendered":"https:\/\/fcmanrique.org\/fcm-actividad\/susan-george-inmigracion-la-gran-so\/"},"modified":"2026-04-23T23:19:30","modified_gmt":"2026-04-23T23:19:30","slug":"susan-george-inmigracion-la-gran-so","status":"publish","type":"fcm_actividad","link":"https:\/\/ludiccc.ddns.net\/it\/fcm-actividad\/susan-george-inmigracion-la-gran-so\/","title":{"rendered":"Susan George. <em>Inmigraci\u00f3n: la gran sorpresa<\/em>"},"content":{"rendered":"<div class=\"wp-block-columns fcm-page-migration-columns is-layout-flex wp-container-core-columns-is-layout-9d6595d7 wp-block-columns-is-layout-flex\"><div class=\"wp-block-column is-layout-flow wp-block-column-is-layout-flow\" style=\"flex-basis:66.66%\"><figure class=\"wp-block-image size-full\"><img width=\"135\" height=\"100\" src=\"https:\/\/fcm.local\/wp-content\/uploads\/thmb_thmb_susangeorge3_135.jpg\" class=\"wp-image-14077\" alt=\"Susan George. Inmigraci\u00f3n: la gran sorpresa\" loading=\"eager\" decoding=\"async\" \/><\/figure>\n<p>El 13 de noviembre de 2006, Susan George pronunci\u00f3 la conferencia titulada &#8220;Inmigraci\u00f3n: la gran sorpresa&#8221;.<\/p>\n<p>Susan George es licenciada en Instituciones de gobierno francesas por el Smith College (EE.UU.), licenciada en Filosof\u00eda por la Universidad de la Sorbona y Doctora en Estudios Pol\u00edticos por la Escuela de Altos Estudios de Ciencias Sociales de la Universidad de Par\u00eds. Su trabajo actual versa sobre diversos aspectos de la globalizaci\u00f3n neoliberal, en particular, los relativos a la Organizaci\u00f3n Mundial de Comercio, las instituciones financieras internacionales y las relaciones Norte-Sur. Estuvo a la cabeza de la campa\u00f1a que se llev\u00f3 a cabo en Francia para rechazar el Acuerdo Multilateral de Inversiones (AMI) y actualmente colabora en la campa\u00f1a por la democratizaci\u00f3n de la Organizaci\u00f3n Mundial del Comercio que incluye, entre otros, el movimiento \u201cZonas libres del Acuerdo General de Comercio de Servicios (AGCS)\u201d, al cual pertenecen ya 1.500 administraciones locales de Europa.<\/p>\n<p>Susan George preside el Comit\u00e9 de Planificaci\u00f3n del Instituto Transnacional de \u00c1msterdam, una asociaci\u00f3n que re\u00fane a acad\u00e9micos de todo el mundo que trabajan a favor de la justicia social y participan activamente en la vida social de sus respectivos pa\u00edses. <\/p>\n<p>Entre 1990 y 1995, Susan George form\u00f3 parte del Comit\u00e9 de Greenpeace Internacional y de Greenpeace France. Asimismo, ha prestado servicios de asesoramiento a diversos organismos especializados de Naciones Unidas y realiza frecuentes intervenciones en p\u00fablico, en particular, para grupos ATTAC, sindicatos y ONG de desarrollo y medio ambiente de muchos pa\u00edses. Entre 1999 y mediados de 2006 ocup\u00f3 la vicepresidencia de ATTAC Francia. <\/p>\n<p>George es autora de m\u00e1s de una decena de libros. Entre ellos cabe citar Enferma anda la Tierra (1990), La religi\u00f3n del cr\u00e9dito: el Banco Mundial y su imperio secular (1994) El Informe Lugano (1999), Pongamos la OMC en su sitio (2002) y Otro mundo es posible si\u2026 (2004). Su \u00faltima publicaci\u00f3n, Nosotros, los pueblos de Europa, ha sido editada recientemente en nuestro pa\u00eds. <\/p>\n<p>Es autora tambi\u00e9n de decenas de prefacios, art\u00edculos en prensa, ponencias para seminarios y conferencias, cap\u00edtulos de obras conjuntas, etc.<\/p>\n<p>En el transcurso de su intervenci\u00f3n, Susan George abord\u00f3 el fen\u00f3meno por el que, a su juicio, el Norte ha hecho todo lo que estaba en su mano para convertir la inmigraci\u00f3n en la \u00fanica soluci\u00f3n viable para millones de personas del Sur. Los mismos gobiernos que llevan a\u00f1os aplicando pol\u00edticas que hacen improbable cualquier otra salida parecen ahora totalmente sorprendidos con la llegada de inmigrantes. <\/p>\n<p>Las \u201csoluciones\u201d de esos gobiernos, entiende George, no abordan las causas que est\u00e1n en la raiz del problema, sino que se limitan a cuestiones de seguridad y respuestas policiales.Seg\u00fan Susan George, la inmigraci\u00f3n masiva no es un fen\u00f3meno normal, y s\u00f3lo se produce en situaciones extremas, por lo que la pregunta que se plantea es: \u00bfQu\u00e9 pol\u00edticas debemos cambiar para reestablecer un m\u00ednimo de equilibrio en las relaciones Norte-Sur y lograr que la inmigraci\u00f3n no sea tan necesaria?<\/p><\/div><div class=\"wp-block-column is-layout-flow wp-block-column-is-layout-flow\" style=\"flex-basis:33.33%\"><div class=\"wp-block-group detail-panel detail-media wp-block-group-\"><div class=\"wp-block-group__inner-container is-layout-flow wp-block-group-is-layout-flow\"><p><a href=\"https:\/\/fcmanrique.org\/wp-content\/uploads\/thmb_thmb_susangeorge3_241.jpg\"><\/a><\/p><\/div><\/div><\/div><\/div>","protected":false},"featured_media":14077,"parent":0,"template":"","meta":{"_acf_changed":false,"ngg_post_thumbnail":0,"footnotes":""},"actividad_tipo":[34],"actividad_lugar":[46],"actividad_departamento":[31],"actividad_ciclo":[72],"class_list":["post-14076","fcm_actividad","type-fcm_actividad","status-publish","has-post-thumbnail","hentry","actividad_tipo-conferencias","actividad_lugar-lugar-fcm","actividad_departamento-departamento-de-programas-culturales","actividad_ciclo-fronteras-y-direcciones-de-progreso"],"acf":[],"_links":{"self":[{"href":"https:\/\/ludiccc.ddns.net\/it\/wp-json\/wp\/v2\/fcm_actividad\/14076","targetHints":{"allow":["GET"]}}],"collection":[{"href":"https:\/\/ludiccc.ddns.net\/it\/wp-json\/wp\/v2\/fcm_actividad"}],"about":[{"href":"https:\/\/ludiccc.ddns.net\/it\/wp-json\/wp\/v2\/types\/fcm_actividad"}],"version-history":[{"count":1,"href":"https:\/\/ludiccc.ddns.net\/it\/wp-json\/wp\/v2\/fcm_actividad\/14076\/revisions"}],"predecessor-version":[{"id":27069,"href":"https:\/\/ludiccc.ddns.net\/it\/wp-json\/wp\/v2\/fcm_actividad\/14076\/revisions\/27069"}],"wp:featuredmedia":[{"embeddable":true,"href":"https:\/\/ludiccc.ddns.net\/it\/wp-json\/wp\/v2\/media\/14077"}],"wp:attachment":[{"href":"https:\/\/ludiccc.ddns.net\/it\/wp-json\/wp\/v2\/media?parent=14076"}],"wp:term":[{"taxonomy":"actividad_tipo","embeddable":true,"href":"https:\/\/ludiccc.ddns.net\/it\/wp-json\/wp\/v2\/actividad_tipo?post=14076"},{"taxonomy":"actividad_lugar","embeddable":true,"href":"https:\/\/ludiccc.ddns.net\/it\/wp-json\/wp\/v2\/actividad_lugar?post=14076"},{"taxonomy":"actividad_departamento","embeddable":true,"href":"https:\/\/ludiccc.ddns.net\/it\/wp-json\/wp\/v2\/actividad_departamento?post=14076"},{"taxonomy":"actividad_ciclo","embeddable":true,"href":"https:\/\/ludiccc.ddns.net\/it\/wp-json\/wp\/v2\/actividad_ciclo?post=14076"}],"curies":[{"name":"wp","href":"https:\/\/api.w.org\/{rel}","templated":true}]}}

Susan George. <em>Inmigración: la gran sorpresa</em>

<div class="wp-block-columns fcm-page-migration-columns is-layout-flex wp-container-core-columns-is-layout-9d6595d7 wp-block-columns-is-layout-flex"><div class="wp-block-column is-layout-flow wp-block-column-is-layout-flow" style="flex-basis:66.66%"><figure class="wp-block-image size-full"><img width="135" height="100" src="https://fcm.local/wp-content/uploads/thmb_thmb_susangeorge3_135.jpg" class="wp-image-14077" alt="Susan George. Inmigración: la gran sorpresa" loading="eager" decoding="async" /></figure>
<p>El 13 de noviembre de 2006, Susan George pronunció la conferencia titulada &#8220;Inmigración: la gran sorpresa&#8221;.</p>
<p>Susan George es licenciada en Instituciones de gobierno francesas por el Smith College (EE.UU.), licenciada en Filosofía por la Universidad de la Sorbona y Doctora en Estudios Políticos por la Escuela de Altos Estudios de Ciencias Sociales de la Universidad de París. Su trabajo actual versa sobre diversos aspectos de la globalización neoliberal, en particular, los relativos a la Organización Mundial de Comercio, las instituciones financieras internacionales y las relaciones Norte-Sur. Estuvo a la cabeza de la campaña que se llevó a cabo en Francia para rechazar el Acuerdo Multilateral de Inversiones (AMI) y actualmente colabora en la campaña por la democratización de la Organización Mundial del Comercio que incluye, entre otros, el movimiento “Zonas libres del Acuerdo General de Comercio de Servicios (AGCS)”, al cual pertenecen ya 1.500 administraciones locales de Europa.</p>
<p>Susan George preside el Comité de Planificación del Instituto Transnacional de Ámsterdam, una asociación que reúne a académicos de todo el mundo que trabajan a favor de la justicia social y participan activamente en la vida social de sus respectivos países. </p>
<p>Entre 1990 y 1995, Susan George formó parte del Comité de Greenpeace Internacional y de Greenpeace France. Asimismo, ha prestado servicios de asesoramiento a diversos organismos especializados de Naciones Unidas y realiza frecuentes intervenciones en público, en particular, para grupos ATTAC, sindicatos y ONG de desarrollo y medio ambiente de muchos países. Entre 1999 y mediados de 2006 ocupó la vicepresidencia de ATTAC Francia. </p>
<p>George es autora de más de una decena de libros. Entre ellos cabe citar Enferma anda la Tierra (1990), La religión del crédito: el Banco Mundial y su imperio secular (1994) El Informe Lugano (1999), Pongamos la OMC en su sitio (2002) y Otro mundo es posible si… (2004). Su última publicación, Nosotros, los pueblos de Europa, ha sido editada recientemente en nuestro país. </p>
<p>Es autora también de decenas de prefacios, artículos en prensa, ponencias para seminarios y conferencias, capítulos de obras conjuntas, etc.</p>
<p>En el transcurso de su intervención, Susan George abordó el fenómeno por el que, a su juicio, el Norte ha hecho todo lo que estaba en su mano para convertir la inmigración en la única solución viable para millones de personas del Sur. Los mismos gobiernos que llevan años aplicando políticas que hacen improbable cualquier otra salida parecen ahora totalmente sorprendidos con la llegada de inmigrantes. </p>
<p>Las “soluciones” de esos gobiernos, entiende George, no abordan las causas que están en la raiz del problema, sino que se limitan a cuestiones de seguridad y respuestas policiales.Según Susan George, la inmigración masiva no es un fenómeno normal, y sólo se produce en situaciones extremas, por lo que la pregunta que se plantea es: ¿Qué políticas debemos cambiar para reestablecer un mínimo de equilibrio en las relaciones Norte-Sur y lograr que la inmigración no sea tan necesaria?</p></div><div class="wp-block-column is-layout-flow wp-block-column-is-layout-flow" style="flex-basis:33.33%"><div class="wp-block-group detail-panel detail-media wp-block-group-"><div class="wp-block-group__inner-container is-layout-flow wp-block-group-is-layout-flow"><p><a href="https://fcmanrique.org/wp-content/uploads/thmb_thmb_susangeorge3_241.jpg"></a></p></div></div></div></div>
