{"id":14067,"date":"2004-11-20T00:00:00","date_gmt":"2004-11-20T00:00:00","guid":{"rendered":"https:\/\/fcmanrique.org\/fcm-actividad\/salvar-la-geria\/"},"modified":"2026-04-23T23:19:30","modified_gmt":"2026-04-23T23:19:30","slug":"salvar-la-geria","status":"publish","type":"fcm_actividad","link":"https:\/\/ludiccc.ddns.net\/it\/fcm-actividad\/salvar-la-geria\/","title":{"rendered":"Salvar La Geria"},"content":{"rendered":"<div class=\"wp-block-columns fcm-page-migration-columns is-layout-flex wp-container-core-columns-is-layout-9d6595d7 wp-block-columns-is-layout-flex\"><div class=\"wp-block-column is-layout-flow wp-block-column-is-layout-flow\" style=\"flex-basis:66.66%\"><figure class=\"wp-block-image size-full\"><img fetchpriority=\"high\" width=\"400\" height=\"340\" src=\"https:\/\/fcm.local\/wp-content\/uploads\/fc-manrique-actividad-salvar-la-geria-1.jpg\" class=\"wp-image-24051\" alt=\"Salvar La Geria\" loading=\"eager\" decoding=\"async\" srcset=\"https:\/\/fcm.local\/wp-content\/uploads\/fc-manrique-actividad-salvar-la-geria-1.jpg 400w, https:\/\/fcm.local\/wp-content\/uploads\/fc-manrique-actividad-salvar-la-geria-1-300x255.jpg 300w, https:\/\/fcm.local\/wp-content\/uploads\/fc-manrique-actividad-salvar-la-geria-1-289x246.jpg 289w\" sizes=\"(max-width: 400px) 100vw, 400px\" \/><\/figure>\n<p>El 16 de noviembre de 2004, en rueda de prensa, el presidente de la FCM, Jos\u00e9 Juan Ram\u00edrez y el director de Actividades Culturales, Fernando G\u00f3mez Aguilera, presentaron las acciones que ten\u00eda previsto emprender la FCM contra el proyecto del Cabildo de Lanzarote de ampliaci\u00f3n de la carretera de La Geria.<\/p>\n<p>Las razones que indujeron a la FCM a iniciar la campa\u00f1a son, en primer lugar, que las dimensiones de la carretera \u2013en algunos de los tramos ya ejecutados, la plataforma alcanza en varias ocasiones los nueve metros de anchura, unas dimensiones que, adem\u00e1s, no vienen obligadas por ley\u2013, y su trazado, que hace de La Geria un segundo eje de circulaci\u00f3n longitudinal, destruir\u00e1n el valor paisaj\u00edstico de la zona, adem\u00e1s de que el previsible aumento del tr\u00e1fico rodado, supondr\u00e1 un grave deterioro para su delicado ecosistema.<\/p>\n<p>No puede soslayarse la idea de que La Geria es un tesoro que es imprescindible proteger del consumo tur\u00edstico masivo. El problema central, por tanto, debiera trasladarse a la crisis y el deterioro que sufre el propio paisaje y a las actividades asociadas a la supervivencia de La Geria y su paisaje \u00fanico y singular.<\/p>\n<p>En el informe sobre las carreteras de Lanzarote elaborado por Antonio Estevan en 1998 a petici\u00f3n de la FCM, se indicaba lo siguiente en relaci\u00f3n a La Geria: El paisaje de La Geria est\u00e1 constituido por una combinaci\u00f3n espectacular, y extremadamente compleja en sus formas y en sus funciones, de elementos de acondicionamiento tradicional del espacio agrario. El resultado es un territorio que es \u2013literalmente\u2013 \u00fanico en el mundo. Obviamente, un paisaje de estas caracter\u00edsticas experimenta un grav\u00edsimo deterioro por la intrusi\u00f3n de potentes infraestructuras viarias de trazado moderno. Este deterioro se puede apreciar f\u00e1cilmente en los tramos ya ejecutados o en construcci\u00f3n.<\/p>\n<p>El paisaje de La Geria es, por su propia naturaleza, un paisaje para ser recorrido lentamente, recre\u00e1ndose en los ins\u00f3litos detalles que se multiplican a lo largo del recorrido. Evidentemente, una carretera dise\u00f1ada para la circulaci\u00f3n a velocidades elevadas imposibilita la circulaci\u00f3n lenta, pues fuerza a todos los veh\u00edculos a circular a velocidades pr\u00f3ximas a la velocidad de dise\u00f1o de la v\u00eda, so pena de experimentar una sensaci\u00f3n de inseguridad inaceptable.<\/p>\n<p>La FCM no se opuso ni al acondicionamiento ni a un nuevo asfaltado de la carretera, siempre y cuando no se aumente su capacidad y se siga un dise\u00f1o de integraci\u00f3n en el paisaje. Propuso, adem\u00e1s, referentes que atraviesan otros paisajes similares en la Isla, as\u00ed la carretera del Parque de Timanfaya y la que une la Cueva de los Verdes con los Jameos del Agua, es decir, carreteras integradas con el medio, de corto impacto ambiental o paisaj\u00edstico, con anchos menores a los seis metros, buen firme y con aparcaderos para permitir la fluidez circulatoria en los dos sentidos de la marcha.<\/p>\n<p>La campa\u00f1a ten\u00eda como principal objetivo, adem\u00e1s de transformar el proyecto de la tercera fase de realizaci\u00f3n de la carretera, retomar el debate social y convocar a la ciudadan\u00eda ante una nueva agresi\u00f3n que multiplicaba el quebrantamiento medioambiental de la isla de Lanzarote.<\/p>\n<p>Para ello se editaron 9.000 tarjetas con vi\u00f1etas reivindicativas firmadas por los famosos dibujantes M\u00e1ximo, Peridis y Gallego y Rey para el libro <em>Lanzarote. El papel de la crisis<\/em>, publicado por la FCM en 2000; 5.000 pegatinas y 1.000 carteles con el lema \u201c\u00a1Salvar La Geria. Esta carretera \u00a1NO!\u201d.<\/p>\n<p>Los d\u00edas 20 y 21 de noviembre, el c\u00f3mico italiano Leo Bassi, invitado por la FCM, flet\u00f3 de nuevo, como \u201cacto de resistencia\u201d, el <em>Bassib\u00fas<\/em>, un autob\u00fas que particip\u00f3 en diversos actos en la Comunidad de Madrid, que le llevaron por diferentes centros comerciales, parques tem\u00e1ticos, campos de golf y zonas de expansi\u00f3n urban\u00edstica, durante la \u00faltima campa\u00f1a electoral a las Cortes Generales.<\/p>\n<p>El s\u00e1bado 20 de noviembre, el artista dirigi\u00f3 una carta a la presidencia del Cabildo de Lanzarote, en la que dec\u00eda:<\/p>\n<p>\u201cSe\u00f1ora presidenta del Cabildo de Lanzarote:<\/p>\n<p>Como europeo, soy consciente de la suerte que tengo de poder vivir en democracia y disfrutar de la libertad de expresar mis opiniones.<\/p>\n<p>Aqu\u00ed, en Lanzarote, he podido ejercitar este derecho sin ning\u00fan obst\u00e1culo y quiero agradecer a los responsables pol\u00edticos de la isla, de la Comunidad Aut\u00f3noma de Canarias y del Estado espa\u00f1ol que me hayan garantizado y respetado perfectamente este privilegio.<\/p>\n<p>Mi participaci\u00f3n en la campa\u00f1a \u201c\u00a1Salvar La Geria, esta carretera NO!\u201d ha tenido como \u00fanico objetivo participar en el debate sobre la conservaci\u00f3n de La Geria, que he podido admirar y amar en mis anteriores visitas a la isla.<\/p>\n<p>Desde la primera vez que descubr\u00ed Lanzarote fui, como le ocurre a muchos extranjeros, impactado por sus paisajes \u00fanicos en el mundo y sorprendido y seducido por el original planteamiento de un desarrollo tur\u00edstico inspirado en la visi\u00f3n de C\u00e9sar Manrique.<\/p>\n<p>Mi deseo m\u00e1s sincero es que Lanzarote pueda seguir ofreciendo a sus visitantes este ambiente tan particular y que las futuras generaciones pueden disfrutar del placer que he conocido en esta maravillosa isla\u201d. Leo Bassi <\/p>\n<p>Una actividad de desarrollo posterior fue el anuncio de convocatoria, para 2005, de una Mesa redonda, coordinada por Antonio Estevan.<\/p><\/div><div class=\"wp-block-column is-layout-flow wp-block-column-is-layout-flow\" style=\"flex-basis:33.33%\"><div class=\"wp-block-group detail-panel detail-media wp-block-group-\"><div class=\"wp-block-group__inner-container is-layout-flow wp-block-group-is-layout-flow\"><p><a href=\"https:\/\/fcmanrique.org\/wp-content\/uploads\/campanageria01_640.jpg\"><\/a><\/p><\/div><\/div><\/div><\/div>","protected":false},"featured_media":24051,"parent":0,"template":"","meta":{"_acf_changed":false,"ngg_post_thumbnail":0,"footnotes":""},"actividad_tipo":[38],"actividad_lugar":[46],"actividad_departamento":[29],"actividad_ciclo":[],"class_list":["post-14067","fcm_actividad","type-fcm_actividad","status-publish","has-post-thumbnail","hentry","actividad_tipo-campanas-de-sensibilizacion","actividad_lugar-lugar-fcm","actividad_departamento-departamento-de-territorio-y-medio-ambiente"],"acf":[],"_links":{"self":[{"href":"https:\/\/ludiccc.ddns.net\/it\/wp-json\/wp\/v2\/fcm_actividad\/14067","targetHints":{"allow":["GET"]}}],"collection":[{"href":"https:\/\/ludiccc.ddns.net\/it\/wp-json\/wp\/v2\/fcm_actividad"}],"about":[{"href":"https:\/\/ludiccc.ddns.net\/it\/wp-json\/wp\/v2\/types\/fcm_actividad"}],"version-history":[{"count":5,"href":"https:\/\/ludiccc.ddns.net\/it\/wp-json\/wp\/v2\/fcm_actividad\/14067\/revisions"}],"predecessor-version":[{"id":27062,"href":"https:\/\/ludiccc.ddns.net\/it\/wp-json\/wp\/v2\/fcm_actividad\/14067\/revisions\/27062"}],"wp:featuredmedia":[{"embeddable":true,"href":"https:\/\/ludiccc.ddns.net\/it\/wp-json\/wp\/v2\/media\/24051"}],"wp:attachment":[{"href":"https:\/\/ludiccc.ddns.net\/it\/wp-json\/wp\/v2\/media?parent=14067"}],"wp:term":[{"taxonomy":"actividad_tipo","embeddable":true,"href":"https:\/\/ludiccc.ddns.net\/it\/wp-json\/wp\/v2\/actividad_tipo?post=14067"},{"taxonomy":"actividad_lugar","embeddable":true,"href":"https:\/\/ludiccc.ddns.net\/it\/wp-json\/wp\/v2\/actividad_lugar?post=14067"},{"taxonomy":"actividad_departamento","embeddable":true,"href":"https:\/\/ludiccc.ddns.net\/it\/wp-json\/wp\/v2\/actividad_departamento?post=14067"},{"taxonomy":"actividad_ciclo","embeddable":true,"href":"https:\/\/ludiccc.ddns.net\/it\/wp-json\/wp\/v2\/actividad_ciclo?post=14067"}],"curies":[{"name":"wp","href":"https:\/\/api.w.org\/{rel}","templated":true}]}}

<div class="wp-block-columns fcm-page-migration-columns is-layout-flex wp-container-core-columns-is-layout-9d6595d7 wp-block-columns-is-layout-flex"><div class="wp-block-column is-layout-flow wp-block-column-is-layout-flow" style="flex-basis:66.66%"><figure class="wp-block-image size-full"><img fetchpriority="high" width="400" height="340" src="https://fcm.local/wp-content/uploads/fc-manrique-actividad-salvar-la-geria-1.jpg" class="wp-image-24051" alt="Salvar La Geria" loading="eager" decoding="async" srcset="https://fcm.local/wp-content/uploads/fc-manrique-actividad-salvar-la-geria-1.jpg 400w, https://fcm.local/wp-content/uploads/fc-manrique-actividad-salvar-la-geria-1-300x255.jpg 300w, https://fcm.local/wp-content/uploads/fc-manrique-actividad-salvar-la-geria-1-289x246.jpg 289w" sizes="(max-width: 400px) 100vw, 400px" /></figure>
<p>El 16 de noviembre de 2004, en rueda de prensa, el presidente de la FCM, José Juan Ramírez y el director de Actividades Culturales, Fernando Gómez Aguilera, presentaron las acciones que tenía previsto emprender la FCM contra el proyecto del Cabildo de Lanzarote de ampliación de la carretera de La Geria.</p>
<p>Las razones que indujeron a la FCM a iniciar la campaña son, en primer lugar, que las dimensiones de la carretera –en algunos de los tramos ya ejecutados, la plataforma alcanza en varias ocasiones los nueve metros de anchura, unas dimensiones que, además, no vienen obligadas por ley–, y su trazado, que hace de La Geria un segundo eje de circulación longitudinal, destruirán el valor paisajístico de la zona, además de que el previsible aumento del tráfico rodado, supondrá un grave deterioro para su delicado ecosistema.</p>
<p>No puede soslayarse la idea de que La Geria es un tesoro que es imprescindible proteger del consumo turístico masivo. El problema central, por tanto, debiera trasladarse a la crisis y el deterioro que sufre el propio paisaje y a las actividades asociadas a la supervivencia de La Geria y su paisaje único y singular.</p>
<p>En el informe sobre las carreteras de Lanzarote elaborado por Antonio Estevan en 1998 a petición de la FCM, se indicaba lo siguiente en relación a La Geria: El paisaje de La Geria está constituido por una combinación espectacular, y extremadamente compleja en sus formas y en sus funciones, de elementos de acondicionamiento tradicional del espacio agrario. El resultado es un territorio que es –literalmente– único en el mundo. Obviamente, un paisaje de estas características experimenta un gravísimo deterioro por la intrusión de potentes infraestructuras viarias de trazado moderno. Este deterioro se puede apreciar fácilmente en los tramos ya ejecutados o en construcción.</p>
<p>El paisaje de La Geria es, por su propia naturaleza, un paisaje para ser recorrido lentamente, recreándose en los insólitos detalles que se multiplican a lo largo del recorrido. Evidentemente, una carretera diseñada para la circulación a velocidades elevadas imposibilita la circulación lenta, pues fuerza a todos los vehículos a circular a velocidades próximas a la velocidad de diseño de la vía, so pena de experimentar una sensación de inseguridad inaceptable.</p>
<p>La FCM no se opuso ni al acondicionamiento ni a un nuevo asfaltado de la carretera, siempre y cuando no se aumente su capacidad y se siga un diseño de integración en el paisaje. Propuso, además, referentes que atraviesan otros paisajes similares en la Isla, así la carretera del Parque de Timanfaya y la que une la Cueva de los Verdes con los Jameos del Agua, es decir, carreteras integradas con el medio, de corto impacto ambiental o paisajístico, con anchos menores a los seis metros, buen firme y con aparcaderos para permitir la fluidez circulatoria en los dos sentidos de la marcha.</p>
<p>La campaña tenía como principal objetivo, además de transformar el proyecto de la tercera fase de realización de la carretera, retomar el debate social y convocar a la ciudadanía ante una nueva agresión que multiplicaba el quebrantamiento medioambiental de la isla de Lanzarote.</p>
<p>Para ello se editaron 9.000 tarjetas con viñetas reivindicativas firmadas por los famosos dibujantes Máximo, Peridis y Gallego y Rey para el libro <em>Lanzarote. El papel de la crisis</em>, publicado por la FCM en 2000; 5.000 pegatinas y 1.000 carteles con el lema “¡Salvar La Geria. Esta carretera ¡NO!”.</p>
<p>Los días 20 y 21 de noviembre, el cómico italiano Leo Bassi, invitado por la FCM, fletó de nuevo, como “acto de resistencia”, el <em>Bassibús</em>, un autobús que participó en diversos actos en la Comunidad de Madrid, que le llevaron por diferentes centros comerciales, parques temáticos, campos de golf y zonas de expansión urbanística, durante la última campaña electoral a las Cortes Generales.</p>
<p>El sábado 20 de noviembre, el artista dirigió una carta a la presidencia del Cabildo de Lanzarote, en la que decía:</p>
<p>“Señora presidenta del Cabildo de Lanzarote:</p>
<p>Como europeo, soy consciente de la suerte que tengo de poder vivir en democracia y disfrutar de la libertad de expresar mis opiniones.</p>
<p>Aquí, en Lanzarote, he podido ejercitar este derecho sin ningún obstáculo y quiero agradecer a los responsables políticos de la isla, de la Comunidad Autónoma de Canarias y del Estado español que me hayan garantizado y respetado perfectamente este privilegio.</p>
<p>Mi participación en la campaña “¡Salvar La Geria, esta carretera NO!” ha tenido como único objetivo participar en el debate sobre la conservación de La Geria, que he podido admirar y amar en mis anteriores visitas a la isla.</p>
<p>Desde la primera vez que descubrí Lanzarote fui, como le ocurre a muchos extranjeros, impactado por sus paisajes únicos en el mundo y sorprendido y seducido por el original planteamiento de un desarrollo turístico inspirado en la visión de César Manrique.</p>
<p>Mi deseo más sincero es que Lanzarote pueda seguir ofreciendo a sus visitantes este ambiente tan particular y que las futuras generaciones pueden disfrutar del placer que he conocido en esta maravillosa isla”. Leo Bassi </p>
<p>Una actividad de desarrollo posterior fue el anuncio de convocatoria, para 2005, de una Mesa redonda, coordinada por Antonio Estevan.</p></div><div class="wp-block-column is-layout-flow wp-block-column-is-layout-flow" style="flex-basis:33.33%"><div class="wp-block-group detail-panel detail-media wp-block-group-"><div class="wp-block-group__inner-container is-layout-flow wp-block-group-is-layout-flow"><p><a href="https://fcmanrique.org/wp-content/uploads/campanageria01_640.jpg"></a></p></div></div></div></div>
