{"id":14050,"date":"2006-09-28T00:00:00","date_gmt":"2006-09-28T00:00:00","guid":{"rendered":"https:\/\/fcmanrique.org\/fcm-actividad\/ma-jose-farinas-el-mercado-global-d\/"},"modified":"2026-04-23T23:19:29","modified_gmt":"2026-04-23T23:19:29","slug":"ma-jose-farinas-el-mercado-global-d","status":"publish","type":"fcm_actividad","link":"https:\/\/ludiccc.ddns.net\/it\/fcm-actividad\/ma-jose-farinas-el-mercado-global-d\/","title":{"rendered":"M\u00aa Jos\u00e9 Fari\u00f1as. <em>El mercado global de la ciudadan\u00eda<\/em>"},"content":{"rendered":"<div class=\"wp-block-columns fcm-page-migration-columns is-layout-flex wp-container-core-columns-is-layout-9d6595d7 wp-block-columns-is-layout-flex\"><div class=\"wp-block-column is-layout-flow wp-block-column-is-layout-flow\" style=\"flex-basis:66.66%\"><figure class=\"wp-block-image size-full\"><img width=\"135\" height=\"100\" src=\"https:\/\/fcm.local\/wp-content\/uploads\/thmb_mjosefarinas01_135.jpg\" class=\"wp-image-14051\" alt=\"M\u00aa Jos\u00e9 Fari\u00f1as. El mercado global de la ciudadan\u00eda\" loading=\"eager\" decoding=\"async\" \/><\/figure>\n<p>El 28 de septiembre de 2006, M\u00aa Jos\u00e9 Fari\u00f1as pronunci\u00f3 la conferencia titulada <em>El mercado global de la ciudadan\u00eda<\/em>.<\/p>\n<p>M\u00aa Jos\u00e9 Fari\u00f1as es Doctora en Derecho por la Universidad Complutense de Madrid, profesora titular de Filosof\u00eda del Derecho de la Universidad Carlos III de Madrid, profesora del Master y el Doctorado en Derechos Humanos del Instituto de Derechos Humanos \u201cBartolom\u00e9 de las Casas\u201d, profesora del Master en Sociolog\u00eda Jur\u00eddica del Instituto Internacional de Sociolog\u00eda Jur\u00eddica de O\u00f1ate y profesora del Doctorado en Derechos Humanos y Desarrollo de la Universidad Pablo de Olavide de Sevilla. <\/p>\n<p>Actualmente es Asesora del Departamento de An\u00e1lisis y Estudios del Gabinete de la Presidencia del Gobierno de Espa\u00f1a. Ha sido profesora Invitada en varias Universidades europeas y latinoamericanas. <\/p>\n<p>Entre sus \u00faltimas publicaciones cabe destacar: <em>Globalizaci\u00f3n, Ciudadan\u00eda y Derechos Humanos<\/em> (2\u00ba edici\u00f3n, Dykinson, 2004) y <em>Mercado sin Ciudadan\u00eda<\/em> (Biblioteca Nueva, 2005).<\/p>\n<p>En el trancurso de su intervenci\u00f3n, M\u00aa Jos\u00e9 Fari\u00f1as analiz\u00f3 c\u00f3mo la ideolog\u00eda neoliberal imperante en las \u00faltimas d\u00e9cadas est\u00e1 afectando a la estructuraci\u00f3n de nuestras sociedades. Especialmente por lo que respecta a las posibles quiebras en los v\u00ednculos sociales y en los espacios p\u00fablicos de debate y discusi\u00f3n que constituyen parte esencias de nuestras democracias. <\/p>\n<p>A juicio de Fari\u00f1as, el concepto de ciudadan\u00eda es un concepto viejo, que ahora aparece de nuevo en escena con muchos replanteamientos. Se habla de ciudadanos de primera y ciudadanos de segunda, frente a ello se proponen nuevos estatus de ciudadan\u00eda cosmopolita y de espacio publico universal. <\/p>\n<p>Pero, por otra parte, existe cada vez m\u00e1s una conciencia de privatizaci\u00f3n de la ciudadan\u00eda y de p\u00e9rdida de los espacios p\u00fablicos de referencia, lo cual pone en tensi\u00f3n a la propio estructura democr\u00e1tica de nuestras sociedades.<\/p><\/div><div class=\"wp-block-column is-layout-flow wp-block-column-is-layout-flow\" style=\"flex-basis:33.33%\"><div class=\"wp-block-group detail-panel detail-media wp-block-group-\"><div class=\"wp-block-group__inner-container is-layout-flow wp-block-group-is-layout-flow\"><p><a href=\"https:\/\/fcmanrique.org\/wp-content\/uploads\/thmb_mjosefarinas01_241.jpg\"><\/a><\/p><\/div><\/div><\/div><\/div>","protected":false},"featured_media":14051,"parent":0,"template":"","meta":{"_acf_changed":false,"ngg_post_thumbnail":0,"footnotes":""},"actividad_tipo":[34],"actividad_lugar":[46],"actividad_departamento":[31],"actividad_ciclo":[74],"class_list":["post-14050","fcm_actividad","type-fcm_actividad","status-publish","has-post-thumbnail","hentry","actividad_tipo-conferencias","actividad_lugar-lugar-fcm","actividad_departamento-departamento-de-programas-culturales","actividad_ciclo-escuela-de-ciudadania"],"acf":[],"_links":{"self":[{"href":"https:\/\/ludiccc.ddns.net\/it\/wp-json\/wp\/v2\/fcm_actividad\/14050","targetHints":{"allow":["GET"]}}],"collection":[{"href":"https:\/\/ludiccc.ddns.net\/it\/wp-json\/wp\/v2\/fcm_actividad"}],"about":[{"href":"https:\/\/ludiccc.ddns.net\/it\/wp-json\/wp\/v2\/types\/fcm_actividad"}],"version-history":[{"count":1,"href":"https:\/\/ludiccc.ddns.net\/it\/wp-json\/wp\/v2\/fcm_actividad\/14050\/revisions"}],"predecessor-version":[{"id":27035,"href":"https:\/\/ludiccc.ddns.net\/it\/wp-json\/wp\/v2\/fcm_actividad\/14050\/revisions\/27035"}],"wp:featuredmedia":[{"embeddable":true,"href":"https:\/\/ludiccc.ddns.net\/it\/wp-json\/wp\/v2\/media\/14051"}],"wp:attachment":[{"href":"https:\/\/ludiccc.ddns.net\/it\/wp-json\/wp\/v2\/media?parent=14050"}],"wp:term":[{"taxonomy":"actividad_tipo","embeddable":true,"href":"https:\/\/ludiccc.ddns.net\/it\/wp-json\/wp\/v2\/actividad_tipo?post=14050"},{"taxonomy":"actividad_lugar","embeddable":true,"href":"https:\/\/ludiccc.ddns.net\/it\/wp-json\/wp\/v2\/actividad_lugar?post=14050"},{"taxonomy":"actividad_departamento","embeddable":true,"href":"https:\/\/ludiccc.ddns.net\/it\/wp-json\/wp\/v2\/actividad_departamento?post=14050"},{"taxonomy":"actividad_ciclo","embeddable":true,"href":"https:\/\/ludiccc.ddns.net\/it\/wp-json\/wp\/v2\/actividad_ciclo?post=14050"}],"curies":[{"name":"wp","href":"https:\/\/api.w.org\/{rel}","templated":true}]}}

Mª José Fariñas. <em>El mercado global de la ciudadanía</em>

<div class="wp-block-columns fcm-page-migration-columns is-layout-flex wp-container-core-columns-is-layout-9d6595d7 wp-block-columns-is-layout-flex"><div class="wp-block-column is-layout-flow wp-block-column-is-layout-flow" style="flex-basis:66.66%"><figure class="wp-block-image size-full"><img width="135" height="100" src="https://fcm.local/wp-content/uploads/thmb_mjosefarinas01_135.jpg" class="wp-image-14051" alt="Mª José Fariñas. El mercado global de la ciudadanía" loading="eager" decoding="async" /></figure>
<p>El 28 de septiembre de 2006, Mª José Fariñas pronunció la conferencia titulada <em>El mercado global de la ciudadanía</em>.</p>
<p>Mª José Fariñas es Doctora en Derecho por la Universidad Complutense de Madrid, profesora titular de Filosofía del Derecho de la Universidad Carlos III de Madrid, profesora del Master y el Doctorado en Derechos Humanos del Instituto de Derechos Humanos “Bartolomé de las Casas”, profesora del Master en Sociología Jurídica del Instituto Internacional de Sociología Jurídica de Oñate y profesora del Doctorado en Derechos Humanos y Desarrollo de la Universidad Pablo de Olavide de Sevilla. </p>
<p>Actualmente es Asesora del Departamento de Análisis y Estudios del Gabinete de la Presidencia del Gobierno de España. Ha sido profesora Invitada en varias Universidades europeas y latinoamericanas. </p>
<p>Entre sus últimas publicaciones cabe destacar: <em>Globalización, Ciudadanía y Derechos Humanos</em> (2º edición, Dykinson, 2004) y <em>Mercado sin Ciudadanía</em> (Biblioteca Nueva, 2005).</p>
<p>En el trancurso de su intervención, Mª José Fariñas analizó cómo la ideología neoliberal imperante en las últimas décadas está afectando a la estructuración de nuestras sociedades. Especialmente por lo que respecta a las posibles quiebras en los vínculos sociales y en los espacios públicos de debate y discusión que constituyen parte esencias de nuestras democracias. </p>
<p>A juicio de Fariñas, el concepto de ciudadanía es un concepto viejo, que ahora aparece de nuevo en escena con muchos replanteamientos. Se habla de ciudadanos de primera y ciudadanos de segunda, frente a ello se proponen nuevos estatus de ciudadanía cosmopolita y de espacio publico universal. </p>
<p>Pero, por otra parte, existe cada vez más una conciencia de privatización de la ciudadanía y de pérdida de los espacios públicos de referencia, lo cual pone en tensión a la propio estructura democrática de nuestras sociedades.</p></div><div class="wp-block-column is-layout-flow wp-block-column-is-layout-flow" style="flex-basis:33.33%"><div class="wp-block-group detail-panel detail-media wp-block-group-"><div class="wp-block-group__inner-container is-layout-flow wp-block-group-is-layout-flow"><p><a href="https://fcmanrique.org/wp-content/uploads/thmb_mjosefarinas01_241.jpg"></a></p></div></div></div></div>
