{"id":13978,"date":"2006-06-01T00:00:00","date_gmt":"2006-06-01T00:00:00","guid":{"rendered":"https:\/\/fcmanrique.org\/fcm-actividad\/juan-jose-lahuerta-mies-van-der-roh\/"},"modified":"2026-04-23T23:19:29","modified_gmt":"2026-04-23T23:19:29","slug":"juan-jose-lahuerta-mies-van-der-roh","status":"publish","type":"fcm_actividad","link":"https:\/\/ludiccc.ddns.net\/it\/fcm-actividad\/juan-jose-lahuerta-mies-van-der-roh\/","title":{"rendered":"Juan Jos\u00e9 Lahuerta. <em>Mies van der Rohe y la imagen popular de la arquitectura moderna<\/em>"},"content":{"rendered":"<div class=\"wp-block-columns fcm-page-migration-columns is-layout-flex wp-container-core-columns-is-layout-9d6595d7 wp-block-columns-is-layout-flex\"><div class=\"wp-block-column is-layout-flow wp-block-column-is-layout-flow\" style=\"flex-basis:66.66%\"><figure class=\"wp-block-image size-full\"><img width=\"152\" height=\"118\" src=\"https:\/\/fcm.local\/wp-content\/uploads\/thmb_thmb_lahuerta_135x100.jpg\" class=\"wp-image-13979\" alt=\"Juan Jos\u00e9 Lahuerta. Mies van der Rohe y la imagen popular de la arquitectura moderna\" loading=\"eager\" decoding=\"async\" \/><\/figure>\n<p>El 1 de junio de 2006, Juan Jos\u00e9 Lahuerta pronunci\u00f3 en la FCM la conferencia Mies van der Rohe y la imagen popular de la arquitectura moderna.<br><br>Juan Jos\u00e9 Lahuerta (Barcelona, 1954) es arquitecto y profesor de Historia del Arte y la Arquitectura en la Escuela de Arquitectura de Barcelona. Es autor de distintos libros sobre temas de arte y arquitectura contempor\u00e1neos, como por ejemplo, entre otros,  <em>1927. La abstracci\u00f3n necesaria<\/em> (1989), <em>Antoni Gaud\u00ed. Arquitectura, ideolog\u00eda y pol\u00edtica<\/em> (1993), <em>Decir Anti es decir Pro. Escenas de la vanguardia en Espa\u00f1a<\/em> (1999) <em>Le Corbusier. \u201cEspagne\u201d. Carnets<\/em> (2001), <em>Gaud\u00ed. Antolog\u00eda contempor\u00e1nea<\/em> (2002); <em>El fen\u00f3meno del \u00e9xtasis<\/em> (2004), <em>Japonecedades<\/em> (2005), <em>Destrucci\u00f3n de Barcelona<\/em> (2005).<\/p>\n<p>Lahuerta ha colaborado con distintos museos en el comisariado de exposiciones como <em>Dal\u00ed. Arquitectura<\/em> (Barcelona, 1996), <em>Arte Moderno y revistas espa\u00f1olas<\/em> (Madrid, Bilbao, 1996, con E. Carmona); <em>Universo Gaud\u00ed<\/em> (Barcelona, Madrid, 2002), o <em>Par\u00eds-Barcelona<\/em> (Par\u00eds, Barcelona, 2002). En la actualidad es asesor del Museo Nacional Centro de Arte Reina Sof\u00eda (Madrid), redactor de <em>Casabella<\/em> (Milano) y fundador y director de la editorial Mudito&amp;Co.<\/p>\n<p>En el transcurso de su intervenci\u00f3n, Juan Jos\u00e9 Lahuerta abord\u00f3 la relaci\u00f3n de la arquitectura moderna con la fotograf\u00eda y los medios, un tema especialmente importante ya que, en gran parte, la imagen de esta arquitectura ha sido dada por la fotograf\u00eda y las publicaciones. <\/p>\n<p>La conferencia se centr\u00f3 en un autor, Mies van der Rohe, y, en especial, en sus obras de los a\u00f1os 20, desde sus proyectos de rascacielos para Berl\u00edn hasta el pabell\u00f3n de Barcelona. <\/p>\n<p>Lahuerta repas\u00f3 la forma en que estos edificios son mostrados no en las revistas especializadas, sino en las revistas y los medios populares de la \u00e9poca. Un modo de intentar descubrir &#8220;otro punto de vista&#8221;, no oficial, de esa arquitectura.<\/p><\/div><div class=\"wp-block-column is-layout-flow wp-block-column-is-layout-flow\" style=\"flex-basis:33.33%\"><div class=\"wp-block-group detail-panel detail-media wp-block-group-\"><div class=\"wp-block-group__inner-container is-layout-flow wp-block-group-is-layout-flow\"><p><a href=\"https:\/\/fcmanrique.org\/wp-content\/uploads\/thmb_thmb_lahuerta_241x180.jpg\"><\/a><\/p><\/div><\/div><\/div><\/div>","protected":false},"featured_media":13979,"parent":0,"template":"","meta":{"_acf_changed":false,"ngg_post_thumbnail":0,"footnotes":""},"actividad_tipo":[34],"actividad_lugar":[46],"actividad_departamento":[31],"actividad_ciclo":[71],"class_list":["post-13978","fcm_actividad","type-fcm_actividad","status-publish","has-post-thumbnail","hentry","actividad_tipo-conferencias","actividad_lugar-lugar-fcm","actividad_departamento-departamento-de-programas-culturales","actividad_ciclo-miradas-divergentes"],"acf":[],"_links":{"self":[{"href":"https:\/\/ludiccc.ddns.net\/it\/wp-json\/wp\/v2\/fcm_actividad\/13978","targetHints":{"allow":["GET"]}}],"collection":[{"href":"https:\/\/ludiccc.ddns.net\/it\/wp-json\/wp\/v2\/fcm_actividad"}],"about":[{"href":"https:\/\/ludiccc.ddns.net\/it\/wp-json\/wp\/v2\/types\/fcm_actividad"}],"version-history":[{"count":1,"href":"https:\/\/ludiccc.ddns.net\/it\/wp-json\/wp\/v2\/fcm_actividad\/13978\/revisions"}],"predecessor-version":[{"id":27015,"href":"https:\/\/ludiccc.ddns.net\/it\/wp-json\/wp\/v2\/fcm_actividad\/13978\/revisions\/27015"}],"wp:featuredmedia":[{"embeddable":true,"href":"https:\/\/ludiccc.ddns.net\/it\/wp-json\/wp\/v2\/media\/13979"}],"wp:attachment":[{"href":"https:\/\/ludiccc.ddns.net\/it\/wp-json\/wp\/v2\/media?parent=13978"}],"wp:term":[{"taxonomy":"actividad_tipo","embeddable":true,"href":"https:\/\/ludiccc.ddns.net\/it\/wp-json\/wp\/v2\/actividad_tipo?post=13978"},{"taxonomy":"actividad_lugar","embeddable":true,"href":"https:\/\/ludiccc.ddns.net\/it\/wp-json\/wp\/v2\/actividad_lugar?post=13978"},{"taxonomy":"actividad_departamento","embeddable":true,"href":"https:\/\/ludiccc.ddns.net\/it\/wp-json\/wp\/v2\/actividad_departamento?post=13978"},{"taxonomy":"actividad_ciclo","embeddable":true,"href":"https:\/\/ludiccc.ddns.net\/it\/wp-json\/wp\/v2\/actividad_ciclo?post=13978"}],"curies":[{"name":"wp","href":"https:\/\/api.w.org\/{rel}","templated":true}]}}

Juan José Lahuerta. <em>Mies van der Rohe y la imagen popular de la arquitectura moderna</em>

<div class="wp-block-columns fcm-page-migration-columns is-layout-flex wp-container-core-columns-is-layout-9d6595d7 wp-block-columns-is-layout-flex"><div class="wp-block-column is-layout-flow wp-block-column-is-layout-flow" style="flex-basis:66.66%"><figure class="wp-block-image size-full"><img width="152" height="118" src="https://fcm.local/wp-content/uploads/thmb_thmb_lahuerta_135x100.jpg" class="wp-image-13979" alt="Juan José Lahuerta. Mies van der Rohe y la imagen popular de la arquitectura moderna" loading="eager" decoding="async" /></figure>
<p>El 1 de junio de 2006, Juan José Lahuerta pronunció en la FCM la conferencia Mies van der Rohe y la imagen popular de la arquitectura moderna.<br><br>Juan José Lahuerta (Barcelona, 1954) es arquitecto y profesor de Historia del Arte y la Arquitectura en la Escuela de Arquitectura de Barcelona. Es autor de distintos libros sobre temas de arte y arquitectura contemporáneos, como por ejemplo, entre otros,  <em>1927. La abstracción necesaria</em> (1989), <em>Antoni Gaudí. Arquitectura, ideología y política</em> (1993), <em>Decir Anti es decir Pro. Escenas de la vanguardia en España</em> (1999) <em>Le Corbusier. “Espagne”. Carnets</em> (2001), <em>Gaudí. Antología contemporánea</em> (2002); <em>El fenómeno del éxtasis</em> (2004), <em>Japonecedades</em> (2005), <em>Destrucción de Barcelona</em> (2005).</p>
<p>Lahuerta ha colaborado con distintos museos en el comisariado de exposiciones como <em>Dalí. Arquitectura</em> (Barcelona, 1996), <em>Arte Moderno y revistas españolas</em> (Madrid, Bilbao, 1996, con E. Carmona); <em>Universo Gaudí</em> (Barcelona, Madrid, 2002), o <em>París-Barcelona</em> (París, Barcelona, 2002). En la actualidad es asesor del Museo Nacional Centro de Arte Reina Sofía (Madrid), redactor de <em>Casabella</em> (Milano) y fundador y director de la editorial Mudito&amp;Co.</p>
<p>En el transcurso de su intervención, Juan José Lahuerta abordó la relación de la arquitectura moderna con la fotografía y los medios, un tema especialmente importante ya que, en gran parte, la imagen de esta arquitectura ha sido dada por la fotografía y las publicaciones. </p>
<p>La conferencia se centró en un autor, Mies van der Rohe, y, en especial, en sus obras de los años 20, desde sus proyectos de rascacielos para Berlín hasta el pabellón de Barcelona. </p>
<p>Lahuerta repasó la forma en que estos edificios son mostrados no en las revistas especializadas, sino en las revistas y los medios populares de la época. Un modo de intentar descubrir &#8220;otro punto de vista&#8221;, no oficial, de esa arquitectura.</p></div><div class="wp-block-column is-layout-flow wp-block-column-is-layout-flow" style="flex-basis:33.33%"><div class="wp-block-group detail-panel detail-media wp-block-group-"><div class="wp-block-group__inner-container is-layout-flow wp-block-group-is-layout-flow"><p><a href="https://fcmanrique.org/wp-content/uploads/thmb_thmb_lahuerta_241x180.jpg"></a></p></div></div></div></div>
