{"id":13964,"date":"2006-04-20T00:00:00","date_gmt":"2006-04-20T00:00:00","guid":{"rendered":"https:\/\/fcmanrique.org\/fcm-actividad\/ulrich-beck-vivir-en-la-sociedad-de\/"},"modified":"2026-04-23T23:19:30","modified_gmt":"2026-04-23T23:19:30","slug":"ulrich-beck-vivir-en-la-sociedad-de","status":"publish","type":"fcm_actividad","link":"https:\/\/ludiccc.ddns.net\/it\/fcm-actividad\/ulrich-beck-vivir-en-la-sociedad-de\/","title":{"rendered":"Ulrich Beck. <em>Vivir en la sociedad del riesgo<\/em>"},"content":{"rendered":"<div class=\"wp-block-columns fcm-page-migration-columns is-layout-flex wp-container-core-columns-is-layout-9d6595d7 wp-block-columns-is-layout-flex\"><div class=\"wp-block-column is-layout-flow wp-block-column-is-layout-flow\" style=\"flex-basis:66.66%\"><figure class=\"wp-block-image size-full\"><img width=\"135\" height=\"100\" src=\"https:\/\/fcm.local\/wp-content\/uploads\/thmb_thmb_ulrichbeck_135x100.jpg\" class=\"wp-image-13965\" alt=\"Ulrich Beck. Vivir en la sociedad del riesgo\" loading=\"eager\" decoding=\"async\" \/><\/figure>\n<p>El 20 de abril de 2006, Ulrich Beck pronunci\u00f3 la conferencia \u201cVivir en la sociedad del riesgo\u201d.<\/p>\n<p>Ulrich Beck (Alemania, 1944), uno de los intelectuales europeos m\u00e1s relevantes del momento, es profesor de Sociolog\u00eda de la Universidad de Munich y dirige el centro de investigaci\u00f3n \u201cModernizaci\u00f3n reflexiva\u201d fundado por la DFG, la Fundaci\u00f3n Alemana de Investigaci\u00f3n. Estudi\u00f3 Sociolog\u00eda, Filosof\u00eda, Psicolog\u00eda y Ciencia Pol\u00edtica en la Universidad de Munich, y en 1972 se doctor\u00f3 en Sociolog\u00eda por esta Universidad. <\/p>\n<p>Beck inici\u00f3 su actividad docente en M\u00fcnster entre 1979 y 1981, de donde pas\u00f3 a la Universidad de Bamberg. En 1992 accedi\u00f3 a la Universidad de Munich como catedr\u00e1tico de Sociolog\u00eda. Entre 1995 y 1998 imparti\u00f3 clases en la Universidad de Cardiff, en Gales. En 1996 fue investido Doctor Honoris Causa por la Universidad de Jyv\u00e4skyl\u00e4, Finlandia. Desde 1997 es tambi\u00e9n profesor invitado de la London School of Economics.<\/p>\n<p>Ha pertenecido al Instituto de Estudios Avanzados de Berl\u00edn, al Centro de Estudios Culturales de la Universidad de Essen y a la Comisi\u00f3n de Desaf\u00edos del Futuro del Gobierno de Alemania. Entre otros, ha recibido el Premio de Sociolog\u00eda de la Sociedad Alemana, en 2004, y el Premio Schader Foundation en 2005, que se concede a cient\u00edficos sociales que hayan contribuido de manera relevante a solucionar problemas sociales a trav\u00e9s de investigaciones.<\/p>\n<p>Es Espa\u00f1a ha publicado, entre otros, los libros <em>Crisis ecol\u00f3gica y sociedad<\/em> (1997), <em>Modernizaci\u00f3n reflexiva: pol\u00edtica, tradici\u00f3n y est\u00e9tica en el orden social moderno<\/em> (1997), <em>La sociedad del riesgo: hacia una nueva modernidad<\/em> (1998), <em>\u00bfQu\u00e9 es la globalizaci\u00f3n? Falacias del globalismo, respuestas a la globalizaci\u00f3n<\/em> (1998), <em>Pol\u00edticas ecol\u00f3gicas en la edad del riesgo<\/em> (1998), <em>La democracia y sus enemigos<\/em> (2000), <em>La sociedad del riesgo global<\/em> (2002), <em>Libertad y capitalismo: conversaciones con Johannes Willms<\/em> (2002), <em>Sobre el terrorismo y la guerra<\/em> (2003), <em>Un nuevo mundo feliz: la precariedad del trabajo en la era de la globalizaci\u00f3n<\/em> (2003), <em>Poder y contrapoder en la nueva era global: la nueva econom\u00eda pol\u00edtica mundial<\/em> (2004) y <em>La mirada cosmopolita o la guerra es la paz<\/em> (2005).<\/p>\n<p>En el transcurso de su intervenci\u00f3n, Ulrich Beck analiz\u00f3 la relaci\u00f3n entre acontecimientos y amenazas tan diferentes como Chernobil, la cat\u00e1strofe clim\u00e1tica, el SIDA, la crisis financiera en Asia, la amenaza terrorista o la destrucci\u00f3n de los paisajes debido al turismo de masas, fen\u00f3menos que ilustran, a su juicio, lo que ha venido en denominar la \u201csociedad del riesgo global\u201d.<\/p>\n<p>Beck abord\u00f3, por una parte, este concepto de forma general y, por otra, lo compar\u00f3 con distintas dimensiones y conflictos de riesgo, entre los que el \u201cturismo de masas\u201d desempe\u00f1a un papel primordial. Finalmente, plante\u00f3 la ambivalencia del riesgo y las posibilidades de actuaci\u00f3n resultantes.<\/p><\/div><div class=\"wp-block-column is-layout-flow wp-block-column-is-layout-flow\" style=\"flex-basis:33.33%\"><div class=\"wp-block-group detail-panel detail-media wp-block-group-\"><div class=\"wp-block-group__inner-container is-layout-flow wp-block-group-is-layout-flow\"><p><a href=\"https:\/\/fcmanrique.org\/wp-content\/uploads\/thmb_ulrichbeck_640.jpg\"><\/a><\/p><\/div><\/div><\/div><\/div>","protected":false},"featured_media":13965,"parent":0,"template":"","meta":{"_acf_changed":false,"ngg_post_thumbnail":0,"footnotes":""},"actividad_tipo":[34],"actividad_lugar":[46],"actividad_departamento":[29],"actividad_ciclo":[72],"class_list":["post-13964","fcm_actividad","type-fcm_actividad","status-publish","has-post-thumbnail","hentry","actividad_tipo-conferencias","actividad_lugar-lugar-fcm","actividad_departamento-departamento-de-territorio-y-medio-ambiente","actividad_ciclo-fronteras-y-direcciones-de-progreso"],"acf":[],"_links":{"self":[{"href":"https:\/\/ludiccc.ddns.net\/it\/wp-json\/wp\/v2\/fcm_actividad\/13964","targetHints":{"allow":["GET"]}}],"collection":[{"href":"https:\/\/ludiccc.ddns.net\/it\/wp-json\/wp\/v2\/fcm_actividad"}],"about":[{"href":"https:\/\/ludiccc.ddns.net\/it\/wp-json\/wp\/v2\/types\/fcm_actividad"}],"version-history":[{"count":1,"href":"https:\/\/ludiccc.ddns.net\/it\/wp-json\/wp\/v2\/fcm_actividad\/13964\/revisions"}],"predecessor-version":[{"id":27081,"href":"https:\/\/ludiccc.ddns.net\/it\/wp-json\/wp\/v2\/fcm_actividad\/13964\/revisions\/27081"}],"wp:featuredmedia":[{"embeddable":true,"href":"https:\/\/ludiccc.ddns.net\/it\/wp-json\/wp\/v2\/media\/13965"}],"wp:attachment":[{"href":"https:\/\/ludiccc.ddns.net\/it\/wp-json\/wp\/v2\/media?parent=13964"}],"wp:term":[{"taxonomy":"actividad_tipo","embeddable":true,"href":"https:\/\/ludiccc.ddns.net\/it\/wp-json\/wp\/v2\/actividad_tipo?post=13964"},{"taxonomy":"actividad_lugar","embeddable":true,"href":"https:\/\/ludiccc.ddns.net\/it\/wp-json\/wp\/v2\/actividad_lugar?post=13964"},{"taxonomy":"actividad_departamento","embeddable":true,"href":"https:\/\/ludiccc.ddns.net\/it\/wp-json\/wp\/v2\/actividad_departamento?post=13964"},{"taxonomy":"actividad_ciclo","embeddable":true,"href":"https:\/\/ludiccc.ddns.net\/it\/wp-json\/wp\/v2\/actividad_ciclo?post=13964"}],"curies":[{"name":"wp","href":"https:\/\/api.w.org\/{rel}","templated":true}]}}

<div class="wp-block-columns fcm-page-migration-columns is-layout-flex wp-container-core-columns-is-layout-9d6595d7 wp-block-columns-is-layout-flex"><div class="wp-block-column is-layout-flow wp-block-column-is-layout-flow" style="flex-basis:66.66%"><figure class="wp-block-image size-full"><img width="135" height="100" src="https://fcm.local/wp-content/uploads/thmb_thmb_ulrichbeck_135x100.jpg" class="wp-image-13965" alt="Ulrich Beck. Vivir en la sociedad del riesgo" loading="eager" decoding="async" /></figure>
<p>El 20 de abril de 2006, Ulrich Beck pronunció la conferencia “Vivir en la sociedad del riesgo”.</p>
<p>Ulrich Beck (Alemania, 1944), uno de los intelectuales europeos más relevantes del momento, es profesor de Sociología de la Universidad de Munich y dirige el centro de investigación “Modernización reflexiva” fundado por la DFG, la Fundación Alemana de Investigación. Estudió Sociología, Filosofía, Psicología y Ciencia Política en la Universidad de Munich, y en 1972 se doctoró en Sociología por esta Universidad. </p>
<p>Beck inició su actividad docente en Münster entre 1979 y 1981, de donde pasó a la Universidad de Bamberg. En 1992 accedió a la Universidad de Munich como catedrático de Sociología. Entre 1995 y 1998 impartió clases en la Universidad de Cardiff, en Gales. En 1996 fue investido Doctor Honoris Causa por la Universidad de Jyväskylä, Finlandia. Desde 1997 es también profesor invitado de la London School of Economics.</p>
<p>Ha pertenecido al Instituto de Estudios Avanzados de Berlín, al Centro de Estudios Culturales de la Universidad de Essen y a la Comisión de Desafíos del Futuro del Gobierno de Alemania. Entre otros, ha recibido el Premio de Sociología de la Sociedad Alemana, en 2004, y el Premio Schader Foundation en 2005, que se concede a científicos sociales que hayan contribuido de manera relevante a solucionar problemas sociales a través de investigaciones.</p>
<p>Es España ha publicado, entre otros, los libros <em>Crisis ecológica y sociedad</em> (1997), <em>Modernización reflexiva: política, tradición y estética en el orden social moderno</em> (1997), <em>La sociedad del riesgo: hacia una nueva modernidad</em> (1998), <em>¿Qué es la globalización? Falacias del globalismo, respuestas a la globalización</em> (1998), <em>Políticas ecológicas en la edad del riesgo</em> (1998), <em>La democracia y sus enemigos</em> (2000), <em>La sociedad del riesgo global</em> (2002), <em>Libertad y capitalismo: conversaciones con Johannes Willms</em> (2002), <em>Sobre el terrorismo y la guerra</em> (2003), <em>Un nuevo mundo feliz: la precariedad del trabajo en la era de la globalización</em> (2003), <em>Poder y contrapoder en la nueva era global: la nueva economía política mundial</em> (2004) y <em>La mirada cosmopolita o la guerra es la paz</em> (2005).</p>
<p>En el transcurso de su intervención, Ulrich Beck analizó la relación entre acontecimientos y amenazas tan diferentes como Chernobil, la catástrofe climática, el SIDA, la crisis financiera en Asia, la amenaza terrorista o la destrucción de los paisajes debido al turismo de masas, fenómenos que ilustran, a su juicio, lo que ha venido en denominar la “sociedad del riesgo global”.</p>
<p>Beck abordó, por una parte, este concepto de forma general y, por otra, lo comparó con distintas dimensiones y conflictos de riesgo, entre los que el “turismo de masas” desempeña un papel primordial. Finalmente, planteó la ambivalencia del riesgo y las posibilidades de actuación resultantes.</p></div><div class="wp-block-column is-layout-flow wp-block-column-is-layout-flow" style="flex-basis:33.33%"><div class="wp-block-group detail-panel detail-media wp-block-group-"><div class="wp-block-group__inner-container is-layout-flow wp-block-group-is-layout-flow"><p><a href="https://fcmanrique.org/wp-content/uploads/thmb_ulrichbeck_640.jpg"></a></p></div></div></div></div>
