{"id":26519,"date":"2025-04-09T10:52:40","date_gmt":"2025-04-09T10:52:40","guid":{"rendered":"https:\/\/fcmanrique.org\/?post_type=fcm_video&#038;p=26519"},"modified":"2025-04-11T13:00:17","modified_gmt":"2025-04-11T13:00:17","slug":"jaime-vindel-paisaje-petroleo-una-historia-antifascista-del-progreso-y-el-crimen","status":"publish","type":"fcm_video","link":"https:\/\/ludiccc.ddns.net\/fr\/fcm-video\/jaime-vindel-paisaje-petroleo-una-historia-antifascista-del-progreso-y-el-crimen\/","title":{"rendered":"Jaime Vindel. \u00abPaisaje-petr\u00f3leo: una historia (anti)fascista del progreso y el crimen\u00bb"},"content":{"rendered":"<p><strong>Espacio de reflexi\u00f3n. Miradas divergentes<\/strong><\/p>\n<p>La Fundaci\u00f3n C\u00e9sar Manrique (FCM) acogi\u00f3 el pasado jueves 10 de abril de 2025, la conferencia titulada \u201cPaisaje-petr\u00f3leo: una historia (anti)fascista del progreso y el crimen\u201d, impartida por Jaime Vindel, historiador, fil\u00f3sofo e investigador del Consejo Superior de Investigaciones Cient\u00edficas (CSIC). El acto tuvo lugar en la Sala Jos\u00e9 Saramago (La Plazuela, Arrecife) y fue transmitido en directo a trav\u00e9s de la web y el canal de Youtube de la FCM.<\/p>\n<p>Durante su conferencia, Vindel analiz\u00f3 la relaci\u00f3n entre los imaginarios de la modernidad f\u00f3sil y las transformaciones culturales acontecidas desde la segunda mitad del siglo XX. Tomando como caso de estudio la italia neocapitalista, plante\u00f3 una reflexi\u00f3n m\u00e1s amplia que interpela al contexto actual de emergencia ecosocial. Para ello, parti\u00f3 de los Escritos corsarios y la novela p\u00f3stuma de Pier Paolo Pasolini, Petr\u00f3leo (1992), en la que el poeta, cineasta e intelectual italiano indag\u00f3 sobre la historia del ENI (Ente Nazionale Idrocarburi [Ente Nacional de Hidrocarburos]), que pas\u00f3 de ser un proyecto de capitalismo nacional y anticolonial a convertirse en un prototipo de la globalizaci\u00f3n neoliberal. Seg\u00fan diversas voces, las tensiones en torno al ENI motivaron el asesinato del propio Pasolini.<\/p>\n<p><strong>M\u00e1s informaci\u00f3n:<\/strong> <a href=\"https:\/\/fcmanrique.org\/wp-content\/uploads\/fcmanrique-nota-de-prensa-conferencia-jaime-vindel.pdf\" target=\"_blank\" rel=\"noopener\">Nota de prensa<\/a><\/p>","protected":false},"featured_media":26667,"parent":0,"template":"","meta":{"_acf_changed":false,"ngg_post_thumbnail":0,"footnotes":""},"video_coleccion":[97],"class_list":["post-26519","fcm_video","type-fcm_video","status-publish","has-post-thumbnail","hentry","video_coleccion-conferencia"],"acf":[],"_links":{"self":[{"href":"https:\/\/ludiccc.ddns.net\/fr\/wp-json\/wp\/v2\/fcm_video\/26519","targetHints":{"allow":["GET"]}}],"collection":[{"href":"https:\/\/ludiccc.ddns.net\/fr\/wp-json\/wp\/v2\/fcm_video"}],"about":[{"href":"https:\/\/ludiccc.ddns.net\/fr\/wp-json\/wp\/v2\/types\/fcm_video"}],"version-history":[{"count":11,"href":"https:\/\/ludiccc.ddns.net\/fr\/wp-json\/wp\/v2\/fcm_video\/26519\/revisions"}],"predecessor-version":[{"id":26668,"href":"https:\/\/ludiccc.ddns.net\/fr\/wp-json\/wp\/v2\/fcm_video\/26519\/revisions\/26668"}],"wp:featuredmedia":[{"embeddable":true,"href":"https:\/\/ludiccc.ddns.net\/fr\/wp-json\/wp\/v2\/media\/26667"}],"wp:attachment":[{"href":"https:\/\/ludiccc.ddns.net\/fr\/wp-json\/wp\/v2\/media?parent=26519"}],"wp:term":[{"taxonomy":"video_coleccion","embeddable":true,"href":"https:\/\/ludiccc.ddns.net\/fr\/wp-json\/wp\/v2\/video_coleccion?post=26519"}],"curies":[{"name":"wp","href":"https:\/\/api.w.org\/{rel}","templated":true}]}}

Jaime Vindel. «Paisaje-petróleo: una historia (anti)fascista del progreso y el crimen»

<p><strong>Espacio de reflexión. Miradas divergentes</strong></p>
<p>La Fundación César Manrique (FCM) acogió el pasado jueves 10 de abril de 2025, la conferencia titulada “Paisaje-petróleo: una historia (anti)fascista del progreso y el crimen”, impartida por Jaime Vindel, historiador, filósofo e investigador del Consejo Superior de Investigaciones Científicas (CSIC). El acto tuvo lugar en la Sala José Saramago (La Plazuela, Arrecife) y fue transmitido en directo a través de la web y el canal de Youtube de la FCM.</p>
<p>Durante su conferencia, Vindel analizó la relación entre los imaginarios de la modernidad fósil y las transformaciones culturales acontecidas desde la segunda mitad del siglo XX. Tomando como caso de estudio la italia neocapitalista, planteó una reflexión más amplia que interpela al contexto actual de emergencia ecosocial. Para ello, partió de los Escritos corsarios y la novela póstuma de Pier Paolo Pasolini, Petróleo (1992), en la que el poeta, cineasta e intelectual italiano indagó sobre la historia del ENI (Ente Nazionale Idrocarburi [Ente Nacional de Hidrocarburos]), que pasó de ser un proyecto de capitalismo nacional y anticolonial a convertirse en un prototipo de la globalización neoliberal. Según diversas voces, las tensiones en torno al ENI motivaron el asesinato del propio Pasolini.</p>
<p><strong>Más información:</strong> <a href="https://fcmanrique.org/wp-content/uploads/fcmanrique-nota-de-prensa-conferencia-jaime-vindel.pdf" target="_blank" rel="noopener">Nota de prensa</a></p>
