{"id":24583,"date":"2023-11-24T09:46:29","date_gmt":"2023-11-24T09:46:29","guid":{"rendered":"https:\/\/fcmanrique.org\/?post_type=fcm_publicacion&#038;p=24583"},"modified":"2024-10-09T13:27:10","modified_gmt":"2024-10-09T13:27:10","slug":"antonio-corujo-siglos-de-arena-y-sal","status":"publish","type":"fcm_publicacion","link":"https:\/\/ludiccc.ddns.net\/fr\/fcm-publicacion\/antonio-corujo-siglos-de-arena-y-sal\/","title":{"rendered":"Antonio Corujo. Siglos de arena y sal"},"content":{"rendered":"<p><strong>Antonio Corujo Tejera<\/strong> naci\u00f3 en San Bartolom\u00e9 el 23 de agosto de 1933. Entr\u00f3 en contacto con la tradici\u00f3n oral y musical de Lanzarote en la barber\u00eda y cantina de su padre, Domingo. Es heredero adem\u00e1s del talento musical de su abuelo Juan Corujo Mart\u00edn, el Jariano, y del profundo saber popular de su abuela Margarita Brito. Aprendi\u00f3 a cantar y a bailar en el Jable en largas veladas frente a la casa familiar. La historia del folclore insular no se entiende sin la saga de los Corujo, base de la hist\u00f3rica Agrupaci\u00f3n Folcl\u00f3rica Ajei y de los ranchos de Pascua de San Bartolom\u00e9, tradici\u00f3n que Antonio ha contribuido a perpetuar junto a m\u00faltiples expresiones de la cultura conejera. Destac\u00f3 desde ni\u00f1o por su inconfundible huella personal a la hora de interpretar.<\/p>\n<p>En 1958 contrajo matrimonio con Mar\u00eda del Carmen Garc\u00eda Mart\u00edn, Maquita, con la que tuvo tres hijos y dos hijas, que heredaron la pasi\u00f3n por las manifestaciones musicales de Lanzarote. Entre 1964 y 1967 vivi\u00f3 en Venezuela y contribuy\u00f3 a consolidar el puente cultural de ida y vuelta entre ambas orillas.<\/p>\n<p>En los a\u00f1os ochenta del siglo pasado, Antonio Corujo afront\u00f3 una de sus grandes aportaciones al conocimiento de la cultura popular lanzarote\u00f1a con la difusi\u00f3n entre la comunidad educativa de las coplas de V\u00edctor Fern\u00e1ndez, el Salinero, que escuch\u00f3 por primera vez en su infancia. Su sello est\u00e1 presente en varios discos y ha actuado en los mayores escenarios de Canarias, adem\u00e1s de en la Pen\u00ednsula y el extranjero.<\/p>\n<p><strong>Gregorio Cabrera Reyes<\/strong> (Arrecife de Lanzarote, 1973) es licenciado en Ciencias de la Informaci\u00f3n por la Universidad Complutense de Madrid. Su familia es originaria de Yaiza, tanto por v\u00eda materna como paterna. Reside en Las Palmas de Gran Canaria desde 2011. Ha sido redactor del peri\u00f3dico La Provincia y ha publicado en diversos diarios y revistas de \u00e1mbito regional y nacional, como eldiario.es, El Mundo, ABC, La Vanguardia o lamarea.com.<\/p>\n<p>Tambi\u00e9n ha sido colaborador de Cadena Ser Las Palmas, entre otras emisoras de radio, responsable de comunicaci\u00f3n de la Red de Museos del Cabildo de Gran Canaria, as\u00ed como del Instituto para la Gesti\u00f3n Integrada del Patrimonio Mundial y la Reserva de la Biosfera de Gran Canaria, adem\u00e1s de asesor para la Presidencia del Cabildo grancanario. Cre\u00f3 el peri\u00f3dico digital Diario Atl\u00e1ntida, especializado en temas medioambientales y sociales. Es redactor de los contenidos de Turismo Gran Canaria y colabora con diversos medios de comunicaci\u00f3n y entidades sociales.<\/p>\n<p>En 2009, la FCM public\u00f3 la biograf\u00eda Jos\u00e9 Molina Orosa. Luz en tiniebla, de la que fue autor, dentro de la colecci\u00f3n Islas de Memoria.<\/p>\n<p><strong>M\u00e1s informaci\u00f3n:<\/strong> <a href=\"https:\/\/fcmanrique.org\/wp-content\/uploads\/fc-manrique-presentacion-libro-antonio-corujo.pdf\">Nota de prensa<\/a><\/p>\n<p><strong>Presentaci\u00f3n del libro, el 24 de noviembre de 2023, en la Sala Saramago:<\/strong>&nbsp;<a href=\"https:\/\/fcmanrique.org\/fcm-actividad\/gregorio-cabrera-personas-como-antonio-corujo-demuestran-que-hay-un-hilo-conductor-entre-el-ayer-y-el-presente-que-jamas-debemos-perder-de-vista\/?cpg=0\" target=\"_blank\" rel=\"noopener\">Acto de presentaci\u00f3n<\/a><\/p>\n<p><strong>Acto de presentaci\u00f3n:&nbsp;<\/strong><a href=\"https:\/\/fcmanrique.org\/fcm-video\/antonio-corujo-siglos-de-arena-y-sal\/\" target=\"_blank\" rel=\"noopener\">Grabaci\u00f3n<\/a><\/p>","protected":false},"featured_media":24584,"parent":0,"template":"","meta":{"_acf_changed":false,"ngg_post_thumbnail":0,"footnotes":""},"publicacion_coleccion":[61],"class_list":["post-24583","fcm_publicacion","type-fcm_publicacion","status-publish","has-post-thumbnail","hentry","publicacion_coleccion-islas-de-memoria"],"acf":[],"_links":{"self":[{"href":"https:\/\/ludiccc.ddns.net\/fr\/wp-json\/wp\/v2\/fcm_publicacion\/24583","targetHints":{"allow":["GET"]}}],"collection":[{"href":"https:\/\/ludiccc.ddns.net\/fr\/wp-json\/wp\/v2\/fcm_publicacion"}],"about":[{"href":"https:\/\/ludiccc.ddns.net\/fr\/wp-json\/wp\/v2\/types\/fcm_publicacion"}],"version-history":[{"count":7,"href":"https:\/\/ludiccc.ddns.net\/fr\/wp-json\/wp\/v2\/fcm_publicacion\/24583\/revisions"}],"predecessor-version":[{"id":26118,"href":"https:\/\/ludiccc.ddns.net\/fr\/wp-json\/wp\/v2\/fcm_publicacion\/24583\/revisions\/26118"}],"wp:featuredmedia":[{"embeddable":true,"href":"https:\/\/ludiccc.ddns.net\/fr\/wp-json\/wp\/v2\/media\/24584"}],"wp:attachment":[{"href":"https:\/\/ludiccc.ddns.net\/fr\/wp-json\/wp\/v2\/media?parent=24583"}],"wp:term":[{"taxonomy":"publicacion_coleccion","embeddable":true,"href":"https:\/\/ludiccc.ddns.net\/fr\/wp-json\/wp\/v2\/publicacion_coleccion?post=24583"}],"curies":[{"name":"wp","href":"https:\/\/api.w.org\/{rel}","templated":true}]}}

<p><strong>Antonio Corujo Tejera</strong> nació en San Bartolomé el 23 de agosto de 1933. Entró en contacto con la tradición oral y musical de Lanzarote en la barbería y cantina de su padre, Domingo. Es heredero además del talento musical de su abuelo Juan Corujo Martín, el Jariano, y del profundo saber popular de su abuela Margarita Brito. Aprendió a cantar y a bailar en el Jable en largas veladas frente a la casa familiar. La historia del folclore insular no se entiende sin la saga de los Corujo, base de la histórica Agrupación Folclórica Ajei y de los ranchos de Pascua de San Bartolomé, tradición que Antonio ha contribuido a perpetuar junto a múltiples expresiones de la cultura conejera. Destacó desde niño por su inconfundible huella personal a la hora de interpretar.</p>
<p>En 1958 contrajo matrimonio con María del Carmen García Martín, Maquita, con la que tuvo tres hijos y dos hijas, que heredaron la pasión por las manifestaciones musicales de Lanzarote. Entre 1964 y 1967 vivió en Venezuela y contribuyó a consolidar el puente cultural de ida y vuelta entre ambas orillas.</p>
<p>En los años ochenta del siglo pasado, Antonio Corujo afrontó una de sus grandes aportaciones al conocimiento de la cultura popular lanzaroteña con la difusión entre la comunidad educativa de las coplas de Víctor Fernández, el Salinero, que escuchó por primera vez en su infancia. Su sello está presente en varios discos y ha actuado en los mayores escenarios de Canarias, además de en la Península y el extranjero.</p>
<p><strong>Gregorio Cabrera Reyes</strong> (Arrecife de Lanzarote, 1973) es licenciado en Ciencias de la Información por la Universidad Complutense de Madrid. Su familia es originaria de Yaiza, tanto por vía materna como paterna. Reside en Las Palmas de Gran Canaria desde 2011. Ha sido redactor del periódico La Provincia y ha publicado en diversos diarios y revistas de ámbito regional y nacional, como eldiario.es, El Mundo, ABC, La Vanguardia o lamarea.com.</p>
<p>También ha sido colaborador de Cadena Ser Las Palmas, entre otras emisoras de radio, responsable de comunicación de la Red de Museos del Cabildo de Gran Canaria, así como del Instituto para la Gestión Integrada del Patrimonio Mundial y la Reserva de la Biosfera de Gran Canaria, además de asesor para la Presidencia del Cabildo grancanario. Creó el periódico digital Diario Atlántida, especializado en temas medioambientales y sociales. Es redactor de los contenidos de Turismo Gran Canaria y colabora con diversos medios de comunicación y entidades sociales.</p>
<p>En 2009, la FCM publicó la biografía José Molina Orosa. Luz en tiniebla, de la que fue autor, dentro de la colección Islas de Memoria.</p>
<p><strong>Más información:</strong> <a href="https://fcmanrique.org/wp-content/uploads/fc-manrique-presentacion-libro-antonio-corujo.pdf">Nota de prensa</a></p>
<p><strong>Presentación del libro, el 24 de noviembre de 2023, en la Sala Saramago:</strong>&nbsp;<a href="https://fcmanrique.org/fcm-actividad/gregorio-cabrera-personas-como-antonio-corujo-demuestran-que-hay-un-hilo-conductor-entre-el-ayer-y-el-presente-que-jamas-debemos-perder-de-vista/?cpg=0" target="_blank" rel="noopener">Acto de presentación</a></p>
<p><strong>Acto de presentación:&nbsp;</strong><a href="https://fcmanrique.org/fcm-video/antonio-corujo-siglos-de-arena-y-sal/" target="_blank" rel="noopener">Grabación</a></p>
