{"id":16193,"date":"2001-05-30T00:00:00","date_gmt":"2001-05-30T00:00:00","guid":{"rendered":"https:\/\/fcmanrique.org\/fcm-publicacion\/poeticas-del-lugar-arte-publico-en-espana\/"},"modified":"2023-11-29T11:08:00","modified_gmt":"2023-11-29T11:08:00","slug":"poeticas-del-lugar-arte-publico-en-espana","status":"publish","type":"fcm_publicacion","link":"https:\/\/ludiccc.ddns.net\/fr\/fcm-publicacion\/poeticas-del-lugar-arte-publico-en-espana\/","title":{"rendered":"Po\u00e9ticas del lugar. Arte p\u00fablico en Espa\u00f1a"},"content":{"rendered":"<p><\/p>\n<p class=\"MsoNormal\" style=\"text-align: justify;\"><span style=\"ofont-family: Arial;\">Con motivo de esta <a href=\"https:\/\/fcmanrique.org\/fcm-exposicion\/poeticas-del-lugar-arte-publico-en-espana\/?cpg=2\"><strong>muestra<\/strong>,<\/a> la FCM edit\u00f3 un cat\u00e1logo con tres textos generales sobre el arte p\u00fablico, de <strong>Javier Maderuelo<\/strong> y <strong>Nancy Princenthal<\/strong>, as\u00ed como nueve textos de distintos especialistas que recog\u00edan la problem\u00e1tica puesta en cuesti\u00f3n en esta exposici\u00f3n, mostrando im\u00e1genes de las construcciones y proyectos realizados.<\/span><\/p>\n<p><span style=\"ofont-size: 10pt; ofont-family: Arial;\">Cada una de las obras p\u00fablicas es analizada por un especialista. As\u00ed, <em>Puerta de la Ilustraci\u00f3n<\/em>, de Andreu Alfaro, por Vicente Jarque; <em>Diez veces otra vez, <\/em>de Dar\u00edo Corbeira, por David Cohn; <em>Plaza de los Fueros<\/em>, de Eduardo Chillida y Luis Pe\u00f1a Ganchegui, por Xesqui Casta\u00f1er L\u00f3pez y Carles Muro; <em>Fossar de la Pedrera<\/em>, de Beth Gal\u00ed, por Javier Maderuelo y Marta Pessarrodona; <em>Fuente P\u00fablica<\/em>, de Miquel Navarro, por Fernando Castro Borrego; <em>Islas, <\/em>de Jaume Plensa, por Miguel \u00c1ngel Fern\u00e1ndez-Lomana; y <em>Avenida de R\u00edo de Janeiro<\/em>, de Agust\u00ed Roqu\u00e9, Carles Teixidor y Paloma Bardaj\u00ed, por Teresa Blanch.<br \/>\n<\/span><\/p>","protected":false},"featured_media":16194,"parent":0,"template":"","meta":{"_acf_changed":false,"ngg_post_thumbnail":0,"footnotes":""},"publicacion_coleccion":[76],"class_list":["post-16193","fcm_publicacion","type-fcm_publicacion","status-publish","has-post-thumbnail","hentry","publicacion_coleccion-catalogos-exposiciones-temporales"],"acf":[],"_links":{"self":[{"href":"https:\/\/ludiccc.ddns.net\/fr\/wp-json\/wp\/v2\/fcm_publicacion\/16193","targetHints":{"allow":["GET"]}}],"collection":[{"href":"https:\/\/ludiccc.ddns.net\/fr\/wp-json\/wp\/v2\/fcm_publicacion"}],"about":[{"href":"https:\/\/ludiccc.ddns.net\/fr\/wp-json\/wp\/v2\/types\/fcm_publicacion"}],"version-history":[{"count":2,"href":"https:\/\/ludiccc.ddns.net\/fr\/wp-json\/wp\/v2\/fcm_publicacion\/16193\/revisions"}],"predecessor-version":[{"id":24700,"href":"https:\/\/ludiccc.ddns.net\/fr\/wp-json\/wp\/v2\/fcm_publicacion\/16193\/revisions\/24700"}],"wp:featuredmedia":[{"embeddable":true,"href":"https:\/\/ludiccc.ddns.net\/fr\/wp-json\/wp\/v2\/media\/16194"}],"wp:attachment":[{"href":"https:\/\/ludiccc.ddns.net\/fr\/wp-json\/wp\/v2\/media?parent=16193"}],"wp:term":[{"taxonomy":"publicacion_coleccion","embeddable":true,"href":"https:\/\/ludiccc.ddns.net\/fr\/wp-json\/wp\/v2\/publicacion_coleccion?post=16193"}],"curies":[{"name":"wp","href":"https:\/\/api.w.org\/{rel}","templated":true}]}}

Poéticas del lugar. Arte público en España

<p></p>
<p class="MsoNormal" style="text-align: justify;"><span style="ofont-family: Arial;">Con motivo de esta <a href="https://fcmanrique.org/fcm-exposicion/poeticas-del-lugar-arte-publico-en-espana/?cpg=2"><strong>muestra</strong>,</a> la FCM editó un catálogo con tres textos generales sobre el arte público, de <strong>Javier Maderuelo</strong> y <strong>Nancy Princenthal</strong>, así como nueve textos de distintos especialistas que recogían la problemática puesta en cuestión en esta exposición, mostrando imágenes de las construcciones y proyectos realizados.</span></p>
<p><span style="ofont-size: 10pt; ofont-family: Arial;">Cada una de las obras públicas es analizada por un especialista. Así, <em>Puerta de la Ilustración</em>, de Andreu Alfaro, por Vicente Jarque; <em>Diez veces otra vez, </em>de Darío Corbeira, por David Cohn; <em>Plaza de los Fueros</em>, de Eduardo Chillida y Luis Peña Ganchegui, por Xesqui Castañer López y Carles Muro; <em>Fossar de la Pedrera</em>, de Beth Galí, por Javier Maderuelo y Marta Pessarrodona; <em>Fuente Pública</em>, de Miquel Navarro, por Fernando Castro Borrego; <em>Islas, </em>de Jaume Plensa, por Miguel Ángel Fernández-Lomana; y <em>Avenida de Río de Janeiro</em>, de Agustí Roqué, Carles Teixidor y Paloma Bardají, por Teresa Blanch.<br />
</span></p>
