{"id":16111,"date":"2005-11-01T00:00:00","date_gmt":"2005-11-01T00:00:00","guid":{"rendered":"https:\/\/fcmanrique.org\/fcm-publicacion\/la-incidencia-de-la-especie-humana-sobre-la-faz-de-la-tierra-1955-2005\/"},"modified":"2021-12-22T09:42:17","modified_gmt":"2021-12-22T09:42:17","slug":"la-incidencia-de-la-especie-humana-sobre-la-faz-de-la-tierra-1955-2005","status":"publish","type":"fcm_publicacion","link":"https:\/\/ludiccc.ddns.net\/fr\/fcm-publicacion\/la-incidencia-de-la-especie-humana-sobre-la-faz-de-la-tierra-1955-2005\/","title":{"rendered":"La incidencia de la especie humana sobre la faz de la Tierra (1955-2005)"},"content":{"rendered":"<p><\/p>\n<p class=\"MsoNormal\" style=\"text-align: justify;\"><em><span style=\"ofont-family: Arial; color: black;\">La incidencia de la especie humana sobre la faz de la Tierra (1955-2005)<\/span><\/em><span style=\"ofont-family: Arial; color: black;\"> recoge los documentos del seminario que, con el mismo t\u00edtulo, fue dirigido por Jos\u00e9 Manuel Naredo en la FCM en mayo del 2003. El libro, al igual que el seminario, tienen su punto de referencia en el hist\u00f3rico simposio <em>Man\u2019s Role in Changing the face of the Earth (El papel del hombre en los cambios de la faz de la Tierra)<\/em>, que tuvo lugar en 1955 en Princeton, promovido por Sauer, Mumford y Glacken, entre otros. En esta publicaci\u00f3n se actualiza la reflexi\u00f3n sobre el tema y se analizan los cambios operados desde entonces. <\/span><\/p>\n<p class=\"MsoNormal\" style=\"text-align: justify;\"><span style=\"ofont-family: Arial; color: black;\">En sus 12 cap\u00edtulos, se recogen interesantes textos de Jos\u00e9 Manuel Naredo, Jacques Grinevald, Horacio Capel, Paul F. Starrs, Ram\u00f3n Margalef, Fernando Parra, Antonio Cendrero, Juan Remondo, Victoria Rivas, Antonio Valero, Edgar Botero, Amaya Mart\u00ednez, Antonio Estevan, Fernando Cembranos y Fernando G\u00f3mez Aguilera. En el anexo, se seleccionan y comentan algunos de los textos m\u00e1s representativos del simposio de 1955, escritos por Carl O. Sauer, Clarence Glaken y Lewis Mumford. <\/span><\/p>\n<p class=\"MsoNormal\" style=\"text-align: justify;\"><span style=\"ofont-family: Arial; color: black;\">El libro recoge el esp\u00edritu del seminario celebrado en la FCM en 2003, abordando temas como la huella ecol\u00f3gica, el consumo de recursos naturales, la econom\u00eda de mercado y el desarrollo tecnol\u00f3gico, incidiendo en la ocupaci\u00f3n territorial en relaci\u00f3n a la isla de Lanzarote.<\/span><\/p>\n<p class=\"MsoNormal\" style=\"text-align: justify;\"><span style=\"ofont-family: Arial; color: black;\">El libro, tercer t\u00edtulo de la colecci\u00f3n, en esta ocasi\u00f3n ha sido coeditado por la FCM y la Editorial Universidad de Granada.<br \/>\n<\/span><\/p>\n<p class=\"MsoNormal\" style=\"text-align: justify;\">&nbsp;<\/p>\n<p><\/p>","protected":false},"featured_media":16112,"parent":0,"template":"","meta":{"_acf_changed":false,"ngg_post_thumbnail":0,"footnotes":""},"publicacion_coleccion":[56],"class_list":["post-16111","fcm_publicacion","type-fcm_publicacion","status-publish","has-post-thumbnail","hentry","publicacion_coleccion-coediciones"],"acf":[],"_links":{"self":[{"href":"https:\/\/ludiccc.ddns.net\/fr\/wp-json\/wp\/v2\/fcm_publicacion\/16111","targetHints":{"allow":["GET"]}}],"collection":[{"href":"https:\/\/ludiccc.ddns.net\/fr\/wp-json\/wp\/v2\/fcm_publicacion"}],"about":[{"href":"https:\/\/ludiccc.ddns.net\/fr\/wp-json\/wp\/v2\/types\/fcm_publicacion"}],"version-history":[{"count":1,"href":"https:\/\/ludiccc.ddns.net\/fr\/wp-json\/wp\/v2\/fcm_publicacion\/16111\/revisions"}],"predecessor-version":[{"id":22514,"href":"https:\/\/ludiccc.ddns.net\/fr\/wp-json\/wp\/v2\/fcm_publicacion\/16111\/revisions\/22514"}],"wp:featuredmedia":[{"embeddable":true,"href":"https:\/\/ludiccc.ddns.net\/fr\/wp-json\/wp\/v2\/media\/16112"}],"wp:attachment":[{"href":"https:\/\/ludiccc.ddns.net\/fr\/wp-json\/wp\/v2\/media?parent=16111"}],"wp:term":[{"taxonomy":"publicacion_coleccion","embeddable":true,"href":"https:\/\/ludiccc.ddns.net\/fr\/wp-json\/wp\/v2\/publicacion_coleccion?post=16111"}],"curies":[{"name":"wp","href":"https:\/\/api.w.org\/{rel}","templated":true}]}}

<p></p>
<p class="MsoNormal" style="text-align: justify;"><em><span style="ofont-family: Arial; color: black;">La incidencia de la especie humana sobre la faz de la Tierra (1955-2005)</span></em><span style="ofont-family: Arial; color: black;"> recoge los documentos del seminario que, con el mismo título, fue dirigido por José Manuel Naredo en la FCM en mayo del 2003. El libro, al igual que el seminario, tienen su punto de referencia en el histórico simposio <em>Man’s Role in Changing the face of the Earth (El papel del hombre en los cambios de la faz de la Tierra)</em>, que tuvo lugar en 1955 en Princeton, promovido por Sauer, Mumford y Glacken, entre otros. En esta publicación se actualiza la reflexión sobre el tema y se analizan los cambios operados desde entonces. </span></p>
<p class="MsoNormal" style="text-align: justify;"><span style="ofont-family: Arial; color: black;">En sus 12 capítulos, se recogen interesantes textos de José Manuel Naredo, Jacques Grinevald, Horacio Capel, Paul F. Starrs, Ramón Margalef, Fernando Parra, Antonio Cendrero, Juan Remondo, Victoria Rivas, Antonio Valero, Edgar Botero, Amaya Martínez, Antonio Estevan, Fernando Cembranos y Fernando Gómez Aguilera. En el anexo, se seleccionan y comentan algunos de los textos más representativos del simposio de 1955, escritos por Carl O. Sauer, Clarence Glaken y Lewis Mumford. </span></p>
<p class="MsoNormal" style="text-align: justify;"><span style="ofont-family: Arial; color: black;">El libro recoge el espíritu del seminario celebrado en la FCM en 2003, abordando temas como la huella ecológica, el consumo de recursos naturales, la economía de mercado y el desarrollo tecnológico, incidiendo en la ocupación territorial en relación a la isla de Lanzarote.</span></p>
<p class="MsoNormal" style="text-align: justify;"><span style="ofont-family: Arial; color: black;">El libro, tercer título de la colección, en esta ocasión ha sido coeditado por la FCM y la Editorial Universidad de Granada.<br />
</span></p>
<p class="MsoNormal" style="text-align: justify;">&nbsp;</p>
<p></p>
