{"id":15140,"date":"2018-02-21T11:31:08","date_gmt":"2018-02-21T11:31:08","guid":{"rendered":"https:\/\/fcmanrique.org\/fcm-exposicion\/jan-hendrix-malpais\/"},"modified":"2026-04-23T23:20:11","modified_gmt":"2026-04-23T23:20:11","slug":"jan-hendrix-malpais","status":"publish","type":"fcm_exposicion","link":"https:\/\/ludiccc.ddns.net\/fr\/fcm-exposicion\/jan-hendrix-malpais\/","title":{"rendered":"Malpa\u00eds. Jan Hendrix"},"content":{"rendered":"<div class=\"wp-block-columns fcm-page-migration-columns is-layout-flex wp-container-core-columns-is-layout-9d6595d7 wp-block-columns-is-layout-flex\"><div class=\"wp-block-column is-layout-flow wp-block-column-is-layout-flow\" style=\"flex-basis:66.66%\"><figure class=\"wp-block-image size-full\"><img fetchpriority=\"high\" width=\"289\" height=\"246\" src=\"https:\/\/fcm.local\/wp-content\/uploads\/cesar-manrique-expo-Jan-Hendrix-Malpais-th.jpg\" class=\"wp-image-16806\" alt=\"Malpa\u00eds. Jan Hendrix\" loading=\"eager\" decoding=\"async\" \/><\/figure>\n<p>El 5 de junio de 2008, coincidiendo con el D\u00eda Mundial del Medio Ambiente, se inaugur\u00f3 en la sede de la Fundaci\u00f3n C\u00e9sar Manrique en Taro de Tah\u00edche y en la sala Jos\u00e9 Saramago de Arrecife una <strong>exposici\u00f3n dedicada a Jan Hendrix<\/strong>, artista holand\u00e9s con residencia en M\u00e9xico, que trabaja en obra gr\u00e1fica, sobre planchas de metal de gran formato, inspirada en la presentaci\u00f3n de sombras de formas org\u00e1nicas. Elementos como flores, tallos, ra\u00edces y hojas, hacen de su propuesta una mirada po\u00e9tica hacia el paisaje natural. La muestra pudo contemplarse en ambas salas hasta el 21 de septiembre de 2008. <\/p>\n<p>A finales del a\u00f1o 2006, en el marco del <strong>programa <\/strong><strong><em>Artistas en Residencia<\/em><\/strong><strong> de la FCM<\/strong>, Jan Hendrix, considerado como uno de los maestros de la t\u00e9cnica de la serigraf\u00eda y del grabado, se desplaz\u00f3 a Lanzarote, y comenz\u00f3 los trabajos para la muestra, que cont\u00f3 con la colaboraci\u00f3n del Gobierno de Canarias. Hendrix permaneci\u00f3 en la Isla durante diecis\u00e9is d\u00edas, y organiz\u00f3 su centro de operaciones en el estudio que la FCM puso a su disposici\u00f3n en Caleta en Famara, desde donde realizaba caminatas para recoger materiales org\u00e1nicos y tomar notas. <\/p>\n<p>El resultado de ese trabajo, con posterioridad desarrollado en M\u00e9xico y Madrid, pudo verse en dos salas de la FCM. En la sala Jos\u00e9 Saramago de Arrecife se instal\u00f3 una gran pieza escult\u00f3rica central, consistente en una espiral transitable para el p\u00fablico, concebida como una celos\u00eda vegetal, a partir de motivos org\u00e1nicos del paisaje de Lanzarote. Por otra parte, ya en la sala Taro de la sede de la FCM en Tah\u00edche, pudieron verse dibujos y, en particular, una serie de grabados sobre paisajes y elementos de la cubierta vegetal de la isla.<\/p>\n<p>Con ocasi\u00f3n de la muestra, la FCM edit\u00f3 un <a href=\"https:\/\/fcmanrique.org\/fcm-publicacion\/malpais-jan-hendrix\/?cpg=1\"><strong>cat\u00e1logo<\/strong><\/a> que documenta los contenidos expuestos al p\u00fablico. <\/p>\n<p>El programa <em>Artistas en Residencia<\/em>, que ya ha contado con la participaci\u00f3n de los creadores Nils-Udo, Thomas Joshua Cooper, Miguel \u00c1ngel Blanco, Axel H\u00fctte, Hamish Fulton, Giuliano Mauri o Gilles Cl\u00e9ment, constituye el eje central de la pol\u00edtica de exposiciones temporales y de la colecci\u00f3n de arte de la FCM, cohesionando los aspectos pl\u00e1sticos de la Instituci\u00f3n en el \u00e1mbito de su programaci\u00f3n y en el de su pol\u00edtica de adquisiciones. El programa consiste en invitar a artistas del circuito internacional a desarrollar proyectos relacionados con la Naturaleza y el paisaje de Lanzarote. Posteriormente, algunas de las piezas de esos proyectos son adquiridas por la Instituci\u00f3n, pasando a formar parte de su colecci\u00f3n <em>Arte-Naturaleza<\/em>.<\/p><\/div><div class=\"wp-block-column is-layout-flow wp-block-column-is-layout-flow\" style=\"flex-basis:33.33%\"><div class=\"wp-block-group detail-panel detail-media wp-block-group-\"><div class=\"wp-block-group__inner-container is-layout-flow wp-block-group-is-layout-flow\"><p><a href=\"https:\/\/fcmanrique.org\/wp-content\/uploads\/14535thmb_expohendrix04_640.jpg\"><\/a><\/p><\/div><\/div>\n<div class=\"wp-block-group detail-panel detail-media wp-block-group-\"><div class=\"wp-block-group__inner-container is-layout-flow wp-block-group-is-layout-flow\"><ul class=\"wp-block-list\"><li><a href=\"\/recursos\/exposicion\/5093e465dossier%20prensa%20jan%20hendrix.pdf\" class=\"fcm-pdf-download-link\">Dossier de prensa<\/a><\/li><\/ul><\/div><\/div><\/div><\/div>","protected":false},"featured_media":16806,"parent":0,"template":"","meta":{"_acf_changed":false,"ngg_post_thumbnail":0,"footnotes":""},"exposicion_linea_discursiva":[51],"class_list":["post-15140","fcm_exposicion","type-fcm_exposicion","status-publish","has-post-thumbnail","hentry","exposicion_linea_discursiva-arte-naturaleza"],"acf":[],"_links":{"self":[{"href":"https:\/\/ludiccc.ddns.net\/fr\/wp-json\/wp\/v2\/fcm_exposicion\/15140","targetHints":{"allow":["GET"]}}],"collection":[{"href":"https:\/\/ludiccc.ddns.net\/fr\/wp-json\/wp\/v2\/fcm_exposicion"}],"about":[{"href":"https:\/\/ludiccc.ddns.net\/fr\/wp-json\/wp\/v2\/types\/fcm_exposicion"}],"version-history":[{"count":7,"href":"https:\/\/ludiccc.ddns.net\/fr\/wp-json\/wp\/v2\/fcm_exposicion\/15140\/revisions"}],"predecessor-version":[{"id":27121,"href":"https:\/\/ludiccc.ddns.net\/fr\/wp-json\/wp\/v2\/fcm_exposicion\/15140\/revisions\/27121"}],"wp:featuredmedia":[{"embeddable":true,"href":"https:\/\/ludiccc.ddns.net\/fr\/wp-json\/wp\/v2\/media\/16806"}],"wp:attachment":[{"href":"https:\/\/ludiccc.ddns.net\/fr\/wp-json\/wp\/v2\/media?parent=15140"}],"wp:term":[{"taxonomy":"exposicion_linea_discursiva","embeddable":true,"href":"https:\/\/ludiccc.ddns.net\/fr\/wp-json\/wp\/v2\/exposicion_linea_discursiva?post=15140"}],"curies":[{"name":"wp","href":"https:\/\/api.w.org\/{rel}","templated":true}]}}

Malpaís. Jan Hendrix

<div class="wp-block-columns fcm-page-migration-columns is-layout-flex wp-container-core-columns-is-layout-9d6595d7 wp-block-columns-is-layout-flex"><div class="wp-block-column is-layout-flow wp-block-column-is-layout-flow" style="flex-basis:66.66%"><figure class="wp-block-image size-full"><img fetchpriority="high" width="289" height="246" src="https://fcm.local/wp-content/uploads/cesar-manrique-expo-Jan-Hendrix-Malpais-th.jpg" class="wp-image-16806" alt="Malpaís. Jan Hendrix" loading="eager" decoding="async" /></figure>
<p>El 5 de junio de 2008, coincidiendo con el Día Mundial del Medio Ambiente, se inauguró en la sede de la Fundación César Manrique en Taro de Tahíche y en la sala José Saramago de Arrecife una <strong>exposición dedicada a Jan Hendrix</strong>, artista holandés con residencia en México, que trabaja en obra gráfica, sobre planchas de metal de gran formato, inspirada en la presentación de sombras de formas orgánicas. Elementos como flores, tallos, raíces y hojas, hacen de su propuesta una mirada poética hacia el paisaje natural. La muestra pudo contemplarse en ambas salas hasta el 21 de septiembre de 2008. </p>
<p>A finales del año 2006, en el marco del <strong>programa </strong><strong><em>Artistas en Residencia</em></strong><strong> de la FCM</strong>, Jan Hendrix, considerado como uno de los maestros de la técnica de la serigrafía y del grabado, se desplazó a Lanzarote, y comenzó los trabajos para la muestra, que contó con la colaboración del Gobierno de Canarias. Hendrix permaneció en la Isla durante dieciséis días, y organizó su centro de operaciones en el estudio que la FCM puso a su disposición en Caleta en Famara, desde donde realizaba caminatas para recoger materiales orgánicos y tomar notas. </p>
<p>El resultado de ese trabajo, con posterioridad desarrollado en México y Madrid, pudo verse en dos salas de la FCM. En la sala José Saramago de Arrecife se instaló una gran pieza escultórica central, consistente en una espiral transitable para el público, concebida como una celosía vegetal, a partir de motivos orgánicos del paisaje de Lanzarote. Por otra parte, ya en la sala Taro de la sede de la FCM en Tahíche, pudieron verse dibujos y, en particular, una serie de grabados sobre paisajes y elementos de la cubierta vegetal de la isla.</p>
<p>Con ocasión de la muestra, la FCM editó un <a href="https://fcmanrique.org/fcm-publicacion/malpais-jan-hendrix/?cpg=1"><strong>catálogo</strong></a> que documenta los contenidos expuestos al público. </p>
<p>El programa <em>Artistas en Residencia</em>, que ya ha contado con la participación de los creadores Nils-Udo, Thomas Joshua Cooper, Miguel Ángel Blanco, Axel Hütte, Hamish Fulton, Giuliano Mauri o Gilles Clément, constituye el eje central de la política de exposiciones temporales y de la colección de arte de la FCM, cohesionando los aspectos plásticos de la Institución en el ámbito de su programación y en el de su política de adquisiciones. El programa consiste en invitar a artistas del circuito internacional a desarrollar proyectos relacionados con la Naturaleza y el paisaje de Lanzarote. Posteriormente, algunas de las piezas de esos proyectos son adquiridas por la Institución, pasando a formar parte de su colección <em>Arte-Naturaleza</em>.</p></div><div class="wp-block-column is-layout-flow wp-block-column-is-layout-flow" style="flex-basis:33.33%"><div class="wp-block-group detail-panel detail-media wp-block-group-"><div class="wp-block-group__inner-container is-layout-flow wp-block-group-is-layout-flow"><p><a href="https://fcmanrique.org/wp-content/uploads/14535thmb_expohendrix04_640.jpg"></a></p></div></div>
<div class="wp-block-group detail-panel detail-media wp-block-group-"><div class="wp-block-group__inner-container is-layout-flow wp-block-group-is-layout-flow"><ul class="wp-block-list"><li><a href="/recursos/exposicion/5093e465dossier%20prensa%20jan%20hendrix.pdf" class="fcm-pdf-download-link">Dossier de prensa</a></li></ul></div></div></div></div>
