{"id":15104,"date":"2018-02-21T11:30:38","date_gmt":"2018-02-21T11:30:38","guid":{"rendered":"https:\/\/fcmanrique.org\/fcm-exposicion\/el-pasado-en-el-presente\/"},"modified":"2026-04-23T23:20:11","modified_gmt":"2026-04-23T23:20:11","slug":"el-pasado-en-el-presente","status":"publish","type":"fcm_exposicion","link":"https:\/\/ludiccc.ddns.net\/fr\/fcm-exposicion\/el-pasado-en-el-presente\/","title":{"rendered":"El pasado en el presente"},"content":{"rendered":"<figure class=\"wp-block-image size-full\"><img fetchpriority=\"high\" width=\"640\" height=\"480\" src=\"https:\/\/fcm.local\/wp-content\/uploads\/expoelpasado02_640.jpg\" class=\"wp-image-15106\" alt=\"Vista de la exposici\u00f3n\" loading=\"eager\" decoding=\"async\" srcset=\"https:\/\/fcm.local\/wp-content\/uploads\/expoelpasado02_640.jpg 640w, https:\/\/fcm.local\/wp-content\/uploads\/expoelpasado02_640-300x225.jpg 300w\" sizes=\"(max-width: 640px) 100vw, 640px\" \/><\/figure>\n<p>El 29 de mayo de 2003 se inaugur\u00f3 en la sede de la FCM, en Taro de Tah\u00edche, la exposici\u00f3n <em>El pasado en el presente<\/em>, comisariada por Fernando Est\u00e9vez, director del Museo Antropol\u00f3gico de Tenerife. La exposici\u00f3n fue producida por el Museo Arqueol\u00f3gico de Tenerife y se pudo visitar hasta el 7 de septiembre.<\/p>\n<p>Esta muestra revisaba, de manera cr\u00edtica, el concepto de identidad y su transmisi\u00f3n en la sociedad, especialmente desde el \u00e1mbito pol\u00edtico. El frecuente recurso al concepto de <em>lo nuestro<\/em> se ve as\u00ed cuestionado en diferentes espacios en los que se visualiza los procesos de construcci\u00f3n de la historia, sus interpretaciones y las intenciones que se ocultan detr\u00e1s. <\/p>\n<p>En la FCM, pudimos contemplar en un montaje sugerente cientos de objetos de los m\u00e1s diversos or\u00edgenes, materiales y usos. Todos estas piezas fueron expuestas en dos salas de la Fundaci\u00f3n, a trav\u00e9s de paneles, soportes expositivos, estructuras de montaje, piezas objetuales&#8230;, integrados en un discurso que, sin rehuir la pol\u00e9mica, hac\u00eda hincapi\u00e9 en la artificialidad con que se construyen los s\u00edmbolos de identidad, y c\u00f3mo se manipulan con fines medi\u00e1ticos y pol\u00edticos.<\/p>\n<p>Una serie de textos complet\u00f3 la exhibici\u00f3n, mostrando c\u00f3mo funciona la identidad como arma pol\u00edtica y c\u00f3mo se falsea, creando un artificio para convertirla en objeto de adoraci\u00f3n y elemento com\u00fan de un grupo: \u201cTener la misma sangre signific\u00f3 antiguamente pertenecer al mismo linaje, luego ser de la misma raza; hoy, compartir los mismos genes. La obsesi\u00f3n por encontrar los or\u00edgenes -familiares y \u00e9tnicos- se apoya ahora en la gen\u00e9tica [\u2026]\u201d, se pod\u00eda leer en alguno de los paneles. En otros, ten\u00edamos citas de personajes conocidos: \u201cS\u00f3lo nos ocupamos de rellenar la memoria y dejamos vac\u00edos el entendimiento y la conciencia\u201d (Montaigne) o simplemente sentencias que mostraban el itinerario: \u201cSe trata en todo momento de sacrificar lo que somos en favor de lo que podemos llegar a ser\u201d.<\/p>\n<p>La exposici\u00f3n <em>El pasado en el presente<\/em>, en palabras del director de Actividades Fundacionales de la FCM, Fernando G\u00f3mez Aguilera, \u201cno es un viaje a trav\u00e9s del tiempo, no es un recorrido por la historia; es una invitaci\u00f3n a reflexionar sobre c\u00f3mo incorporamos el pasado en el presente. \u00bfPor qu\u00e9 ahora el pasado es tan importante? \u00bfPor qu\u00e9 apasiona tanto? \u00bfQui\u00e9n necesita el pasado? \u00bfPara qu\u00e9?\u201d<\/p>\n<p>La exposici\u00f3n recibi\u00f3 89.756 visitantes.<\/p>","protected":false},"featured_media":15106,"parent":0,"template":"","meta":{"_acf_changed":false,"ngg_post_thumbnail":0,"footnotes":""},"exposicion_linea_discursiva":[54],"class_list":["post-15104","fcm_exposicion","type-fcm_exposicion","status-publish","has-post-thumbnail","hentry","exposicion_linea_discursiva-educativas-y-ambientales"],"acf":[],"_links":{"self":[{"href":"https:\/\/ludiccc.ddns.net\/fr\/wp-json\/wp\/v2\/fcm_exposicion\/15104","targetHints":{"allow":["GET"]}}],"collection":[{"href":"https:\/\/ludiccc.ddns.net\/fr\/wp-json\/wp\/v2\/fcm_exposicion"}],"about":[{"href":"https:\/\/ludiccc.ddns.net\/fr\/wp-json\/wp\/v2\/types\/fcm_exposicion"}],"version-history":[{"count":5,"href":"https:\/\/ludiccc.ddns.net\/fr\/wp-json\/wp\/v2\/fcm_exposicion\/15104\/revisions"}],"predecessor-version":[{"id":27104,"href":"https:\/\/ludiccc.ddns.net\/fr\/wp-json\/wp\/v2\/fcm_exposicion\/15104\/revisions\/27104"}],"wp:featuredmedia":[{"embeddable":true,"href":"https:\/\/ludiccc.ddns.net\/fr\/wp-json\/wp\/v2\/media\/15106"}],"wp:attachment":[{"href":"https:\/\/ludiccc.ddns.net\/fr\/wp-json\/wp\/v2\/media?parent=15104"}],"wp:term":[{"taxonomy":"exposicion_linea_discursiva","embeddable":true,"href":"https:\/\/ludiccc.ddns.net\/fr\/wp-json\/wp\/v2\/exposicion_linea_discursiva?post=15104"}],"curies":[{"name":"wp","href":"https:\/\/api.w.org\/{rel}","templated":true}]}}

<figure class="wp-block-image size-full"><img fetchpriority="high" width="640" height="480" src="https://fcm.local/wp-content/uploads/expoelpasado02_640.jpg" class="wp-image-15106" alt="Vista de la exposición" loading="eager" decoding="async" srcset="https://fcm.local/wp-content/uploads/expoelpasado02_640.jpg 640w, https://fcm.local/wp-content/uploads/expoelpasado02_640-300x225.jpg 300w" sizes="(max-width: 640px) 100vw, 640px" /></figure>
<p>El 29 de mayo de 2003 se inauguró en la sede de la FCM, en Taro de Tahíche, la exposición <em>El pasado en el presente</em>, comisariada por Fernando Estévez, director del Museo Antropológico de Tenerife. La exposición fue producida por el Museo Arqueológico de Tenerife y se pudo visitar hasta el 7 de septiembre.</p>
<p>Esta muestra revisaba, de manera crítica, el concepto de identidad y su transmisión en la sociedad, especialmente desde el ámbito político. El frecuente recurso al concepto de <em>lo nuestro</em> se ve así cuestionado en diferentes espacios en los que se visualiza los procesos de construcción de la historia, sus interpretaciones y las intenciones que se ocultan detrás. </p>
<p>En la FCM, pudimos contemplar en un montaje sugerente cientos de objetos de los más diversos orígenes, materiales y usos. Todos estas piezas fueron expuestas en dos salas de la Fundación, a través de paneles, soportes expositivos, estructuras de montaje, piezas objetuales&#8230;, integrados en un discurso que, sin rehuir la polémica, hacía hincapié en la artificialidad con que se construyen los símbolos de identidad, y cómo se manipulan con fines mediáticos y políticos.</p>
<p>Una serie de textos completó la exhibición, mostrando cómo funciona la identidad como arma política y cómo se falsea, creando un artificio para convertirla en objeto de adoración y elemento común de un grupo: “Tener la misma sangre significó antiguamente pertenecer al mismo linaje, luego ser de la misma raza; hoy, compartir los mismos genes. La obsesión por encontrar los orígenes -familiares y étnicos- se apoya ahora en la genética […]”, se podía leer en alguno de los paneles. En otros, teníamos citas de personajes conocidos: “Sólo nos ocupamos de rellenar la memoria y dejamos vacíos el entendimiento y la conciencia” (Montaigne) o simplemente sentencias que mostraban el itinerario: “Se trata en todo momento de sacrificar lo que somos en favor de lo que podemos llegar a ser”.</p>
<p>La exposición <em>El pasado en el presente</em>, en palabras del director de Actividades Fundacionales de la FCM, Fernando Gómez Aguilera, “no es un viaje a través del tiempo, no es un recorrido por la historia; es una invitación a reflexionar sobre cómo incorporamos el pasado en el presente. ¿Por qué ahora el pasado es tan importante? ¿Por qué apasiona tanto? ¿Quién necesita el pasado? ¿Para qué?”</p>
<p>La exposición recibió 89.756 visitantes.</p>
