{"id":15049,"date":"2018-02-21T11:30:25","date_gmt":"2018-02-21T11:30:25","guid":{"rendered":"https:\/\/fcmanrique.org\/fcm-exposicion\/poeticas-del-lugar-arte-publico-en-espana\/"},"modified":"2026-04-23T23:20:12","modified_gmt":"2026-04-23T23:20:12","slug":"poeticas-del-lugar-arte-publico-en-espana","status":"publish","type":"fcm_exposicion","link":"https:\/\/ludiccc.ddns.net\/fr\/fcm-exposicion\/poeticas-del-lugar-arte-publico-en-espana\/","title":{"rendered":"Po\u00e9ticas del lugar. Arte p\u00fablico en Espa\u00f1a"},"content":{"rendered":"<div class=\"wp-block-columns fcm-page-migration-columns is-layout-flex wp-container-core-columns-is-layout-9d6595d7 wp-block-columns-is-layout-flex\"><div class=\"wp-block-column is-layout-flow wp-block-column-is-layout-flow\" style=\"flex-basis:66.66%\"><figure class=\"wp-block-image size-full\"><img fetchpriority=\"high\" width=\"289\" height=\"246\" src=\"https:\/\/fcm.local\/wp-content\/uploads\/cesar-manrique-expo-poeticas-del-lugar-th.jpg\" class=\"wp-image-16801\" alt=\"Po\u00e9ticas del lugar. Arte p\u00fablico en Espa\u00f1a\" loading=\"eager\" decoding=\"async\" \/><\/figure>\n<p>El 7 de junio de 2001, la Fundaci\u00f3n C\u00e9sar Manrique inaugur\u00f3 en su sede la exposici\u00f3n <em><strong>Po\u00e9ticas del lugar. Arte p\u00fablico en Espa\u00f1a<\/strong><\/em>. La exposici\u00f3n fue organizada y producida por la FCM y comisariada por <strong>Javier Maderuelo<\/strong> y<strong> Mar\u00eda Luisa Mart\u00edn de Argila<\/strong>. Esta exposici\u00f3n revisa la producci\u00f3n de arte p\u00fablico en Espa\u00f1a en las \u00faltimas d\u00e9cadas. En los a\u00f1os sesenta, las administraciones de todas las grandes ciudades comenzaron a prestar atenci\u00f3n al espacio p\u00fablico y a cuidar la imagen cultural de los entornos urbanos. Se remodelaron plazas, se colocaron e inauguraron fuentes y esculturas de artistas contempor\u00e1neos, en un intento de dignificar espacios p\u00fablicos de car\u00e1cter emblem\u00e1tico. Una serie de experiencias art\u00edsticas y de equipamientos tan dispersas como desiguales, que han dado lugar a manifestaciones muy diferentes y desequilibradas. La democracia trajo como consecuencia la proliferaci\u00f3n de acciones de saneamiento, remodelaci\u00f3n y nueva creaci\u00f3n de espacios p\u00fablicos, pero la falta de sensibilidad con la que se est\u00e1n tratando muchos de los lugares p\u00fablicos reclama la necesidad de estudios y muestras que analicen la pertinencia y adecuaci\u00f3n de los distintos elementos art\u00edsticos, est\u00e9ticos, culturales, hist\u00f3ricos, sociol\u00f3gicos, funcionales y econ\u00f3micos que interfieren en la creaci\u00f3n de obras de arte en el espacio p\u00fablico. La exposici\u00f3n presentada en la FCM mostraba una selecci\u00f3n de 7 obras paradigm\u00e1ticas de diferentes actuaciones en nuestro pa\u00eds. Sirvieron de base para la reflexi\u00f3n, intentando ayudar a comprender, analizar y clasificar el arte p\u00fablico. El comisariado present\u00f3 especial atenci\u00f3n a la forma de mostrar las obras incorporando medios audiovisuales, instalaciones, piezas originales y una marcada escenograf\u00eda. Las actuaciones seleccionadas: Plaza de los Fueros (Vitoria), de Eduardo Chillida y Luis Pe\u00f1a Ganchegui; Puerta de la Ilustraci\u00f3n (Madrid), de Andreu Alfaro; Fossar de la Pedrera (Barcelona), de Beth Gal\u00ed; Avenida de R\u00edo de Janeiro (Barcelona), de Agust\u00ed Roqu\u00e9, Carles Teixidor y Paloma Bardaj\u00ed; Islas (Santa Cruz de Tenerife), de Jaume Plensa; Fuente P\u00fablica -conocida como La Pantera Rosa- (Valencia), de Miquel Navarro; y Diez veces otra vez (Madrid), de Dar\u00edo Corbeira. La muestra se acompa\u00f1\u00f3 de un <a href=\"https:\/\/fcmanrique.org\/fcm-publicacion\/poeticas-del-lugar-arte-publico-en-espana\/?cpg=2\"><strong>cat\u00e1logo<\/strong> <\/a>con tres textos generales sobre el arte p\u00fablico, de Javier Maderuelo y Nancy Princenthal, as\u00ed como nueve textos de distintos especialistas. La exposici\u00f3n recibi\u00f3 95.212 visitantes. Hay que a\u00f1adir los 668 visitantes entre escolares y profesores que visitaron la exposici\u00f3n, acompa\u00f1ados por un programa de atenci\u00f3n guiada llevada a cabo por el Departamento Pedag\u00f3gico de la Fundaci\u00f3n C\u00e9sar Manrique.<\/p><\/div><div class=\"wp-block-column is-layout-flow wp-block-column-is-layout-flow\" style=\"flex-basis:33.33%\"><div class=\"wp-block-group detail-panel detail-media wp-block-group-\"><div class=\"wp-block-group__inner-container is-layout-flow wp-block-group-is-layout-flow\"><p><a href=\"https:\/\/fcmanrique.org\/wp-content\/uploads\/43eca9b001poeticasdellugar7.jpg\"><\/a><\/p><\/div><\/div><\/div><\/div>","protected":false},"featured_media":16801,"parent":0,"template":"","meta":{"_acf_changed":false,"ngg_post_thumbnail":0,"footnotes":""},"exposicion_linea_discursiva":[52],"class_list":["post-15049","fcm_exposicion","type-fcm_exposicion","status-publish","has-post-thumbnail","hentry","exposicion_linea_discursiva-arte-espacio-publico"],"acf":[],"_links":{"self":[{"href":"https:\/\/ludiccc.ddns.net\/fr\/wp-json\/wp\/v2\/fcm_exposicion\/15049","targetHints":{"allow":["GET"]}}],"collection":[{"href":"https:\/\/ludiccc.ddns.net\/fr\/wp-json\/wp\/v2\/fcm_exposicion"}],"about":[{"href":"https:\/\/ludiccc.ddns.net\/fr\/wp-json\/wp\/v2\/types\/fcm_exposicion"}],"version-history":[{"count":6,"href":"https:\/\/ludiccc.ddns.net\/fr\/wp-json\/wp\/v2\/fcm_exposicion\/15049\/revisions"}],"predecessor-version":[{"id":27128,"href":"https:\/\/ludiccc.ddns.net\/fr\/wp-json\/wp\/v2\/fcm_exposicion\/15049\/revisions\/27128"}],"wp:featuredmedia":[{"embeddable":true,"href":"https:\/\/ludiccc.ddns.net\/fr\/wp-json\/wp\/v2\/media\/16801"}],"wp:attachment":[{"href":"https:\/\/ludiccc.ddns.net\/fr\/wp-json\/wp\/v2\/media?parent=15049"}],"wp:term":[{"taxonomy":"exposicion_linea_discursiva","embeddable":true,"href":"https:\/\/ludiccc.ddns.net\/fr\/wp-json\/wp\/v2\/exposicion_linea_discursiva?post=15049"}],"curies":[{"name":"wp","href":"https:\/\/api.w.org\/{rel}","templated":true}]}}

Poéticas del lugar. Arte público en España

<div class="wp-block-columns fcm-page-migration-columns is-layout-flex wp-container-core-columns-is-layout-9d6595d7 wp-block-columns-is-layout-flex"><div class="wp-block-column is-layout-flow wp-block-column-is-layout-flow" style="flex-basis:66.66%"><figure class="wp-block-image size-full"><img fetchpriority="high" width="289" height="246" src="https://fcm.local/wp-content/uploads/cesar-manrique-expo-poeticas-del-lugar-th.jpg" class="wp-image-16801" alt="Poéticas del lugar. Arte público en España" loading="eager" decoding="async" /></figure>
<p>El 7 de junio de 2001, la Fundación César Manrique inauguró en su sede la exposición <em><strong>Poéticas del lugar. Arte público en España</strong></em>. La exposición fue organizada y producida por la FCM y comisariada por <strong>Javier Maderuelo</strong> y<strong> María Luisa Martín de Argila</strong>. Esta exposición revisa la producción de arte público en España en las últimas décadas. En los años sesenta, las administraciones de todas las grandes ciudades comenzaron a prestar atención al espacio público y a cuidar la imagen cultural de los entornos urbanos. Se remodelaron plazas, se colocaron e inauguraron fuentes y esculturas de artistas contemporáneos, en un intento de dignificar espacios públicos de carácter emblemático. Una serie de experiencias artísticas y de equipamientos tan dispersas como desiguales, que han dado lugar a manifestaciones muy diferentes y desequilibradas. La democracia trajo como consecuencia la proliferación de acciones de saneamiento, remodelación y nueva creación de espacios públicos, pero la falta de sensibilidad con la que se están tratando muchos de los lugares públicos reclama la necesidad de estudios y muestras que analicen la pertinencia y adecuación de los distintos elementos artísticos, estéticos, culturales, históricos, sociológicos, funcionales y económicos que interfieren en la creación de obras de arte en el espacio público. La exposición presentada en la FCM mostraba una selección de 7 obras paradigmáticas de diferentes actuaciones en nuestro país. Sirvieron de base para la reflexión, intentando ayudar a comprender, analizar y clasificar el arte público. El comisariado presentó especial atención a la forma de mostrar las obras incorporando medios audiovisuales, instalaciones, piezas originales y una marcada escenografía. Las actuaciones seleccionadas: Plaza de los Fueros (Vitoria), de Eduardo Chillida y Luis Peña Ganchegui; Puerta de la Ilustración (Madrid), de Andreu Alfaro; Fossar de la Pedrera (Barcelona), de Beth Galí; Avenida de Río de Janeiro (Barcelona), de Agustí Roqué, Carles Teixidor y Paloma Bardají; Islas (Santa Cruz de Tenerife), de Jaume Plensa; Fuente Pública -conocida como La Pantera Rosa- (Valencia), de Miquel Navarro; y Diez veces otra vez (Madrid), de Darío Corbeira. La muestra se acompañó de un <a href="https://fcmanrique.org/fcm-publicacion/poeticas-del-lugar-arte-publico-en-espana/?cpg=2"><strong>catálogo</strong> </a>con tres textos generales sobre el arte público, de Javier Maderuelo y Nancy Princenthal, así como nueve textos de distintos especialistas. La exposición recibió 95.212 visitantes. Hay que añadir los 668 visitantes entre escolares y profesores que visitaron la exposición, acompañados por un programa de atención guiada llevada a cabo por el Departamento Pedagógico de la Fundación César Manrique.</p></div><div class="wp-block-column is-layout-flow wp-block-column-is-layout-flow" style="flex-basis:33.33%"><div class="wp-block-group detail-panel detail-media wp-block-group-"><div class="wp-block-group__inner-container is-layout-flow wp-block-group-is-layout-flow"><p><a href="https://fcmanrique.org/wp-content/uploads/43eca9b001poeticasdellugar7.jpg"></a></p></div></div></div></div>
