{"id":3484,"date":"2015-11-13T00:00:00","date_gmt":"2015-11-13T00:00:00","guid":{"rendered":"https:\/\/fcmanrique.org\/2015\/11\/13\/en-suecia-eran-igual-de-corruptos-que-nosotros-pero-lo-que-cambio-fue-la-ciudadania-que-paso-a-ser-mas-exigente\/?lang=es"},"modified":"2026-04-24T10:25:17","modified_gmt":"2026-04-24T10:25:17","slug":"en-suecia-eran-igual-de-corruptos-que-nosotros-pero-lo-que-cambio-fue-la-ciudadania-que-paso-a-ser-mas-exigente","status":"publish","type":"fcm_actividad","link":"https:\/\/ludiccc.ddns.net\/fr\/fcm-actividad\/en-suecia-eran-igual-de-corruptos-que-nosotros-pero-lo-que-cambio-fue-la-ciudadania-que-paso-a-ser-mas-exigente\/","title":{"rendered":"<em>En Suecia, eran igual de corruptos que nosotros pero lo que cambi\u00f3 fue la ciudadan\u00eda, que pas\u00f3 a ser m\u00e1s exigente<\/em>"},"content":{"rendered":"<figure class=\"wp-block-image size-full\"><img width=\"640\" height=\"425\" src=\"https:\/\/fcm.local\/wp-content\/uploads\/5645f5f7mesa1_640.jpg\" class=\"wp-image-3485\" alt=\"En Suecia, eran igual de corruptos que nosotros pero lo que cambi\u00f3 fue la ciudadan\u00eda, que pas\u00f3 a ser m\u00e1s exigente\" loading=\"eager\" decoding=\"async\" fetchpriority=\"high\" srcset=\"https:\/\/fcm.local\/wp-content\/uploads\/5645f5f7mesa1_640.jpg 640w, https:\/\/fcm.local\/wp-content\/uploads\/5645f5f7mesa1_640-300x199.jpg 300w\" sizes=\"(max-width: 640px) 100vw, 640px\" \/><\/figure>\n<p>La FCM proyect\u00f3 el documental \u201cCorrupci\u00f3n, el organismo nocivo\u201d y se debati\u00f3 sobre las causas y soluciones de este problema<\/p>\n\n<div> <\/div>\n\n<p>Teresa Soler y Albert Sanfeliu, los directores del documental \u201cCorrupci\u00f3n, el organismo nocivo\u201d, pudieron llevar este proyecto a cabo gracias a la aportaci\u00f3n econ\u00f3mica de 451 ciudadanos y de dos instituciones: la Fundaci\u00f3n C\u00e9sar Manrique (FCM) y la Facultad de Derecho de la Universidad de Barcelona. El 10 de noviembre, despu\u00e9s de un recorrido por varias ciudades espa\u00f1olas, se estren\u00f3 la pel\u00edcula en la Sala Saramago, con gran asistencia de p\u00fablico. La cinta trata la corrupci\u00f3n municipal desde el punto de vista de los denunciantes y ahonda en las consecuencias que ha tenido para ellos el hecho de haberse enfrentado a varios casos de corrupci\u00f3n. Tras la proyecci\u00f3n se plante\u00f3 un debate, moderado por el periodista Sa\u00fal Garc\u00eda, en el que intervinieron los dos directores junto al catedr\u00e1tico de Econom\u00eda aplicada de la Universidad de La Laguna, Federico Aguilera Klink y la Fiscal de la Audiencia provincial de Sevilla Ana Linares, especializada en urbanismo y medio ambiente.<\/p>\n\n<div> <\/div>\n\n<p>Los directores comenzaron agradeciendo la colaboraci\u00f3n de la FCM y reclamando la implicaci\u00f3n de m\u00e1s instituciones de este tipo para afrontar este problema. Sanfeliu se\u00f1al\u00f3 que uno de los objetivos o valores del documental es el de intentar aumentar la calidad democr\u00e1tica y \u201cdar voz a los que tienen valor para denunciar desde dentro del sistema\u201d. \u201cVivimos en una paup\u00e9rrima democracia\u201d, asegur\u00f3, subrayando la desafecci\u00f3n hacia la pol\u00edtica que provoca la corrupci\u00f3n, y advirtiendo de que \u201ctodo el dinero que desaparece es de nuestros bolsillos\u201d. Tambi\u00e9n afirm\u00f3 que \u201cno se puede dejar todo en manos del C\u00f3digo Penal\u201d y que hay que implicarse en la vida p\u00fablica. De hecho, todos los participantes del debate, en distintos momentos, plantearon esa implicaci\u00f3n, vigilancia o presi\u00f3n de los ciudadanos como uno de los requisitos necesarios para prevenir la corrupci\u00f3n, un paso que tiene que estar precedido por el del acceso a la informaci\u00f3n y el conocimiento, que es otra de las funciones que cumple el documental. \u201cPara combatir la realidad hay que conocerla\u201d, dijo Teresa Soler, que sostuvo que en Espa\u00f1a no tenemos un gen corrupto. \u201cEn Suecia hace veinte a\u00f1os eran igual de corruptos que nosotros, pero lo que cambi\u00f3 fue la ciudadan\u00eda, pas\u00f3 a ser m\u00e1s exigente\u201d. \u201cNo es l\u00f3gico pensar que quienes nos han metido en este embolado nos vayan a sacar de \u00e9l\u201d, subray\u00f3.<\/p>\n\n<div> <\/div>\n\n<p>Por su parte, Aguilera Klink comenz\u00f3 su intervenci\u00f3n alertando del hecho de que \u201cestamos educados para la sumisi\u00f3n y para no ver lo evidente\u201d e invit\u00f3 a cuestionarse esta circunstancia para no caer en una indefensi\u00f3n. Para evidenciar la corrupci\u00f3n del sistema econ\u00f3mico y democr\u00e1tico, puso como ejemplo el caso de Gran Breta\u00f1a, donde \u201cel sistema est\u00e1 montado para que las grandes empresas no paguen impuestos\u201d y el caso de Espa\u00f1a, donde la Comisi\u00f3n Nacional del Mercado y la Competencia dice que el fraude en la contrataci\u00f3n p\u00fablica es de unos 48.000 millones de euros. \u201cMuchas leyes est\u00e1n hechas como un coladero\u201d, asegur\u00f3, porque sirven \u201cpara que el que roba en nombre de los partidos pol\u00edticos salga ileso\u201d.<\/p>\n\n<div> <\/div>\n\n<p>La fiscal Ana Linares, que en 2007 ya particip\u00f3 invitada por la FCM en un seminario sobre la corrupci\u00f3n, se mostr\u00f3 impresionada por la \u201cconciencia ciudadana en la Isla\u201d, en comparaci\u00f3n a aquel a\u00f1o, y puso en valor el papel de la Fiscal\u00eda en Lanzarote donde hay \u201cgente muy joven y muy comprometida\u201d, cuyo trabajo est\u00e1 \u201cdando frutos positivos\u201d. Dijo que, en los casos de corrupci\u00f3n, tiene m\u00e1s inter\u00e9s en recuperar el dinero defraudado que en enviar a un corrupto a la c\u00e1rcel, abogando as\u00ed por la reposici\u00f3n de lo defraudado. Critic\u00f3 la nueva Ley de enjuiciamiento criminal, que fija un plazo para la instrucci\u00f3n de seis meses prorrogables a 24 pero que ni destina m\u00e1s medios ni m\u00e1s personal. \u201cA los fiscales, se\u00f1al\u00f3, tambi\u00e9n nos ponen palos en las ruedas \u201c, y se pregunt\u00f3 si esta nueva Ley no es una b\u00fasqueda deliberada de impunidad, porque la investigaci\u00f3n de casos de blanqueo de capitales o de grandes fraudes necesita m\u00e1s tiempo.<\/p>\n\n<div> <\/div>\n\n<p>Teresa Soler reclam\u00f3 la puesta en marcha de una Ley de protecci\u00f3n al denunciante, para salvaguardar, asesorar y atender psicol\u00f3gicamente a estas personas. Es una iniciativa que ya promueven en change.org y que alcanza las 150.000 firmas.<strong> \u201cNo podemos conseguir una sociedad diferente con personas indiferentes\u201d, asegur\u00f3, y mostr\u00f3 su extra\u00f1eza por que siga habiendo ciudadanos que votan a candidatos que est\u00e1n imputados o condenados por casos de corrupci\u00f3n, lo que provoca que se acaben legitimando estas pr\u00e1cticas.<\/strong><\/p>\n<p><strong> <\/strong><\/p>\n<p><strong>Ambos directores incidieron en la necesidad de \u201csalir del oscurantismo\u201d, conseguir que las instituciones sean m\u00e1s transparentes y no dejar esto \u201cs\u00f3lo en manos de la Ley de transparencia\u201d. \u201cEs fundamental la responsabilidad individual\u201d, concluy\u00f3 Soler.<\/strong><\/p>","protected":false},"featured_media":3485,"parent":0,"template":"","meta":{"_acf_changed":false,"ngg_post_thumbnail":0,"footnotes":""},"actividad_tipo":[37],"actividad_lugar":[],"actividad_departamento":[],"actividad_ciclo":[],"class_list":["post-3484","fcm_actividad","type-fcm_actividad","status-publish","has-post-thumbnail","hentry","actividad_tipo-otras-actividades"],"acf":[],"_links":{"self":[{"href":"https:\/\/ludiccc.ddns.net\/fr\/wp-json\/wp\/v2\/fcm_actividad\/3484","targetHints":{"allow":["GET"]}}],"collection":[{"href":"https:\/\/ludiccc.ddns.net\/fr\/wp-json\/wp\/v2\/fcm_actividad"}],"about":[{"href":"https:\/\/ludiccc.ddns.net\/fr\/wp-json\/wp\/v2\/types\/fcm_actividad"}],"version-history":[{"count":11,"href":"https:\/\/ludiccc.ddns.net\/fr\/wp-json\/wp\/v2\/fcm_actividad\/3484\/revisions"}],"predecessor-version":[{"id":27139,"href":"https:\/\/ludiccc.ddns.net\/fr\/wp-json\/wp\/v2\/fcm_actividad\/3484\/revisions\/27139"}],"wp:featuredmedia":[{"embeddable":true,"href":"https:\/\/ludiccc.ddns.net\/fr\/wp-json\/wp\/v2\/media\/3485"}],"wp:attachment":[{"href":"https:\/\/ludiccc.ddns.net\/fr\/wp-json\/wp\/v2\/media?parent=3484"}],"wp:term":[{"taxonomy":"actividad_tipo","embeddable":true,"href":"https:\/\/ludiccc.ddns.net\/fr\/wp-json\/wp\/v2\/actividad_tipo?post=3484"},{"taxonomy":"actividad_lugar","embeddable":true,"href":"https:\/\/ludiccc.ddns.net\/fr\/wp-json\/wp\/v2\/actividad_lugar?post=3484"},{"taxonomy":"actividad_departamento","embeddable":true,"href":"https:\/\/ludiccc.ddns.net\/fr\/wp-json\/wp\/v2\/actividad_departamento?post=3484"},{"taxonomy":"actividad_ciclo","embeddable":true,"href":"https:\/\/ludiccc.ddns.net\/fr\/wp-json\/wp\/v2\/actividad_ciclo?post=3484"}],"curies":[{"name":"wp","href":"https:\/\/api.w.org\/{rel}","templated":true}]}}

<em>En Suecia, eran igual de corruptos que nosotros pero lo que cambió fue la ciudadanía, que pasó a ser más exigente</em>

<figure class="wp-block-image size-full"><img width="640" height="425" src="https://fcm.local/wp-content/uploads/5645f5f7mesa1_640.jpg" class="wp-image-3485" alt="En Suecia, eran igual de corruptos que nosotros pero lo que cambió fue la ciudadanía, que pasó a ser más exigente" loading="eager" decoding="async" fetchpriority="high" srcset="https://fcm.local/wp-content/uploads/5645f5f7mesa1_640.jpg 640w, https://fcm.local/wp-content/uploads/5645f5f7mesa1_640-300x199.jpg 300w" sizes="(max-width: 640px) 100vw, 640px" /></figure>
<p>La FCM proyectó el documental “Corrupción, el organismo nocivo” y se debatió sobre las causas y soluciones de este problema</p>

<div> </div>

<p>Teresa Soler y Albert Sanfeliu, los directores del documental “Corrupción, el organismo nocivo”, pudieron llevar este proyecto a cabo gracias a la aportación económica de 451 ciudadanos y de dos instituciones: la Fundación César Manrique (FCM) y la Facultad de Derecho de la Universidad de Barcelona. El 10 de noviembre, después de un recorrido por varias ciudades españolas, se estrenó la película en la Sala Saramago, con gran asistencia de público. La cinta trata la corrupción municipal desde el punto de vista de los denunciantes y ahonda en las consecuencias que ha tenido para ellos el hecho de haberse enfrentado a varios casos de corrupción. Tras la proyección se planteó un debate, moderado por el periodista Saúl García, en el que intervinieron los dos directores junto al catedrático de Economía aplicada de la Universidad de La Laguna, Federico Aguilera Klink y la Fiscal de la Audiencia provincial de Sevilla Ana Linares, especializada en urbanismo y medio ambiente.</p>

<div> </div>

<p>Los directores comenzaron agradeciendo la colaboración de la FCM y reclamando la implicación de más instituciones de este tipo para afrontar este problema. Sanfeliu señaló que uno de los objetivos o valores del documental es el de intentar aumentar la calidad democrática y “dar voz a los que tienen valor para denunciar desde dentro del sistema”. “Vivimos en una paupérrima democracia”, aseguró, subrayando la desafección hacia la política que provoca la corrupción, y advirtiendo de que “todo el dinero que desaparece es de nuestros bolsillos”. También afirmó que “no se puede dejar todo en manos del Código Penal” y que hay que implicarse en la vida pública. De hecho, todos los participantes del debate, en distintos momentos, plantearon esa implicación, vigilancia o presión de los ciudadanos como uno de los requisitos necesarios para prevenir la corrupción, un paso que tiene que estar precedido por el del acceso a la información y el conocimiento, que es otra de las funciones que cumple el documental. “Para combatir la realidad hay que conocerla”, dijo Teresa Soler, que sostuvo que en España no tenemos un gen corrupto. “En Suecia hace veinte años eran igual de corruptos que nosotros, pero lo que cambió fue la ciudadanía, pasó a ser más exigente”. “No es lógico pensar que quienes nos han metido en este embolado nos vayan a sacar de él”, subrayó.</p>

<div> </div>

<p>Por su parte, Aguilera Klink comenzó su intervención alertando del hecho de que “estamos educados para la sumisión y para no ver lo evidente” e invitó a cuestionarse esta circunstancia para no caer en una indefensión. Para evidenciar la corrupción del sistema económico y democrático, puso como ejemplo el caso de Gran Bretaña, donde “el sistema está montado para que las grandes empresas no paguen impuestos” y el caso de España, donde la Comisión Nacional del Mercado y la Competencia dice que el fraude en la contratación pública es de unos 48.000 millones de euros. “Muchas leyes están hechas como un coladero”, aseguró, porque sirven “para que el que roba en nombre de los partidos políticos salga ileso”.</p>

<div> </div>

<p>La fiscal Ana Linares, que en 2007 ya participó invitada por la FCM en un seminario sobre la corrupción, se mostró impresionada por la “conciencia ciudadana en la Isla”, en comparación a aquel año, y puso en valor el papel de la Fiscalía en Lanzarote donde hay “gente muy joven y muy comprometida”, cuyo trabajo está “dando frutos positivos”. Dijo que, en los casos de corrupción, tiene más interés en recuperar el dinero defraudado que en enviar a un corrupto a la cárcel, abogando así por la reposición de lo defraudado. Criticó la nueva Ley de enjuiciamiento criminal, que fija un plazo para la instrucción de seis meses prorrogables a 24 pero que ni destina más medios ni más personal. “A los fiscales, señaló, también nos ponen palos en las ruedas “, y se preguntó si esta nueva Ley no es una búsqueda deliberada de impunidad, porque la investigación de casos de blanqueo de capitales o de grandes fraudes necesita más tiempo.</p>

<div> </div>

<p>Teresa Soler reclamó la puesta en marcha de una Ley de protección al denunciante, para salvaguardar, asesorar y atender psicológicamente a estas personas. Es una iniciativa que ya promueven en change.org y que alcanza las 150.000 firmas.<strong> “No podemos conseguir una sociedad diferente con personas indiferentes”, aseguró, y mostró su extrañeza por que siga habiendo ciudadanos que votan a candidatos que están imputados o condenados por casos de corrupción, lo que provoca que se acaben legitimando estas prácticas.</strong></p>
<p><strong> </strong></p>
<p><strong>Ambos directores incidieron en la necesidad de “salir del oscurantismo”, conseguir que las instituciones sean más transparentes y no dejar esto “sólo en manos de la Ley de transparencia”. “Es fundamental la responsabilidad individual”, concluyó Soler.</strong></p>
