{"id":24361,"date":"2023-10-27T11:15:00","date_gmt":"2023-10-27T11:15:00","guid":{"rendered":"https:\/\/fcmanrique.org\/?post_type=fcm_actividad&#038;p=24361"},"modified":"2026-04-23T23:19:20","modified_gmt":"2026-04-23T23:19:20","slug":"inigo-losada","status":"publish","type":"fcm_actividad","link":"https:\/\/ludiccc.ddns.net\/fr\/fcm-actividad\/inigo-losada\/","title":{"rendered":"\u00cd\u00f1igo Losada: \u00abLa erosi\u00f3n y la inundaci\u00f3n son los dos problemas principales para la costa canaria\u00bb"},"content":{"rendered":"<figure class=\"wp-block-image size-full\"><img fetchpriority=\"high\" width=\"400\" height=\"340\" src=\"https:\/\/fcm.local\/wp-content\/uploads\/fc-manrique-actividad-inigo-losada1-1.jpg\" class=\"wp-image-24370\" alt=\"\u00cd\u00f1igo Losada: \u00abLa erosi\u00f3n y la inundaci\u00f3n son los dos problemas principales para la costa canaria\u00bb\" loading=\"eager\" decoding=\"async\" srcset=\"https:\/\/fcm.local\/wp-content\/uploads\/fc-manrique-actividad-inigo-losada1-1.jpg 400w, https:\/\/fcm.local\/wp-content\/uploads\/fc-manrique-actividad-inigo-losada1-1-300x255.jpg 300w, https:\/\/fcm.local\/wp-content\/uploads\/fc-manrique-actividad-inigo-losada1-1-289x246.jpg 289w\" sizes=\"(max-width: 400px) 100vw, 400px\" \/><\/figure>\n<p>La Fundaci\u00f3n C\u00e9sar Manrique (FCM) acogi\u00f3 este jueves 26 de octubre, en la sala Jos\u00e9 Saramago, la conferencia <em>Riesgos y adaptaci\u00f3n al cambio clim\u00e1tico en la costa canaria, <\/em>pronunciada por el ingeniero hidr\u00e1ulico \u00cd\u00f1igo Losada, uno de los expertos m\u00e1s relevantes a nivel internacional en costas, cambio clim\u00e1tico y energ\u00eda <em>offshore.<\/em> El experto explic\u00f3 que el riesgo en la costa viene determinado por tres factores: la exposici\u00f3n, la vulnerabilidad y la peligrosidad. Para intentar reducirlo existen dos posibles acciones: la mitigaci\u00f3n y la adaptaci\u00f3n. Adem\u00e1s, es importante \u201ctener una visi\u00f3n sist\u00e9mica de la costa\u201d ya que esta \u201cno entiende de competencias ni de l\u00edmites municipales\u201d. El nivel del mar subir\u00e1 m\u00e1s cuantas m\u00e1s emisiones de CO2 se emitan a la atm\u00f3sfera, ya que el oc\u00e9ano las absorbe. El nivel del mar aumentar\u00e1 pero no de igual forma en todas partes. De momento, en Canarias, la subida media es de cuatro mil\u00edmetros al a\u00f1o, lo que supone que en algunos tramos acabar\u00e1 subiendo el doble. La cota de inundaci\u00f3n no es igual en todos lados y por eso es importante tener la informaci\u00f3n a escala local, matiz\u00f3 Losada. <a href=\"https:\/\/fcmanrique.org\/wp-content\/uploads\/fc-manrique-actividad-inigo-losada-1.jpg\"><img loading=\"lazy\" decoding=\"async\" src=\"https:\/\/fcmanrique.org\/wp-content\/uploads\/fc-manrique-actividad-inigo-losada-1.jpg\" alt=\"\" width=\"920\" height=\"604\"><\/a> En un escenario en el que apenas se reduzcan las emisiones, en el a\u00f1o 2100 el nivel del mar podr\u00eda llegar a aumentar m\u00e1s de un metro en algunas zonas, con una subida media de 20 mil\u00edmetros por a\u00f1o. \u201cEn ese caso no ser\u00edamos capaces de adaptar la costa\u201d, sentenci\u00f3. La mayor preocupaci\u00f3n para los expertos est\u00e1 en los fen\u00f3menos extremos, que cada vez van a ser m\u00e1s frecuentes. La erosi\u00f3n y la inundaci\u00f3n son los dos problemas principales para la costa canaria. Aunque el nivel medio aumente poco, va a tener influencia en la inundaci\u00f3n. En cuanto a la erosi\u00f3n, \u201csi la playa retrocede, ya no se recupera. Por cada cent\u00edmetro de aumento del nivel del mar, la playa retroceder\u00e1 un metro\u201d. La p\u00e9rdida de las playas es uno de los mayores riegos para las costas canarias \u201csi no hacemos nada\u201d. \u201cY no solo ser\u00eda negativo desde el punto de vista econ\u00f3mico\/tur\u00edstico, sino porque si no hay playa, las olas no rompen, y, si no rompen, hay m\u00e1s probabilidad de inundaciones\u201d, destac\u00f3 el experto. La adaptaci\u00f3n de la costa, por su parte, no tiene una visi\u00f3n global, sino que se trata de algo muy local. El Gobierno de Canarias encarg\u00f3 un amplio estudio que permite conocer los indicadores del riesgo de inundaci\u00f3n y erosi\u00f3n costera frente al cambio clim\u00e1tico en Canarias. En ese estudio, realizado por Grafcan con el apoyo de la Universidad de Las Palmas de Gran Canaria y en el que tambi\u00e9n particip\u00f3 el Instituto de Hidr\u00e1ulica Ambiental de la Universidad de Cantabria del que Losada es cofundador, se calculan varios escenarios futuros posibles. El estudio, que presenta los mapas de potenciales inundaciones y se puede consultar en la web <a href=\"https:\/\/pimacostas.grafcan.es\/\">pimacostas.grafcan.es<\/a>, eval\u00faa el riesgo y da a conocer la peligrosidad a escala local. Se calcula el riesgo sobre cinco elementos: la poblaci\u00f3n, el tejido productivo, el patrimonio, las infraestructuras y los ecosistemas. Con el horizonte m\u00e1s cr\u00edtico para 2100, con un aumento de 4\u00baC en la temperatura del mar, en Lanzarote se producir\u00edan retrocesos de las playas de entre 25 y 40 metros. En el informe se a\u00f1ade un \u00edndice con todas las posibles actuaciones de adaptaci\u00f3n a realizar en las costas canarias, desde grandes infraestructuras a peque\u00f1as intervenciones en funci\u00f3n de los riesgos y de los diferentes escenarios y espacios temporales. En Lanzarote, si no se act\u00faa, el mayor riesgo se encuentra en las zonas urbanas. <a href=\"https:\/\/fcmanrique.org\/wp-content\/uploads\/fc-manrique-actividad-inigo-losada1.jpg\"><img loading=\"lazy\" decoding=\"async\" src=\"https:\/\/fcmanrique.org\/wp-content\/uploads\/fc-manrique-actividad-inigo-losada1.jpg\" alt=\"\" width=\"920\" height=\"579\"><\/a> En cuanto a las adaptaciones de los lugares costeros, el profesor apunt\u00f3 que en Espa\u00f1a \u201ctodo el mundo tiene competencias en las costas\u201d, todas las administraciones, y por tanto las pol\u00edticas respecto a la costa est\u00e1n muy fragmentadas. \u201cLa costa es transversal y hace falta una coordinaci\u00f3n importante\u201d, asegur\u00f3 apelando a una nueva gobernanza. Para adaptar la costa se pueden llevar a cabo acciones de retirada planificada, acomodaci\u00f3n, protecci\u00f3n o incluso de avance. La l\u00ednea del deslinde mar\u00edtimo terrestre, en cualquier caso, va a seguir avanzando hacia el interior. \u201cVa a ser dif\u00edcil mantener la costa como ahora. Tendremos que aprender a vivir con m\u00e1s riesgo\u201d, o adaptarnos seg\u00fan Losada, que puso como ejemplo a Reino Unido, en donde se barajan escenarios en los que el T\u00e1mesis suba hasta cuatro metros. Finaliz\u00f3 exponiendo el caso de Garachico que \u201cha servido como laboratorio\u201d tras haber sufrido varias inundaciones recientes, algunas de ellas muy extremas. En Garachico no se puede retroceder, por el terreno escarpado, y tampoco es viable levantar un muro, que tapar\u00eda la visi\u00f3n del mar. En ese pueblo, las p\u00e9rdidas econ\u00f3micas por las inundaciones ya son de 800.000 euros, mientras que en la Macaronesia se calculan en unos 250 millones. Seg\u00fan Losada, que explic\u00f3 las medidas que se han aplicado en Garachico, \u201ces necesario actuar\u201d. Como conclusiones, la costa canaria s\u00ed que est\u00e1 amenazada por el cambio clim\u00e1tico. No obstante, el Archipi\u00e9lago ya ha dado un paso importante, que es haber realizado esa primera evaluaci\u00f3n del riesgo. Es fundamental la colaboraci\u00f3n entre administraciones, y de estas con el sector privado, y tambi\u00e9n es b\u00e1sica la monitorizaci\u00f3n de la evaluaci\u00f3n del riesgo porque permitir\u00e1 reducir costes, as\u00ed como la mitigaci\u00f3n y la adaptaci\u00f3n, que har\u00e1n que la costa sea m\u00e1s o menos resiliente a los efectos del clima. <a href=\"https:\/\/fcmanrique.org\/wp-content\/uploads\/2023-10-26-fmanrique-invitacion-inigo-losada-e1697624822626.jpg\"><img loading=\"lazy\" decoding=\"async\" src=\"https:\/\/fcmanrique.org\/wp-content\/uploads\/2023-10-26-fmanrique-invitacion-inigo-losada-1024x1024.jpg\" alt=\"\" width=\"1024\" height=\"1024\"><\/a><\/p>\n<p><strong>M\u00e1s informaci\u00f3n: <\/strong><a href=\"https:\/\/fcmanrique.org\/wp-content\/uploads\/fc-manrique-nota-de-prensa-conferencia-inigo-losada-2.pdf\" class=\"fcm-pdf-download-link\">Nota de prensa<\/a><\/p>\n<p><strong>Grabaci\u00f3n de la conferencia:<\/strong><\/p>\n<p><a href=\"https:\/\/fcmanrique.org\/fcm-video\/conferencia-26-octubre\/\">Grabaci\u00f3n<\/a><\/p>","protected":false},"featured_media":24370,"parent":0,"template":"","meta":{"_acf_changed":false,"ngg_post_thumbnail":0,"footnotes":""},"actividad_tipo":[34],"actividad_lugar":[49],"actividad_departamento":[],"actividad_ciclo":[75],"class_list":["post-24361","fcm_actividad","type-fcm_actividad","status-publish","has-post-thumbnail","hentry","actividad_tipo-conferencias","actividad_lugar-lugar-sala-saramago","actividad_ciclo-conferencias-inaugurales"],"acf":[],"_links":{"self":[{"href":"https:\/\/ludiccc.ddns.net\/fr\/wp-json\/wp\/v2\/fcm_actividad\/24361","targetHints":{"allow":["GET"]}}],"collection":[{"href":"https:\/\/ludiccc.ddns.net\/fr\/wp-json\/wp\/v2\/fcm_actividad"}],"about":[{"href":"https:\/\/ludiccc.ddns.net\/fr\/wp-json\/wp\/v2\/types\/fcm_actividad"}],"version-history":[{"count":9,"href":"https:\/\/ludiccc.ddns.net\/fr\/wp-json\/wp\/v2\/fcm_actividad\/24361\/revisions"}],"predecessor-version":[{"id":26995,"href":"https:\/\/ludiccc.ddns.net\/fr\/wp-json\/wp\/v2\/fcm_actividad\/24361\/revisions\/26995"}],"wp:featuredmedia":[{"embeddable":true,"href":"https:\/\/ludiccc.ddns.net\/fr\/wp-json\/wp\/v2\/media\/24370"}],"wp:attachment":[{"href":"https:\/\/ludiccc.ddns.net\/fr\/wp-json\/wp\/v2\/media?parent=24361"}],"wp:term":[{"taxonomy":"actividad_tipo","embeddable":true,"href":"https:\/\/ludiccc.ddns.net\/fr\/wp-json\/wp\/v2\/actividad_tipo?post=24361"},{"taxonomy":"actividad_lugar","embeddable":true,"href":"https:\/\/ludiccc.ddns.net\/fr\/wp-json\/wp\/v2\/actividad_lugar?post=24361"},{"taxonomy":"actividad_departamento","embeddable":true,"href":"https:\/\/ludiccc.ddns.net\/fr\/wp-json\/wp\/v2\/actividad_departamento?post=24361"},{"taxonomy":"actividad_ciclo","embeddable":true,"href":"https:\/\/ludiccc.ddns.net\/fr\/wp-json\/wp\/v2\/actividad_ciclo?post=24361"}],"curies":[{"name":"wp","href":"https:\/\/api.w.org\/{rel}","templated":true}]}}

Íñigo Losada: «La erosión y la inundación son los dos problemas principales para la costa canaria»

<figure class="wp-block-image size-full"><img fetchpriority="high" width="400" height="340" src="https://fcm.local/wp-content/uploads/fc-manrique-actividad-inigo-losada1-1.jpg" class="wp-image-24370" alt="Íñigo Losada: «La erosión y la inundación son los dos problemas principales para la costa canaria»" loading="eager" decoding="async" srcset="https://fcm.local/wp-content/uploads/fc-manrique-actividad-inigo-losada1-1.jpg 400w, https://fcm.local/wp-content/uploads/fc-manrique-actividad-inigo-losada1-1-300x255.jpg 300w, https://fcm.local/wp-content/uploads/fc-manrique-actividad-inigo-losada1-1-289x246.jpg 289w" sizes="(max-width: 400px) 100vw, 400px" /></figure>
<p>La Fundación César Manrique (FCM) acogió este jueves 26 de octubre, en la sala José Saramago, la conferencia <em>Riesgos y adaptación al cambio climático en la costa canaria, </em>pronunciada por el ingeniero hidráulico Íñigo Losada, uno de los expertos más relevantes a nivel internacional en costas, cambio climático y energía <em>offshore.</em> El experto explicó que el riesgo en la costa viene determinado por tres factores: la exposición, la vulnerabilidad y la peligrosidad. Para intentar reducirlo existen dos posibles acciones: la mitigación y la adaptación. Además, es importante “tener una visión sistémica de la costa” ya que esta “no entiende de competencias ni de límites municipales”. El nivel del mar subirá más cuantas más emisiones de CO2 se emitan a la atmósfera, ya que el océano las absorbe. El nivel del mar aumentará pero no de igual forma en todas partes. De momento, en Canarias, la subida media es de cuatro milímetros al año, lo que supone que en algunos tramos acabará subiendo el doble. La cota de inundación no es igual en todos lados y por eso es importante tener la información a escala local, matizó Losada. <a href="https://fcmanrique.org/wp-content/uploads/fc-manrique-actividad-inigo-losada-1.jpg"><img loading="lazy" decoding="async" src="https://fcmanrique.org/wp-content/uploads/fc-manrique-actividad-inigo-losada-1.jpg" alt="" width="920" height="604"></a> En un escenario en el que apenas se reduzcan las emisiones, en el año 2100 el nivel del mar podría llegar a aumentar más de un metro en algunas zonas, con una subida media de 20 milímetros por año. “En ese caso no seríamos capaces de adaptar la costa”, sentenció. La mayor preocupación para los expertos está en los fenómenos extremos, que cada vez van a ser más frecuentes. La erosión y la inundación son los dos problemas principales para la costa canaria. Aunque el nivel medio aumente poco, va a tener influencia en la inundación. En cuanto a la erosión, “si la playa retrocede, ya no se recupera. Por cada centímetro de aumento del nivel del mar, la playa retrocederá un metro”. La pérdida de las playas es uno de los mayores riegos para las costas canarias “si no hacemos nada”. “Y no solo sería negativo desde el punto de vista económico/turístico, sino porque si no hay playa, las olas no rompen, y, si no rompen, hay más probabilidad de inundaciones”, destacó el experto. La adaptación de la costa, por su parte, no tiene una visión global, sino que se trata de algo muy local. El Gobierno de Canarias encargó un amplio estudio que permite conocer los indicadores del riesgo de inundación y erosión costera frente al cambio climático en Canarias. En ese estudio, realizado por Grafcan con el apoyo de la Universidad de Las Palmas de Gran Canaria y en el que también participó el Instituto de Hidráulica Ambiental de la Universidad de Cantabria del que Losada es cofundador, se calculan varios escenarios futuros posibles. El estudio, que presenta los mapas de potenciales inundaciones y se puede consultar en la web <a href="https://pimacostas.grafcan.es/">pimacostas.grafcan.es</a>, evalúa el riesgo y da a conocer la peligrosidad a escala local. Se calcula el riesgo sobre cinco elementos: la población, el tejido productivo, el patrimonio, las infraestructuras y los ecosistemas. Con el horizonte más crítico para 2100, con un aumento de 4ºC en la temperatura del mar, en Lanzarote se producirían retrocesos de las playas de entre 25 y 40 metros. En el informe se añade un índice con todas las posibles actuaciones de adaptación a realizar en las costas canarias, desde grandes infraestructuras a pequeñas intervenciones en función de los riesgos y de los diferentes escenarios y espacios temporales. En Lanzarote, si no se actúa, el mayor riesgo se encuentra en las zonas urbanas. <a href="https://fcmanrique.org/wp-content/uploads/fc-manrique-actividad-inigo-losada1.jpg"><img loading="lazy" decoding="async" src="https://fcmanrique.org/wp-content/uploads/fc-manrique-actividad-inigo-losada1.jpg" alt="" width="920" height="579"></a> En cuanto a las adaptaciones de los lugares costeros, el profesor apuntó que en España “todo el mundo tiene competencias en las costas”, todas las administraciones, y por tanto las políticas respecto a la costa están muy fragmentadas. “La costa es transversal y hace falta una coordinación importante”, aseguró apelando a una nueva gobernanza. Para adaptar la costa se pueden llevar a cabo acciones de retirada planificada, acomodación, protección o incluso de avance. La línea del deslinde marítimo terrestre, en cualquier caso, va a seguir avanzando hacia el interior. “Va a ser difícil mantener la costa como ahora. Tendremos que aprender a vivir con más riesgo”, o adaptarnos según Losada, que puso como ejemplo a Reino Unido, en donde se barajan escenarios en los que el Támesis suba hasta cuatro metros. Finalizó exponiendo el caso de Garachico que “ha servido como laboratorio” tras haber sufrido varias inundaciones recientes, algunas de ellas muy extremas. En Garachico no se puede retroceder, por el terreno escarpado, y tampoco es viable levantar un muro, que taparía la visión del mar. En ese pueblo, las pérdidas económicas por las inundaciones ya son de 800.000 euros, mientras que en la Macaronesia se calculan en unos 250 millones. Según Losada, que explicó las medidas que se han aplicado en Garachico, “es necesario actuar”. Como conclusiones, la costa canaria sí que está amenazada por el cambio climático. No obstante, el Archipiélago ya ha dado un paso importante, que es haber realizado esa primera evaluación del riesgo. Es fundamental la colaboración entre administraciones, y de estas con el sector privado, y también es básica la monitorización de la evaluación del riesgo porque permitirá reducir costes, así como la mitigación y la adaptación, que harán que la costa sea más o menos resiliente a los efectos del clima. <a href="https://fcmanrique.org/wp-content/uploads/2023-10-26-fmanrique-invitacion-inigo-losada-e1697624822626.jpg"><img loading="lazy" decoding="async" src="https://fcmanrique.org/wp-content/uploads/2023-10-26-fmanrique-invitacion-inigo-losada-1024x1024.jpg" alt="" width="1024" height="1024"></a></p>
<p><strong>Más información: </strong><a href="https://fcmanrique.org/wp-content/uploads/fc-manrique-nota-de-prensa-conferencia-inigo-losada-2.pdf" class="fcm-pdf-download-link">Nota de prensa</a></p>
<p><strong>Grabación de la conferencia:</strong></p>
<p><a href="https://fcmanrique.org/fcm-video/conferencia-26-octubre/">Grabación</a></p>
