{"id":17623,"date":"2018-10-10T11:54:19","date_gmt":"2018-10-10T11:54:19","guid":{"rendered":"https:\/\/fcmanrique.org\/?post_type=fcm_actividad&#038;p=17623"},"modified":"2026-04-23T23:19:30","modified_gmt":"2026-04-23T23:19:30","slug":"visita-del-presidente-del-gobierno-espanol-y-del-primer-ministro-de-portugal-a-la-fcm","status":"publish","type":"fcm_actividad","link":"https:\/\/ludiccc.ddns.net\/fr\/fcm-actividad\/visita-del-presidente-del-gobierno-espanol-y-del-primer-ministro-de-portugal-a-la-fcm\/","title":{"rendered":"Visita del presidente del Gobierno espa\u00f1ol y del primer ministro de Portugal a la FCM"},"content":{"rendered":"<figure class=\"wp-block-image size-full\"><img fetchpriority=\"high\" width=\"289\" height=\"203\" src=\"https:\/\/fcm.local\/wp-content\/uploads\/fc-manrique-visita-pedro-sanchez.jpg\" class=\"wp-image-17625\" alt=\"Visita del presidente del Gobierno espa\u00f1ol y del primer ministro de Portugal a la FCM\" loading=\"eager\" decoding=\"async\" \/><\/figure>\n<p>Con motivo del homenaje a Jos\u00e9 Saramago por el 20 aniversario de la entrega del Premio Nobel de Literatura, el presidente del Gobierno del reino de Espa\u00f1a, Pedro S\u00e1nchez y el primer ministro portugu\u00e9s, Antonio Costa, visitaron Taro de Tah\u00edche, acompa\u00f1ados por el presidente de la Fundaci\u00f3n C\u00e9sar Manrique, Jos\u00e9 Juan Ram\u00edrez, y por su director, Fernando G\u00f3mez Aguilera. El presidente del Gobierno espa\u00f1ol ha compartido en su Twitter la experiencia de su vista a la sede de la FCM: \u00ab\u00a0<strong>Fabulosa visita<\/strong> junto a @antoniocostapm a la Fundaci\u00f3n C\u00e9sar Manrique, en Taro de Tah\u00edche. <strong>Y fabulosa la labor que llevan a cabo mezclando la difusi\u00f3n de la obra de Manrique, la promoci\u00f3n cultural y el compromiso con el #medioambiente y el territorio\u00a0\u00bb. <\/strong><\/p>\n<p><a href=\"https:\/\/fcmanrique.org\/wp-content\/uploads\/fc-manrique-visita-pedro-sanchez-1.jpg\"><img loading=\"lazy\" decoding=\"async\" src=\"https:\/\/fcmanrique.org\/wp-content\/uploads\/fc-manrique-visita-pedro-sanchez-1.jpg\" alt=\"\" width=\"800\" height=\"562\"><\/a><\/p>\n<p><a href=\"https:\/\/fcmanrique.org\/wp-content\/uploads\/fc-manrique-visita-pedro-sanchez-2.jpg\"><img loading=\"lazy\" decoding=\"async\" src=\"https:\/\/fcmanrique.org\/wp-content\/uploads\/fc-manrique-visita-pedro-sanchez-2.jpg\" alt=\"\" width=\"800\" height=\"512\"><\/a><\/p>\n<p><a href=\"https:\/\/fcmanrique.org\/wp-content\/uploads\/fc-manrique-visita-pedro-sanchez-3.jpg\"><img loading=\"lazy\" decoding=\"async\" src=\"https:\/\/fcmanrique.org\/wp-content\/uploads\/fc-manrique-visita-pedro-sanchez-3.jpg\" alt=\"\" width=\"800\" height=\"557\"><\/a><\/p>\n<p><a href=\"https:\/\/fcmanrique.org\/wp-content\/uploads\/fc-manrique-visita-pedro-sanchez-4.jpg\"><img loading=\"lazy\" decoding=\"async\" src=\"https:\/\/fcmanrique.org\/wp-content\/uploads\/fc-manrique-visita-pedro-sanchez-4.jpg\" alt=\"\" width=\"800\" height=\"485\"><\/a><\/p>","protected":false},"featured_media":17625,"parent":0,"template":"","meta":{"_acf_changed":false,"ngg_post_thumbnail":0,"footnotes":""},"actividad_tipo":[37],"actividad_lugar":[46],"actividad_departamento":[31],"actividad_ciclo":[],"class_list":["post-17623","fcm_actividad","type-fcm_actividad","status-publish","has-post-thumbnail","hentry","actividad_tipo-otras-actividades","actividad_lugar-lugar-fcm","actividad_departamento-departamento-de-programas-culturales"],"acf":[],"_links":{"self":[{"href":"https:\/\/ludiccc.ddns.net\/fr\/wp-json\/wp\/v2\/fcm_actividad\/17623","targetHints":{"allow":["GET"]}}],"collection":[{"href":"https:\/\/ludiccc.ddns.net\/fr\/wp-json\/wp\/v2\/fcm_actividad"}],"about":[{"href":"https:\/\/ludiccc.ddns.net\/fr\/wp-json\/wp\/v2\/types\/fcm_actividad"}],"version-history":[{"count":3,"href":"https:\/\/ludiccc.ddns.net\/fr\/wp-json\/wp\/v2\/fcm_actividad\/17623\/revisions"}],"predecessor-version":[{"id":27086,"href":"https:\/\/ludiccc.ddns.net\/fr\/wp-json\/wp\/v2\/fcm_actividad\/17623\/revisions\/27086"}],"wp:featuredmedia":[{"embeddable":true,"href":"https:\/\/ludiccc.ddns.net\/fr\/wp-json\/wp\/v2\/media\/17625"}],"wp:attachment":[{"href":"https:\/\/ludiccc.ddns.net\/fr\/wp-json\/wp\/v2\/media?parent=17623"}],"wp:term":[{"taxonomy":"actividad_tipo","embeddable":true,"href":"https:\/\/ludiccc.ddns.net\/fr\/wp-json\/wp\/v2\/actividad_tipo?post=17623"},{"taxonomy":"actividad_lugar","embeddable":true,"href":"https:\/\/ludiccc.ddns.net\/fr\/wp-json\/wp\/v2\/actividad_lugar?post=17623"},{"taxonomy":"actividad_departamento","embeddable":true,"href":"https:\/\/ludiccc.ddns.net\/fr\/wp-json\/wp\/v2\/actividad_departamento?post=17623"},{"taxonomy":"actividad_ciclo","embeddable":true,"href":"https:\/\/ludiccc.ddns.net\/fr\/wp-json\/wp\/v2\/actividad_ciclo?post=17623"}],"curies":[{"name":"wp","href":"https:\/\/api.w.org\/{rel}","templated":true}]}}

Visita del presidente del Gobierno español y del primer ministro de Portugal a la FCM

<figure class="wp-block-image size-full"><img fetchpriority="high" width="289" height="203" src="https://fcm.local/wp-content/uploads/fc-manrique-visita-pedro-sanchez.jpg" class="wp-image-17625" alt="Visita del presidente del Gobierno español y del primer ministro de Portugal a la FCM" loading="eager" decoding="async" /></figure>
<p>Con motivo del homenaje a José Saramago por el 20 aniversario de la entrega del Premio Nobel de Literatura, el presidente del Gobierno del reino de España, Pedro Sánchez y el primer ministro portugués, Antonio Costa, visitaron Taro de Tahíche, acompañados por el presidente de la Fundación César Manrique, José Juan Ramírez, y por su director, Fernando Gómez Aguilera. El presidente del Gobierno español ha compartido en su Twitter la experiencia de su vista a la sede de la FCM: « <strong>Fabulosa visita</strong> junto a @antoniocostapm a la Fundación César Manrique, en Taro de Tahíche. <strong>Y fabulosa la labor que llevan a cabo mezclando la difusión de la obra de Manrique, la promoción cultural y el compromiso con el #medioambiente y el territorio ». </strong></p>
<p><a href="https://fcmanrique.org/wp-content/uploads/fc-manrique-visita-pedro-sanchez-1.jpg"><img loading="lazy" decoding="async" src="https://fcmanrique.org/wp-content/uploads/fc-manrique-visita-pedro-sanchez-1.jpg" alt="" width="800" height="562"></a></p>
<p><a href="https://fcmanrique.org/wp-content/uploads/fc-manrique-visita-pedro-sanchez-2.jpg"><img loading="lazy" decoding="async" src="https://fcmanrique.org/wp-content/uploads/fc-manrique-visita-pedro-sanchez-2.jpg" alt="" width="800" height="512"></a></p>
<p><a href="https://fcmanrique.org/wp-content/uploads/fc-manrique-visita-pedro-sanchez-3.jpg"><img loading="lazy" decoding="async" src="https://fcmanrique.org/wp-content/uploads/fc-manrique-visita-pedro-sanchez-3.jpg" alt="" width="800" height="557"></a></p>
<p><a href="https://fcmanrique.org/wp-content/uploads/fc-manrique-visita-pedro-sanchez-4.jpg"><img loading="lazy" decoding="async" src="https://fcmanrique.org/wp-content/uploads/fc-manrique-visita-pedro-sanchez-4.jpg" alt="" width="800" height="485"></a></p>
