{"id":14248,"date":"2009-11-09T00:00:00","date_gmt":"2009-11-09T00:00:00","guid":{"rendered":"https:\/\/fcmanrique.org\/fcm-actividad\/fernandez-galiano-y-la-arquitectura\/"},"modified":"2026-04-23T23:19:20","modified_gmt":"2026-04-23T23:19:20","slug":"fernandez-galiano-y-la-arquitectura","status":"publish","type":"fcm_actividad","link":"https:\/\/ludiccc.ddns.net\/fr\/fcm-actividad\/fernandez-galiano-y-la-arquitectura\/","title":{"rendered":"Fern\u00e1ndez-Galiano y la arquitectura <em>apasionada<\/em> de Herzog &#038; De Meuron"},"content":{"rendered":"<div class=\"wp-block-columns fcm-page-migration-columns is-layout-flex wp-container-core-columns-is-layout-9d6595d7 wp-block-columns-is-layout-flex\"><div class=\"wp-block-column is-layout-flow wp-block-column-is-layout-flow\" style=\"flex-basis:66.66%\"><figure class=\"wp-block-image size-full\"><img width=\"135\" height=\"100\" src=\"https:\/\/fcm.local\/wp-content\/uploads\/thmb_4b910730lfg_135.jpg\" class=\"wp-image-14249\" alt=\"Fern\u00e1ndez-Galiano y la arquitectura apasionada de Herzog &#038; De Meuron\" loading=\"eager\" decoding=\"async\" \/><\/figure>\n<p>La mirada divergente de Luis Fern\u00e1ndez-Galiano se pos\u00f3 en la sala Jos\u00e9 Saramago de la FCM sobre los arquitectos suizos Jacques Herzog y Pierre de Meuron, \u201clos m\u00e1s celebrados en el mundo\u201d, seg\u00fan el propio conferenciante, que quiso aportar sobre ellos una mirada distinta de la habitual para revelar una arquitectura apasionada y en contacto con la Naturaleza frente al an\u00e1lisis habitual que los coloca en un minimalismo seco y contenido. De ah\u00ed el t\u00edtulo de la conferencia: \u201cHerzog &amp; De Meuron, Dionisio en Basilea\u201d. De los tres elementos, el primero, el nombre de los arquitectos se explica por s\u00ed s\u00f3lo, el segundo, Dionisio, por la interpretaci\u00f3n de sus obras como una pulsi\u00f3n hacia el paisaje y la materia, en contraposici\u00f3n a Apolo y lo apol\u00edneo y la tercera, Basilea, porque es la ciudad donde nacieron ambos, donde tienen su estudio y donde han construido buena parte de sus edificios.<\/p>\n<p>Basilea es el punto de partida de estos dos arquitectos que nacen en 1950, estudian juntos en Zurich y siempre han trabajado juntos. Basilea, ciudad suiza fronteriza con Francia y Alemania, \u201cdonde ha florecido la inteligencia\u201d, seg\u00fan destac\u00f3 el conferenciante, tambi\u00e9n es el punto de partida de su obra, que se inicia con una <em>performance<\/em> en el carnaval de la ciudad junto al artista alem\u00e1n Joseph Beuys. Herzog &amp; De Meuron comienzan su carrera influidos por su maestro Aldo Rossi quien les ense\u00f1a que la arquitectura puede ser silenciosa y fr\u00eda en tanto que es Beuys les muestra la exuberancia del arte. <\/p>\n<p>Fern\u00e1ndez-Galiano mostr\u00f3 la evoluci\u00f3n de su trabajo a trav\u00e9s de sus edificios, en orden cronol\u00f3gico. Su primera casa, la casa azul, \u201ces una b\u00fasqueda del retorno a lo elemental que rompe con la arquitectura tecnocr\u00e1tica\u201d. \u201cEs la casa que hubiera dibujado un ni\u00f1o\u201d, se\u00f1al\u00f3. En esta primera etapa, tambi\u00e9n est\u00e1n influidos por Andy Warhol y el arte pop y utilizan elementos expresivos de ese universo. <\/p>\n<p><strong>EL PRIMER EDIFICIO<\/strong><\/p>\n<p>Con el dise\u00f1o de viviendas consiguen \u00e9xito y reciben numerosos encargos. Su primer edificio relevante ser\u00e1, sin embargo, un almac\u00e9n para la empresa de caramelos <em>Ricola<\/em>, con quienes seguir\u00e1n colaborando a lo largo de su carrera. Tras esta edificaci\u00f3n, el proyecto que llama la atenci\u00f3n de la cr\u00edtica internacional es una cabina de se\u00f1ales de tren, envuelta en cobre, junto a un dep\u00f3sito de locomotoras. Una importante aportaci\u00f3n inicial a la construcci\u00f3n moderna, explica Fern\u00e1ndez-Galiano, ser\u00e1 el estudio de un pintor en el que dejan una pared dispuesta para que el \u00f3xido y los l\u00edquenes completen la pieza, introduciendo de esta manera en la arquitectura, el factor tiempo, incorporando el envejecimiento al edificio como un elemento m\u00e1s. La siguiente solicitud de <em>Ricola<\/em> supone \u201cuna vuelta de tuerca a la historia de la arquitectura\u201d ya que usan el ornamento profusamente y constituye la vuelta al mundo cl\u00e1sico por arquitectos modernos, dando m\u00e1s importancia al revestimiento que a la propia construcci\u00f3n. <\/p>\n<p>La Bodega <em>Dominus<\/em>, en el Valle de Napa (California) es su primer encargo en Estados Unidos. Se trata de un edificio realizado con gaviones rellenos de piedras bas\u00e1lticas. \u201cUna obra m\u00e1gica\u201d, seg\u00fan Fern\u00e1ndez-Galiano: \u201ces materia presentada en su esencia, algo m\u00e1s que una construcci\u00f3n, es arquitectura que se siente, que se toca\u2026\u201d. Tras esta bodega proyectan el museo Tate Gallery de Londres, sobre una vieja estaci\u00f3n el\u00e9ctrica en el T\u00e1mesis. La Tate y su sala de turbinas, que dejan vac\u00eda, se convierten en el coraz\u00f3n del arte contempor\u00e1neo. <\/p>\n<p><strong>EN ESPA\u00d1A<\/strong><\/p>\n<p>Fern\u00e1ndez-Galiano repas\u00f3 las obras que Jacques Herzog &amp; Pierre de Meuron han desarrollado en las Islas Canarias: la recuperaci\u00f3n del frente mar\u00edtimo y plaza en Santa Cruz de Tenerife y el Tenerife Espacio de las Artes (TEA), que tard\u00f3 once a\u00f1os en terminarse y que incorpora una fachada carcomida que constituye una se\u00f1a de identidad de los arquitectos. As\u00ed mismo, el conferenciante coment\u00f3 el edificio central del Forum de las Culturas de Barcelona o la Ciudad del Flamenco en Jerez de la Frontera, a\u00fan por realizar y el futuro museo dedicado a Goya en Zaragoza. El m\u00e1s importante, o el m\u00e1s significativo en todo caso, es el edificio de Caixa Forum en Madrid, que Luis Fern\u00e1ndez-Galiano analiz\u00f3 con mayor detalle. <\/p>\n<p>A finales de los a\u00f1os noventa, su trayectoria llega a un punto de inflexi\u00f3n, con el tercer encargo que hacen para <em>Ricola<\/em>. Es un edificio de marketing en el que ya cortan con la b\u00fasqueda de lo vern\u00e1culo y pasan definitivamente a la empat\u00eda con la naturaleza. Tambi\u00e9n fue destacada por Fern\u00e1ndez-Galiano la construcci\u00f3n que realizan en Tokio para la firma Prada. En esta ocasi\u00f3n, se ocupan de manera especial del espacio interior, \u201cde las v\u00edsceras del edificio\u201d, que hasta entonces no hab\u00eda sido su principal objetivo. Otro tr\u00e1nsito m\u00e1s supuso la biblioteca de la ciudad alemana de Cottbus, que es una obra \u201ccasi inmaterial\u201d en la que se trata el espacio interior con dobles vol\u00famenes y en la que se introduce el color.<\/p>\n<p><strong>VOCACI\u00d3N Y EXCELENCIA<\/strong><\/p>\n<p>Por \u00faltimo, el conferenciante repas\u00f3 la mala suerte de estos arquitectos con los rascacielos que han proyectado, que no se han llegado a construir, aunque est\u00e1 previsto uno, de forma circular, para la nueva sede del BBVA en Madrid. Se detuvo tambi\u00e9n en los tres estadios que han dise\u00f1ado Herzog &amp; De Meuron: el de St. Jakob en Basilea, el Allianz Arena en Munich y el famos\u00edsimo Nido de P\u00e1jaro, que fue el s\u00edmbolo de los Juegos Ol\u00edmpicos de Pek\u00edn. <\/p>\n<p>\u201cHerzog &amp; De Meuron mezclan a la perfecci\u00f3n la vocaci\u00f3n art\u00edstica y la excelencia profesional. Le proponen al cliente lo que espera de ellos\u201d, termin\u00f3 diciendo Fern\u00e1ndez-Galiano. De hecho, su estudio de arquitectura es el \u00fanico, de los grandes del mundo, en los que ha aumentado su plantilla en este \u00faltimo a\u00f1o de crisis.<\/p><\/div><div class=\"wp-block-column is-layout-flow wp-block-column-is-layout-flow\" style=\"flex-basis:33.33%\"><div class=\"wp-block-group detail-panel detail-media wp-block-group-\"><div class=\"wp-block-group__inner-container is-layout-flow wp-block-group-is-layout-flow\"><p><a href=\"https:\/\/fcmanrique.org\/wp-content\/uploads\/thmb_4b910848luisfdezgaliano_241.jpg\"><\/a><\/p><\/div><\/div>\n<div class=\"wp-block-group detail-panel detail-media wp-block-group-\"><div class=\"wp-block-group__inner-container is-layout-flow wp-block-group-is-layout-flow\"><ul class=\"wp-block-list\"><li><a href=\"\/recursos\/actividad\/4b910589nota%20prensa%2026-09%20confluisfdezgaliano.pdf\" class=\"fcm-pdf-download-link\">Nota de prensa<\/a><\/li><\/ul><\/div><\/div><\/div><\/div>","protected":false},"featured_media":14249,"parent":0,"template":"","meta":{"_acf_changed":false,"ngg_post_thumbnail":0,"footnotes":""},"actividad_tipo":[34],"actividad_lugar":[],"actividad_departamento":[30],"actividad_ciclo":[71],"class_list":["post-14248","fcm_actividad","type-fcm_actividad","status-publish","has-post-thumbnail","hentry","actividad_tipo-conferencias","actividad_departamento-departamento-de-conservacion-y-artes-plasticas","actividad_ciclo-miradas-divergentes"],"acf":[],"_links":{"self":[{"href":"https:\/\/ludiccc.ddns.net\/fr\/wp-json\/wp\/v2\/fcm_actividad\/14248","targetHints":{"allow":["GET"]}}],"collection":[{"href":"https:\/\/ludiccc.ddns.net\/fr\/wp-json\/wp\/v2\/fcm_actividad"}],"about":[{"href":"https:\/\/ludiccc.ddns.net\/fr\/wp-json\/wp\/v2\/types\/fcm_actividad"}],"version-history":[{"count":1,"href":"https:\/\/ludiccc.ddns.net\/fr\/wp-json\/wp\/v2\/fcm_actividad\/14248\/revisions"}],"predecessor-version":[{"id":26987,"href":"https:\/\/ludiccc.ddns.net\/fr\/wp-json\/wp\/v2\/fcm_actividad\/14248\/revisions\/26987"}],"wp:featuredmedia":[{"embeddable":true,"href":"https:\/\/ludiccc.ddns.net\/fr\/wp-json\/wp\/v2\/media\/14249"}],"wp:attachment":[{"href":"https:\/\/ludiccc.ddns.net\/fr\/wp-json\/wp\/v2\/media?parent=14248"}],"wp:term":[{"taxonomy":"actividad_tipo","embeddable":true,"href":"https:\/\/ludiccc.ddns.net\/fr\/wp-json\/wp\/v2\/actividad_tipo?post=14248"},{"taxonomy":"actividad_lugar","embeddable":true,"href":"https:\/\/ludiccc.ddns.net\/fr\/wp-json\/wp\/v2\/actividad_lugar?post=14248"},{"taxonomy":"actividad_departamento","embeddable":true,"href":"https:\/\/ludiccc.ddns.net\/fr\/wp-json\/wp\/v2\/actividad_departamento?post=14248"},{"taxonomy":"actividad_ciclo","embeddable":true,"href":"https:\/\/ludiccc.ddns.net\/fr\/wp-json\/wp\/v2\/actividad_ciclo?post=14248"}],"curies":[{"name":"wp","href":"https:\/\/api.w.org\/{rel}","templated":true}]}}

Fernández-Galiano y la arquitectura <em>apasionada</em> de Herzog &#038; De Meuron

<div class="wp-block-columns fcm-page-migration-columns is-layout-flex wp-container-core-columns-is-layout-9d6595d7 wp-block-columns-is-layout-flex"><div class="wp-block-column is-layout-flow wp-block-column-is-layout-flow" style="flex-basis:66.66%"><figure class="wp-block-image size-full"><img width="135" height="100" src="https://fcm.local/wp-content/uploads/thmb_4b910730lfg_135.jpg" class="wp-image-14249" alt="Fernández-Galiano y la arquitectura apasionada de Herzog &#038; De Meuron" loading="eager" decoding="async" /></figure>
<p>La mirada divergente de Luis Fernández-Galiano se posó en la sala José Saramago de la FCM sobre los arquitectos suizos Jacques Herzog y Pierre de Meuron, “los más celebrados en el mundo”, según el propio conferenciante, que quiso aportar sobre ellos una mirada distinta de la habitual para revelar una arquitectura apasionada y en contacto con la Naturaleza frente al análisis habitual que los coloca en un minimalismo seco y contenido. De ahí el título de la conferencia: “Herzog &amp; De Meuron, Dionisio en Basilea”. De los tres elementos, el primero, el nombre de los arquitectos se explica por sí sólo, el segundo, Dionisio, por la interpretación de sus obras como una pulsión hacia el paisaje y la materia, en contraposición a Apolo y lo apolíneo y la tercera, Basilea, porque es la ciudad donde nacieron ambos, donde tienen su estudio y donde han construido buena parte de sus edificios.</p>
<p>Basilea es el punto de partida de estos dos arquitectos que nacen en 1950, estudian juntos en Zurich y siempre han trabajado juntos. Basilea, ciudad suiza fronteriza con Francia y Alemania, “donde ha florecido la inteligencia”, según destacó el conferenciante, también es el punto de partida de su obra, que se inicia con una <em>performance</em> en el carnaval de la ciudad junto al artista alemán Joseph Beuys. Herzog &amp; De Meuron comienzan su carrera influidos por su maestro Aldo Rossi quien les enseña que la arquitectura puede ser silenciosa y fría en tanto que es Beuys les muestra la exuberancia del arte. </p>
<p>Fernández-Galiano mostró la evolución de su trabajo a través de sus edificios, en orden cronológico. Su primera casa, la casa azul, “es una búsqueda del retorno a lo elemental que rompe con la arquitectura tecnocrática”. “Es la casa que hubiera dibujado un niño”, señaló. En esta primera etapa, también están influidos por Andy Warhol y el arte pop y utilizan elementos expresivos de ese universo. </p>
<p><strong>EL PRIMER EDIFICIO</strong></p>
<p>Con el diseño de viviendas consiguen éxito y reciben numerosos encargos. Su primer edificio relevante será, sin embargo, un almacén para la empresa de caramelos <em>Ricola</em>, con quienes seguirán colaborando a lo largo de su carrera. Tras esta edificación, el proyecto que llama la atención de la crítica internacional es una cabina de señales de tren, envuelta en cobre, junto a un depósito de locomotoras. Una importante aportación inicial a la construcción moderna, explica Fernández-Galiano, será el estudio de un pintor en el que dejan una pared dispuesta para que el óxido y los líquenes completen la pieza, introduciendo de esta manera en la arquitectura, el factor tiempo, incorporando el envejecimiento al edificio como un elemento más. La siguiente solicitud de <em>Ricola</em> supone “una vuelta de tuerca a la historia de la arquitectura” ya que usan el ornamento profusamente y constituye la vuelta al mundo clásico por arquitectos modernos, dando más importancia al revestimiento que a la propia construcción. </p>
<p>La Bodega <em>Dominus</em>, en el Valle de Napa (California) es su primer encargo en Estados Unidos. Se trata de un edificio realizado con gaviones rellenos de piedras basálticas. “Una obra mágica”, según Fernández-Galiano: “es materia presentada en su esencia, algo más que una construcción, es arquitectura que se siente, que se toca…”. Tras esta bodega proyectan el museo Tate Gallery de Londres, sobre una vieja estación eléctrica en el Támesis. La Tate y su sala de turbinas, que dejan vacía, se convierten en el corazón del arte contemporáneo. </p>
<p><strong>EN ESPAÑA</strong></p>
<p>Fernández-Galiano repasó las obras que Jacques Herzog &amp; Pierre de Meuron han desarrollado en las Islas Canarias: la recuperación del frente marítimo y plaza en Santa Cruz de Tenerife y el Tenerife Espacio de las Artes (TEA), que tardó once años en terminarse y que incorpora una fachada carcomida que constituye una seña de identidad de los arquitectos. Así mismo, el conferenciante comentó el edificio central del Forum de las Culturas de Barcelona o la Ciudad del Flamenco en Jerez de la Frontera, aún por realizar y el futuro museo dedicado a Goya en Zaragoza. El más importante, o el más significativo en todo caso, es el edificio de Caixa Forum en Madrid, que Luis Fernández-Galiano analizó con mayor detalle. </p>
<p>A finales de los años noventa, su trayectoria llega a un punto de inflexión, con el tercer encargo que hacen para <em>Ricola</em>. Es un edificio de marketing en el que ya cortan con la búsqueda de lo vernáculo y pasan definitivamente a la empatía con la naturaleza. También fue destacada por Fernández-Galiano la construcción que realizan en Tokio para la firma Prada. En esta ocasión, se ocupan de manera especial del espacio interior, “de las vísceras del edificio”, que hasta entonces no había sido su principal objetivo. Otro tránsito más supuso la biblioteca de la ciudad alemana de Cottbus, que es una obra “casi inmaterial” en la que se trata el espacio interior con dobles volúmenes y en la que se introduce el color.</p>
<p><strong>VOCACIÓN Y EXCELENCIA</strong></p>
<p>Por último, el conferenciante repasó la mala suerte de estos arquitectos con los rascacielos que han proyectado, que no se han llegado a construir, aunque está previsto uno, de forma circular, para la nueva sede del BBVA en Madrid. Se detuvo también en los tres estadios que han diseñado Herzog &amp; De Meuron: el de St. Jakob en Basilea, el Allianz Arena en Munich y el famosísimo Nido de Pájaro, que fue el símbolo de los Juegos Olímpicos de Pekín. </p>
<p>“Herzog &amp; De Meuron mezclan a la perfección la vocación artística y la excelencia profesional. Le proponen al cliente lo que espera de ellos”, terminó diciendo Fernández-Galiano. De hecho, su estudio de arquitectura es el único, de los grandes del mundo, en los que ha aumentado su plantilla en este último año de crisis.</p></div><div class="wp-block-column is-layout-flow wp-block-column-is-layout-flow" style="flex-basis:33.33%"><div class="wp-block-group detail-panel detail-media wp-block-group-"><div class="wp-block-group__inner-container is-layout-flow wp-block-group-is-layout-flow"><p><a href="https://fcmanrique.org/wp-content/uploads/thmb_4b910848luisfdezgaliano_241.jpg"></a></p></div></div>
<div class="wp-block-group detail-panel detail-media wp-block-group-"><div class="wp-block-group__inner-container is-layout-flow wp-block-group-is-layout-flow"><ul class="wp-block-list"><li><a href="/recursos/actividad/4b910589nota%20prensa%2026-09%20confluisfdezgaliano.pdf" class="fcm-pdf-download-link">Nota de prensa</a></li></ul></div></div></div></div>
