{"id":14205,"date":"2008-10-23T00:00:00","date_gmt":"2008-10-23T00:00:00","guid":{"rendered":"https:\/\/fcmanrique.org\/fcm-actividad\/eduardo-mendoza\/"},"modified":"2026-04-23T23:19:19","modified_gmt":"2026-04-23T23:19:19","slug":"eduardo-mendoza","status":"publish","type":"fcm_actividad","link":"https:\/\/ludiccc.ddns.net\/fr\/fcm-actividad\/eduardo-mendoza\/","title":{"rendered":"Eduardo Mendoza"},"content":{"rendered":"<div class=\"wp-block-columns fcm-page-migration-columns is-layout-flex wp-container-core-columns-is-layout-9d6595d7 wp-block-columns-is-layout-flex\"><div class=\"wp-block-column is-layout-flow wp-block-column-is-layout-flow\" style=\"flex-basis:66.66%\"><figure class=\"wp-block-image size-full\"><img width=\"135\" height=\"100\" src=\"https:\/\/fcm.local\/wp-content\/uploads\/thmb_49019bc0thmb_eduardomendoza01_135.jpg\" class=\"wp-image-14206\" alt=\"Eduardo Mendoza\" loading=\"eager\" decoding=\"async\" \/><\/figure>\n<p>Eduardo Mendoza particip\u00f3 el 23 de octubre de 2008 en el espacio de reflexi\u00f3n<em> El autor y su obra<\/em>, e hizo un recorrido por su vida, abordando los episodios fundamentales que arrojan luz sobre su vocaci\u00f3n como narrador. <br><\/p>\n<p>Con humor y una fina inteligencia, Eduardo Mendoza se aproxim\u00f3 a su trayectoria vital y literaria como si se tratara de uno de los personajes de sus novelas, comenzando con su infancia y las circunstancias del entorno familiar y social, para despu\u00e9s hacer hincapi\u00e9 en su etapa de los a\u00f1os setenta, cuando escribi\u00f3 su primera novela, <em>La verdad sobre el caso Savolta<\/em>, poniendo en relaci\u00f3n su literatura con las circunstancias hist\u00f3ricas. <br><\/p>\n<p>A partir de aqu\u00ed, Mendoza reflexion\u00f3 sobre buena parte de sus obras, y comparti\u00f3 con el p\u00fablico los rasgos principales de su actividad como escritor y los motivos que le impulsaron a escribir sus obras.<\/p>\n<p>Eduardo Mendoza naci\u00f3 en 1943 en Barcelona, donde curs\u00f3 todos sus estudios. Despu\u00e9s de licenciarse en Derecho, estudi\u00f3 sociolog\u00eda en Londres y trabaj\u00f3 como abogado en varias empresas y m\u00e1s tarde como traductor e int\u00e9rprete en las Naciones Unidas y en diversos organismos internacionales. <\/p>\n<p>En 1975 public\u00f3 su primera novela, <em>La verdad sobre el caso Savolta<\/em>, con la editorial Seix Barral, a la que ha seguido siendo fiel hasta el d\u00eda de hoy. Otras novelas suyas son: <em>El misterio de la cripta embrujada<\/em>, <em>La ciudad de los prodigios<\/em>, <em>Sin noticias de Gurb<\/em> y <em>Una comedia ligera<\/em>, hasta la m\u00e1s reciente, <em>El asombroso viaje de Pomponio Flato<\/em>, aparecida este mismo a\u00f1o. Tambi\u00e9n ha escrito obras de teatro, en catal\u00e1n, y ha hecho traducciones al castellano y al catal\u00e1n.<\/p>\n<p>Desde 1988, se dedica exclusivamente a la literatura, salvo un periodo en que imparti\u00f3 clases de interpretaci\u00f3n en la universidad Pompeu Fabra de Barcelona. Ha colaborado como columnista en el diario El Pa\u00eds.<\/p><\/div><div class=\"wp-block-column is-layout-flow wp-block-column-is-layout-flow\" style=\"flex-basis:33.33%\"><div class=\"wp-block-group detail-panel detail-media wp-block-group-\"><div class=\"wp-block-group__inner-container is-layout-flow wp-block-group-is-layout-flow\"><p><a href=\"https:\/\/fcmanrique.org\/wp-content\/uploads\/thmb_49019a5dthmb_eduardomendoza01_241.jpg\"><\/a><\/p><\/div><\/div><\/div><\/div>","protected":false},"featured_media":14206,"parent":0,"template":"","meta":{"_acf_changed":false,"ngg_post_thumbnail":0,"footnotes":""},"actividad_tipo":[34],"actividad_lugar":[46],"actividad_departamento":[31],"actividad_ciclo":[70],"class_list":["post-14205","fcm_actividad","type-fcm_actividad","status-publish","has-post-thumbnail","hentry","actividad_tipo-conferencias","actividad_lugar-lugar-fcm","actividad_departamento-departamento-de-programas-culturales","actividad_ciclo-el-autor-y-su-obra"],"acf":[],"_links":{"self":[{"href":"https:\/\/ludiccc.ddns.net\/fr\/wp-json\/wp\/v2\/fcm_actividad\/14205","targetHints":{"allow":["GET"]}}],"collection":[{"href":"https:\/\/ludiccc.ddns.net\/fr\/wp-json\/wp\/v2\/fcm_actividad"}],"about":[{"href":"https:\/\/ludiccc.ddns.net\/fr\/wp-json\/wp\/v2\/types\/fcm_actividad"}],"version-history":[{"count":1,"href":"https:\/\/ludiccc.ddns.net\/fr\/wp-json\/wp\/v2\/fcm_actividad\/14205\/revisions"}],"predecessor-version":[{"id":26971,"href":"https:\/\/ludiccc.ddns.net\/fr\/wp-json\/wp\/v2\/fcm_actividad\/14205\/revisions\/26971"}],"wp:featuredmedia":[{"embeddable":true,"href":"https:\/\/ludiccc.ddns.net\/fr\/wp-json\/wp\/v2\/media\/14206"}],"wp:attachment":[{"href":"https:\/\/ludiccc.ddns.net\/fr\/wp-json\/wp\/v2\/media?parent=14205"}],"wp:term":[{"taxonomy":"actividad_tipo","embeddable":true,"href":"https:\/\/ludiccc.ddns.net\/fr\/wp-json\/wp\/v2\/actividad_tipo?post=14205"},{"taxonomy":"actividad_lugar","embeddable":true,"href":"https:\/\/ludiccc.ddns.net\/fr\/wp-json\/wp\/v2\/actividad_lugar?post=14205"},{"taxonomy":"actividad_departamento","embeddable":true,"href":"https:\/\/ludiccc.ddns.net\/fr\/wp-json\/wp\/v2\/actividad_departamento?post=14205"},{"taxonomy":"actividad_ciclo","embeddable":true,"href":"https:\/\/ludiccc.ddns.net\/fr\/wp-json\/wp\/v2\/actividad_ciclo?post=14205"}],"curies":[{"name":"wp","href":"https:\/\/api.w.org\/{rel}","templated":true}]}}

<div class="wp-block-columns fcm-page-migration-columns is-layout-flex wp-container-core-columns-is-layout-9d6595d7 wp-block-columns-is-layout-flex"><div class="wp-block-column is-layout-flow wp-block-column-is-layout-flow" style="flex-basis:66.66%"><figure class="wp-block-image size-full"><img width="135" height="100" src="https://fcm.local/wp-content/uploads/thmb_49019bc0thmb_eduardomendoza01_135.jpg" class="wp-image-14206" alt="Eduardo Mendoza" loading="eager" decoding="async" /></figure>
<p>Eduardo Mendoza participó el 23 de octubre de 2008 en el espacio de reflexión<em> El autor y su obra</em>, e hizo un recorrido por su vida, abordando los episodios fundamentales que arrojan luz sobre su vocación como narrador. <br></p>
<p>Con humor y una fina inteligencia, Eduardo Mendoza se aproximó a su trayectoria vital y literaria como si se tratara de uno de los personajes de sus novelas, comenzando con su infancia y las circunstancias del entorno familiar y social, para después hacer hincapié en su etapa de los años setenta, cuando escribió su primera novela, <em>La verdad sobre el caso Savolta</em>, poniendo en relación su literatura con las circunstancias históricas. <br></p>
<p>A partir de aquí, Mendoza reflexionó sobre buena parte de sus obras, y compartió con el público los rasgos principales de su actividad como escritor y los motivos que le impulsaron a escribir sus obras.</p>
<p>Eduardo Mendoza nació en 1943 en Barcelona, donde cursó todos sus estudios. Después de licenciarse en Derecho, estudió sociología en Londres y trabajó como abogado en varias empresas y más tarde como traductor e intérprete en las Naciones Unidas y en diversos organismos internacionales. </p>
<p>En 1975 publicó su primera novela, <em>La verdad sobre el caso Savolta</em>, con la editorial Seix Barral, a la que ha seguido siendo fiel hasta el día de hoy. Otras novelas suyas son: <em>El misterio de la cripta embrujada</em>, <em>La ciudad de los prodigios</em>, <em>Sin noticias de Gurb</em> y <em>Una comedia ligera</em>, hasta la más reciente, <em>El asombroso viaje de Pomponio Flato</em>, aparecida este mismo año. También ha escrito obras de teatro, en catalán, y ha hecho traducciones al castellano y al catalán.</p>
<p>Desde 1988, se dedica exclusivamente a la literatura, salvo un periodo en que impartió clases de interpretación en la universidad Pompeu Fabra de Barcelona. Ha colaborado como columnista en el diario El País.</p></div><div class="wp-block-column is-layout-flow wp-block-column-is-layout-flow" style="flex-basis:33.33%"><div class="wp-block-group detail-panel detail-media wp-block-group-"><div class="wp-block-group__inner-container is-layout-flow wp-block-group-is-layout-flow"><p><a href="https://fcmanrique.org/wp-content/uploads/thmb_49019a5dthmb_eduardomendoza01_241.jpg"></a></p></div></div></div></div>
