{"id":14185,"date":"2008-02-29T00:00:00","date_gmt":"2008-02-29T00:00:00","guid":{"rendered":"https:\/\/fcmanrique.org\/fcm-actividad\/encuentro-de-paisajistas-europeos\/"},"modified":"2026-04-23T23:19:20","modified_gmt":"2026-04-23T23:19:20","slug":"encuentro-de-paisajistas-europeos","status":"publish","type":"fcm_actividad","link":"https:\/\/ludiccc.ddns.net\/fr\/fcm-actividad\/encuentro-de-paisajistas-europeos\/","title":{"rendered":"Encuentro de paisajistas europeos"},"content":{"rendered":"<div class=\"wp-block-columns fcm-page-migration-columns is-layout-flex wp-container-core-columns-is-layout-9d6595d7 wp-block-columns-is-layout-flex\"><div class=\"wp-block-column is-layout-flow wp-block-column-is-layout-flow\" style=\"flex-basis:66.66%\"><figure class=\"wp-block-image size-full\"><img width=\"135\" height=\"100\" src=\"https:\/\/fcm.local\/wp-content\/uploads\/thmb_4822c220thmb_encpaisajistas02_135.jpg\" class=\"wp-image-14186\" alt=\"Encuentro de paisajistas europeos\" loading=\"eager\" decoding=\"async\" \/><\/figure>\n<p>La econom\u00eda y el paisaje est\u00e1n condenados a entenderse. Sin embargo, hasta ahora se ha impuesto el criterio de la primera, lo cual ha tenido en demasiadas ocasiones consecuencias nefastas para ambos, pues un modelo que no respeta la diversidad ser\u00e1 adem\u00e1s menos eficiente y duradero que uno que s\u00ed lo haga. Los paisajistas europeos que participan en la muestra <em>Grandes paisajes de Europa<\/em> de <st1:personname><st1:personname>la Fundaci\u00f3n<\/st1:personname> C\u00e9sar<\/st1:personname> Manrique (FCM) hicieron aflorar estas y otras ideas en el transcurso del debate celebrado en la sede de la FCM el 29 de febrero de 2008, en el marco de la exposici\u00f3n. Sus conclusiones, plasmadas en un documento ahora en fase de redacci\u00f3n, se elevar\u00e1n a <st1:personname><st1:personname>la Comisi\u00f3n<\/st1:personname> Europea<\/st1:personname> para avivar la llama del di\u00e1logo alrededor de <st1:personname>la Convenci\u00f3n Europea<\/st1:personname> del Paisaje, que en el caso de Espa\u00f1a entr\u00f3 en vigor el pasado uno de marzo, justo un d\u00eda despu\u00e9s de un c\u00f3nclave de expertos que reuni\u00f3 a algunas de las m\u00e1s prestigiosas figuras europeas en este campo. <u1:p><\/u1:p><\/p>\n<p>El gran capital galopa por Europa y el mundo como un caballo desbocado e ind\u00f3mito que no duda en pisotearlo todo a su paso. \u00bfPero qui\u00e9n puede embridar a la bestia? \u201cEl problema es la desconexi\u00f3n entre la econom\u00eda y las necesidades humanas, algo que los paisajistas deben resolver, pero tienen que hacerlo a contracorriente de la econom\u00eda actual\u201d, se\u00f1ala Lorette Coen, comisaria de la exposici\u00f3n y moderadora de la sesi\u00f3n de trabajo junto a Lisa Diedrich, especialista en arquitectura del paisaje. Coen recalca el \u201ccar\u00e1cter cultural del paisaje\u201d y la importancia de intervenir en \u00e9l con \u201cuna visi\u00f3n a largo plazo\u201d, dos conceptos que no siempre tienen silla en los consejos de administraci\u00f3n. \u201cLos proyectos que est\u00e1n aqu\u00ed son excepcionales, pero en realidad son los que deber\u00edan ser siempre\u201d, comenta en alusi\u00f3n a los trabajos que se pueden ver en <st1:personname><st1:personname>la Sala<\/st1:personname> Jos\u00e9<\/st1:personname> Saramago de Arrecife y <st1:personname><st1:personname>la Sala<\/st1:personname> Manrique<\/st1:personname> del Taro de Tah\u00edche. <u1:p><\/u1:p><\/p>\n<p><strong><u>La f\u00f3rmula<u1:p><\/u1:p><\/u><\/strong><\/p>\n<p>Los paisajistas ponen sobre la mesa una p\u00f3cima cuyos ingredientes son la racionalidad y el respeto al medio y que, adem\u00e1s, no es en absoluto incompatible con el desarrollo econ\u00f3mico y social. Ellos lo llaman \u201cla l\u00f3gica del paisaje\u201d. Lisa Diedrich aporta m\u00e1s datos sobre los componentes de la f\u00f3rmula. \u201cCuando uno respeta la l\u00f3gica del paisaje desarrolla ciudades y entornos rurales m\u00e1s durables, eficaces econ\u00f3micamente y con mayor calidad de vida\u201d, explica. En realidad, se est\u00e1 hablando de la m\u00e1s llana y pura sensatez: tener en cuenta los vientos dominantes, impulsar una jardiner\u00eda en base a plantas aut\u00f3ctonas que no necesiten riegos ni tratamientos suplementarios, no construir en los cauces del agua\u2026 Sentido com\u00fan. Es el camino para alcanzar la verdadera meta del paisajista y de una sociedad inteligente, es decir, \u201ctransformar un sitio para convertirlo en algo mejor\u201d. <u1:p><\/u1:p><\/p>\n<p>\u201cHay econom\u00edas que destruyen paisajes\u201d, recuerda Diedrich. Y asume que todav\u00eda queda mucho trabajo por hacer para evitar que esto siga ocurriendo. \u201cHay que buscar una manera de transportar estos valores al nivel pol\u00edtico europeo, pero la conclusi\u00f3n es que es muy complicado estar frente a la econom\u00eda. Pero no se puede aceptar todo. Hay que enfrentarse a ella y proponer modelos alternativos\u201d, sentencia. Aqu\u00ed se tropieza con otro obst\u00e1culo: la presi\u00f3n y la influencia del capital sobre la administraci\u00f3n p\u00fablica. <u1:p><\/u1:p><\/p>\n<p>Georges Descombes, arquitecto del paisaje, profesor del Instituto de Arquitectura de <st1:personname>la Universidad<\/st1:personname> de Ginebra y redactor del proyecto para dar nueva vida al r\u00edo Aire y a su ribera junto al Grupo ADR Arquitectos, saca a relucir su vehemencia y reivindica el poder de \u201cdecir no\u201d a las iniciativas claramente insostenibles. El autodenominado \u201cjardinero planetario\u201d, Gilles Cl\u00e9ment, que colabor\u00f3 con Jean Nouvel en el Museo Quai de Branly de Par\u00eds, se muestra esc\u00e9ptico sobre la existencia de una voluntad generalizada de cambiar los par\u00e1metros de intervenci\u00f3n en el paisaje. \u201cNo queremos cambiar nuestra econom\u00eda, pero lo cierto es que hay que apostar por una econom\u00eda basada en la protecci\u00f3n de la diversidad\u201d. <u1:p><\/u1:p><\/p>\n<p>El galope del caballo desbocado ha dejado huellas dram\u00e1ticas. Ha ocurrido en <st1:personname>la Lusacia<\/st1:personname> alemana, donde d\u00e9cadas de febril actividad minera han convertido <st1:metricconverter>500.000 hect\u00e1reas<\/st1:metricconverter> en un fantasmal retazo de la luna. Pero incluso en el horror puede germinar la belleza si se deja actuar a los paisajistas. Rolf Kuhn, profesor de <st1:personname><st1:personname>la Internationale<\/st1:personname> Bauausstellung<\/st1:personname>, dirige el mayor proyecto de regeneraci\u00f3n paisaj\u00edstica de Europa, un trabajo herc\u00faleo que quiere sanear, reforestar, convertir los cr\u00e1teres en lagos y devolver la vitalidad a un espacio muerto. Kuhn abre una nueva puerta en el debate y deja bien claro que el equilibrio de fuerzas, al margen de deseable, es perfectamente posible. \u201cSi planificamos bien, podemos desarrollar econom\u00eda y paisaje creando nuevos valores al respecto, porque s\u00f3lo podemos hacer feliz a la gente si se sienten c\u00f3modos donde viven\u201d, dice. <u1:p><\/u1:p><\/p>\n<p><strong><u> Paisaje y democracia<u1:p><\/u1:p><\/u><\/strong><\/p>\n<p>Aquello que se extiende ante nosotros, m\u00e1s all\u00e1 de una vista m\u00e1s o menos agradable, es tambi\u00e9n un reflejo de la forma que tienen los vecinos, empresarios e instituciones de relacionarse con su medio ambiente. Por lo tanto, arroja pistas fiables sobre su salud democr\u00e1tica. El director de <st1:personname>la FCM<\/st1:personname>, Fernando G\u00f3mez Aguilera, dej\u00f3 en el aire esta cuesti\u00f3n en la bienvenida a los paisajistas. \u201cEn <st1:personname>la Fundaci\u00f3n<\/st1:personname> estamos convencidos de que los paisajes de mala calidad producen ciudadanos de mala calidad y \u00e9stos malas democracias\u201d, plante\u00f3. \u201cNo s\u00f3lo hay que considerar los aspectos t\u00e9cnicos, sino los culturales. Una buena democracia se puede basar en un buen paisaje\u201d, sostuvo tambi\u00e9n Lisa Diedrich. <u1:p><\/u1:p><\/p>\n<p>El paisaje necesita sentir el latido de los ciudadanos. Paolo L. B\u00fcrgi, catedr\u00e1tico de Arquitectura del Paisaje por <st1:personname>la Universidad<\/st1:personname> de Filadelfia y autor del proyecto en la monta\u00f1a Carcada (Locarno, Suiza), piensa que \u201ca veces las cosas cambian porque una persona decide luchar por su ciudad\u201d. \u201cCuando uno empieza a cuidar el paisaje urbano o rural en el que vive puede influir en la sociedad\u201d, conviene Lisa Diedrich. La sensibilizaci\u00f3n ciudadana debe ser el principal motor del pretendido golpe de tim\u00f3n. \u201cEl sistema educativo en los pa\u00edses n\u00f3rdicos anima a los ni\u00f1os a decir qu\u00e9 har\u00edan ellos para mejorar su pueblo. As\u00ed se logra involucrar a la poblaci\u00f3n\u201d, pone como ejemplo Peter Latz, Catedr\u00e1tico de Arquitectura del Paisaje y Planeamiento en Munich.<u1:p><\/u1:p><\/p>\n<p>El loco deambular del capital prosigue. Los paisajistas han dado en Lanzarote un paso al frente para empezar a frenarlo.<\/p><\/div><div class=\"wp-block-column is-layout-flow wp-block-column-is-layout-flow\" style=\"flex-basis:33.33%\"><div class=\"wp-block-group detail-panel detail-media wp-block-group-\"><div class=\"wp-block-group__inner-container is-layout-flow wp-block-group-is-layout-flow\"><p><a href=\"https:\/\/fcmanrique.org\/wp-content\/uploads\/47cd2e13thmb_encpaisajistas01_640.jpg\"><\/a><\/p><\/div><\/div>\n<div class=\"wp-block-group detail-panel detail-media wp-block-group-\"><div class=\"wp-block-group__inner-container is-layout-flow wp-block-group-is-layout-flow\"><ul class=\"wp-block-list\"><li><a href=\"\/recursos\/actividad\/4b86542cnota%20prensa%2006-08%20expo%20GPE%201.pdf\" class=\"fcm-pdf-download-link\">Nota Exposici\u00f3n Grandes Paisajes de Europa<\/a><\/li><li><a href=\"\/recursos\/actividad\/4b865453nota%20prensa%2007-08%20expo%20GPE%202.pdf\" class=\"fcm-pdf-download-link\">Nota de prensa Encuentro paisajistas I<\/a><\/li><li><a href=\"\/recursos\/actividad\/4b86546enota%20prensa%2008-08%20expo%20GPE%203.pdf\" class=\"fcm-pdf-download-link\">Nota de prensa Encuentro paisajistas II<\/a><\/li><\/ul><\/div><\/div><\/div><\/div>","protected":false},"featured_media":14186,"parent":0,"template":"","meta":{"_acf_changed":false,"ngg_post_thumbnail":0,"footnotes":""},"actividad_tipo":[37],"actividad_lugar":[46],"actividad_departamento":[30],"actividad_ciclo":[],"class_list":["post-14185","fcm_actividad","type-fcm_actividad","status-publish","has-post-thumbnail","hentry","actividad_tipo-otras-actividades","actividad_lugar-lugar-fcm","actividad_departamento-departamento-de-conservacion-y-artes-plasticas"],"acf":[],"_links":{"self":[{"href":"https:\/\/ludiccc.ddns.net\/fr\/wp-json\/wp\/v2\/fcm_actividad\/14185","targetHints":{"allow":["GET"]}}],"collection":[{"href":"https:\/\/ludiccc.ddns.net\/fr\/wp-json\/wp\/v2\/fcm_actividad"}],"about":[{"href":"https:\/\/ludiccc.ddns.net\/fr\/wp-json\/wp\/v2\/types\/fcm_actividad"}],"version-history":[{"count":1,"href":"https:\/\/ludiccc.ddns.net\/fr\/wp-json\/wp\/v2\/fcm_actividad\/14185\/revisions"}],"predecessor-version":[{"id":26982,"href":"https:\/\/ludiccc.ddns.net\/fr\/wp-json\/wp\/v2\/fcm_actividad\/14185\/revisions\/26982"}],"wp:featuredmedia":[{"embeddable":true,"href":"https:\/\/ludiccc.ddns.net\/fr\/wp-json\/wp\/v2\/media\/14186"}],"wp:attachment":[{"href":"https:\/\/ludiccc.ddns.net\/fr\/wp-json\/wp\/v2\/media?parent=14185"}],"wp:term":[{"taxonomy":"actividad_tipo","embeddable":true,"href":"https:\/\/ludiccc.ddns.net\/fr\/wp-json\/wp\/v2\/actividad_tipo?post=14185"},{"taxonomy":"actividad_lugar","embeddable":true,"href":"https:\/\/ludiccc.ddns.net\/fr\/wp-json\/wp\/v2\/actividad_lugar?post=14185"},{"taxonomy":"actividad_departamento","embeddable":true,"href":"https:\/\/ludiccc.ddns.net\/fr\/wp-json\/wp\/v2\/actividad_departamento?post=14185"},{"taxonomy":"actividad_ciclo","embeddable":true,"href":"https:\/\/ludiccc.ddns.net\/fr\/wp-json\/wp\/v2\/actividad_ciclo?post=14185"}],"curies":[{"name":"wp","href":"https:\/\/api.w.org\/{rel}","templated":true}]}}

<div class="wp-block-columns fcm-page-migration-columns is-layout-flex wp-container-core-columns-is-layout-9d6595d7 wp-block-columns-is-layout-flex"><div class="wp-block-column is-layout-flow wp-block-column-is-layout-flow" style="flex-basis:66.66%"><figure class="wp-block-image size-full"><img width="135" height="100" src="https://fcm.local/wp-content/uploads/thmb_4822c220thmb_encpaisajistas02_135.jpg" class="wp-image-14186" alt="Encuentro de paisajistas europeos" loading="eager" decoding="async" /></figure>
<p>La economía y el paisaje están condenados a entenderse. Sin embargo, hasta ahora se ha impuesto el criterio de la primera, lo cual ha tenido en demasiadas ocasiones consecuencias nefastas para ambos, pues un modelo que no respeta la diversidad será además menos eficiente y duradero que uno que sí lo haga. Los paisajistas europeos que participan en la muestra <em>Grandes paisajes de Europa</em> de <st1:personname><st1:personname>la Fundación</st1:personname> César</st1:personname> Manrique (FCM) hicieron aflorar estas y otras ideas en el transcurso del debate celebrado en la sede de la FCM el 29 de febrero de 2008, en el marco de la exposición. Sus conclusiones, plasmadas en un documento ahora en fase de redacción, se elevarán a <st1:personname><st1:personname>la Comisión</st1:personname> Europea</st1:personname> para avivar la llama del diálogo alrededor de <st1:personname>la Convención Europea</st1:personname> del Paisaje, que en el caso de España entró en vigor el pasado uno de marzo, justo un día después de un cónclave de expertos que reunió a algunas de las más prestigiosas figuras europeas en este campo. <u1:p></u1:p></p>
<p>El gran capital galopa por Europa y el mundo como un caballo desbocado e indómito que no duda en pisotearlo todo a su paso. ¿Pero quién puede embridar a la bestia? “El problema es la desconexión entre la economía y las necesidades humanas, algo que los paisajistas deben resolver, pero tienen que hacerlo a contracorriente de la economía actual”, señala Lorette Coen, comisaria de la exposición y moderadora de la sesión de trabajo junto a Lisa Diedrich, especialista en arquitectura del paisaje. Coen recalca el “carácter cultural del paisaje” y la importancia de intervenir en él con “una visión a largo plazo”, dos conceptos que no siempre tienen silla en los consejos de administración. “Los proyectos que están aquí son excepcionales, pero en realidad son los que deberían ser siempre”, comenta en alusión a los trabajos que se pueden ver en <st1:personname><st1:personname>la Sala</st1:personname> José</st1:personname> Saramago de Arrecife y <st1:personname><st1:personname>la Sala</st1:personname> Manrique</st1:personname> del Taro de Tahíche. <u1:p></u1:p></p>
<p><strong><u>La fórmula<u1:p></u1:p></u></strong></p>
<p>Los paisajistas ponen sobre la mesa una pócima cuyos ingredientes son la racionalidad y el respeto al medio y que, además, no es en absoluto incompatible con el desarrollo económico y social. Ellos lo llaman “la lógica del paisaje”. Lisa Diedrich aporta más datos sobre los componentes de la fórmula. “Cuando uno respeta la lógica del paisaje desarrolla ciudades y entornos rurales más durables, eficaces económicamente y con mayor calidad de vida”, explica. En realidad, se está hablando de la más llana y pura sensatez: tener en cuenta los vientos dominantes, impulsar una jardinería en base a plantas autóctonas que no necesiten riegos ni tratamientos suplementarios, no construir en los cauces del agua… Sentido común. Es el camino para alcanzar la verdadera meta del paisajista y de una sociedad inteligente, es decir, “transformar un sitio para convertirlo en algo mejor”. <u1:p></u1:p></p>
<p>“Hay economías que destruyen paisajes”, recuerda Diedrich. Y asume que todavía queda mucho trabajo por hacer para evitar que esto siga ocurriendo. “Hay que buscar una manera de transportar estos valores al nivel político europeo, pero la conclusión es que es muy complicado estar frente a la economía. Pero no se puede aceptar todo. Hay que enfrentarse a ella y proponer modelos alternativos”, sentencia. Aquí se tropieza con otro obstáculo: la presión y la influencia del capital sobre la administración pública. <u1:p></u1:p></p>
<p>Georges Descombes, arquitecto del paisaje, profesor del Instituto de Arquitectura de <st1:personname>la Universidad</st1:personname> de Ginebra y redactor del proyecto para dar nueva vida al río Aire y a su ribera junto al Grupo ADR Arquitectos, saca a relucir su vehemencia y reivindica el poder de “decir no” a las iniciativas claramente insostenibles. El autodenominado “jardinero planetario”, Gilles Clément, que colaboró con Jean Nouvel en el Museo Quai de Branly de París, se muestra escéptico sobre la existencia de una voluntad generalizada de cambiar los parámetros de intervención en el paisaje. “No queremos cambiar nuestra economía, pero lo cierto es que hay que apostar por una economía basada en la protección de la diversidad”. <u1:p></u1:p></p>
<p>El galope del caballo desbocado ha dejado huellas dramáticas. Ha ocurrido en <st1:personname>la Lusacia</st1:personname> alemana, donde décadas de febril actividad minera han convertido <st1:metricconverter>500.000 hectáreas</st1:metricconverter> en un fantasmal retazo de la luna. Pero incluso en el horror puede germinar la belleza si se deja actuar a los paisajistas. Rolf Kuhn, profesor de <st1:personname><st1:personname>la Internationale</st1:personname> Bauausstellung</st1:personname>, dirige el mayor proyecto de regeneración paisajística de Europa, un trabajo hercúleo que quiere sanear, reforestar, convertir los cráteres en lagos y devolver la vitalidad a un espacio muerto. Kuhn abre una nueva puerta en el debate y deja bien claro que el equilibrio de fuerzas, al margen de deseable, es perfectamente posible. “Si planificamos bien, podemos desarrollar economía y paisaje creando nuevos valores al respecto, porque sólo podemos hacer feliz a la gente si se sienten cómodos donde viven”, dice. <u1:p></u1:p></p>
<p><strong><u> Paisaje y democracia<u1:p></u1:p></u></strong></p>
<p>Aquello que se extiende ante nosotros, más allá de una vista más o menos agradable, es también un reflejo de la forma que tienen los vecinos, empresarios e instituciones de relacionarse con su medio ambiente. Por lo tanto, arroja pistas fiables sobre su salud democrática. El director de <st1:personname>la FCM</st1:personname>, Fernando Gómez Aguilera, dejó en el aire esta cuestión en la bienvenida a los paisajistas. “En <st1:personname>la Fundación</st1:personname> estamos convencidos de que los paisajes de mala calidad producen ciudadanos de mala calidad y éstos malas democracias”, planteó. “No sólo hay que considerar los aspectos técnicos, sino los culturales. Una buena democracia se puede basar en un buen paisaje”, sostuvo también Lisa Diedrich. <u1:p></u1:p></p>
<p>El paisaje necesita sentir el latido de los ciudadanos. Paolo L. Bürgi, catedrático de Arquitectura del Paisaje por <st1:personname>la Universidad</st1:personname> de Filadelfia y autor del proyecto en la montaña Carcada (Locarno, Suiza), piensa que “a veces las cosas cambian porque una persona decide luchar por su ciudad”. “Cuando uno empieza a cuidar el paisaje urbano o rural en el que vive puede influir en la sociedad”, conviene Lisa Diedrich. La sensibilización ciudadana debe ser el principal motor del pretendido golpe de timón. “El sistema educativo en los países nórdicos anima a los niños a decir qué harían ellos para mejorar su pueblo. Así se logra involucrar a la población”, pone como ejemplo Peter Latz, Catedrático de Arquitectura del Paisaje y Planeamiento en Munich.<u1:p></u1:p></p>
<p>El loco deambular del capital prosigue. Los paisajistas han dado en Lanzarote un paso al frente para empezar a frenarlo.</p></div><div class="wp-block-column is-layout-flow wp-block-column-is-layout-flow" style="flex-basis:33.33%"><div class="wp-block-group detail-panel detail-media wp-block-group-"><div class="wp-block-group__inner-container is-layout-flow wp-block-group-is-layout-flow"><p><a href="https://fcmanrique.org/wp-content/uploads/47cd2e13thmb_encpaisajistas01_640.jpg"></a></p></div></div>
<div class="wp-block-group detail-panel detail-media wp-block-group-"><div class="wp-block-group__inner-container is-layout-flow wp-block-group-is-layout-flow"><ul class="wp-block-list"><li><a href="/recursos/actividad/4b86542cnota%20prensa%2006-08%20expo%20GPE%201.pdf" class="fcm-pdf-download-link">Nota Exposición Grandes Paisajes de Europa</a></li><li><a href="/recursos/actividad/4b865453nota%20prensa%2007-08%20expo%20GPE%202.pdf" class="fcm-pdf-download-link">Nota de prensa Encuentro paisajistas I</a></li><li><a href="/recursos/actividad/4b86546enota%20prensa%2008-08%20expo%20GPE%203.pdf" class="fcm-pdf-download-link">Nota de prensa Encuentro paisajistas II</a></li></ul></div></div></div></div>
