{"id":14150,"date":"2007-06-25T00:00:00","date_gmt":"2007-06-25T00:00:00","guid":{"rendered":"https:\/\/fcmanrique.org\/fcm-actividad\/en-un-quirofano-de-la-informacion-c\/"},"modified":"2026-04-23T23:19:30","modified_gmt":"2026-04-23T23:19:30","slug":"en-un-quirofano-de-la-informacion-c","status":"publish","type":"fcm_actividad","link":"https:\/\/ludiccc.ddns.net\/fr\/fcm-actividad\/en-un-quirofano-de-la-informacion-c\/","title":{"rendered":"Taller \u00abEn un quir\u00f3fano de la informaci\u00f3n. C\u00f3mo diseccionar y recomponer un ordenador\u00bb"},"content":{"rendered":"<div class=\"wp-block-columns fcm-page-migration-columns is-layout-flex wp-container-core-columns-is-layout-9d6595d7 wp-block-columns-is-layout-flex\"><div class=\"wp-block-column is-layout-flow wp-block-column-is-layout-flow\" style=\"flex-basis:66.66%\"><figure class=\"wp-block-image size-full\"><img width=\"135\" height=\"100\" src=\"https:\/\/fcm.local\/wp-content\/uploads\/thmb_46d7eba8thmb_tallerinfo04_135.jpg\" class=\"wp-image-14151\" alt=\"Taller \u00abEn un quir\u00f3fano de la informaci\u00f3n. C\u00f3mo diseccionar y recomponer un ordenador\u00bb\" loading=\"eager\" decoding=\"async\" \/><\/figure>\n<p>Del 25 al 29 de junio de 2007 tuvo lugar el taller <strong>\u201cEn un quir\u00f3fano de la informaci\u00f3n. C\u00f3mo diseccionar y recomponer un ordenador\u201d<\/strong>, dirigido por <strong>Carlos Mart\u00ednez Franco<\/strong>, compositor, productor y especialista en arte digital. <\/p>\n<p>El taller fue inaugurado por el director de Actividades Fundacionales de la FCM, Fernando G\u00f3mez Aguilera, que present\u00f3 esta actividad como la primera de una nueva l\u00ednea dentro del programa de la Fundaci\u00f3n, en la que tendr\u00e1n cabida nuevos talleres relacionados con la electr\u00f3nica, la m\u00fasica digital, y en general con las nuevas tecnolog\u00edas. <\/p>\n<p>Durante la primera sesi\u00f3n del taller, los asistentes completaron un test para ser posteriormente agrupados en funci\u00f3n de los conocimientos previos. Una vez divididos en grupos de 6, les fueron asignados cargos de cirujanos montadores, anestesistas, enfermeros circulantes, celadores y cirujanos desmontadores, cada uno con unas tareas espec\u00edficas para su quir\u00f3fano particular. <\/p>\n<p>Ya con el paciente (monitor, CPU, perif\u00e9ricos\u2026) en cada una de las mesas de operaciones, la primera jornada fue dedicada a explicar las diferentes piezas que conforman el interior de un ordenador: placa base, memoria RAM, tarjeta gr\u00e1fica, ventilador, disco duro, procesador\u2026, preparando el trabajo para los sucesivos d\u00edas. Las jornadas de martes y mi\u00e9rcoles fueron dedicadas a desmontar y recomponer por completo la CPU de un ordenador, identificando las diferentes piezas que la componen y conociendo las caracter\u00edsticas de cada una de ellas. <\/p>\n<p>Los dos \u00faltimos d\u00edas, ya con el ordenador montado, fueron dedicados a la instalaci\u00f3n del sistema operativo y del software necesarios para su funcionamiento, haciendo especial hincapi\u00e9 en la utilizaci\u00f3n de software libre. <\/p>\n<p>Durante las diferentes sesiones, cada grupo de trabajo fue elaborando su propio manual, con textos e im\u00e1genes tomadas durante el taller.<\/p><\/div><div class=\"wp-block-column is-layout-flow wp-block-column-is-layout-flow\" style=\"flex-basis:33.33%\"><div class=\"wp-block-group detail-panel detail-media wp-block-group-\"><div class=\"wp-block-group__inner-container is-layout-flow wp-block-group-is-layout-flow\"><p><a href=\"https:\/\/fcmanrique.org\/wp-content\/uploads\/469c80d5thmb_tallerinfo01_600.jpg\"><\/a><\/p><\/div><\/div><\/div><\/div>","protected":false},"featured_media":14151,"parent":0,"template":"","meta":{"_acf_changed":false,"ngg_post_thumbnail":0,"footnotes":""},"actividad_tipo":[35],"actividad_lugar":[46],"actividad_departamento":[31],"actividad_ciclo":[],"class_list":["post-14150","fcm_actividad","type-fcm_actividad","status-publish","has-post-thumbnail","hentry","actividad_tipo-cursos-y-talleres","actividad_lugar-lugar-fcm","actividad_departamento-departamento-de-programas-culturales"],"acf":[],"_links":{"self":[{"href":"https:\/\/ludiccc.ddns.net\/fr\/wp-json\/wp\/v2\/fcm_actividad\/14150","targetHints":{"allow":["GET"]}}],"collection":[{"href":"https:\/\/ludiccc.ddns.net\/fr\/wp-json\/wp\/v2\/fcm_actividad"}],"about":[{"href":"https:\/\/ludiccc.ddns.net\/fr\/wp-json\/wp\/v2\/types\/fcm_actividad"}],"version-history":[{"count":3,"href":"https:\/\/ludiccc.ddns.net\/fr\/wp-json\/wp\/v2\/fcm_actividad\/14150\/revisions"}],"predecessor-version":[{"id":27073,"href":"https:\/\/ludiccc.ddns.net\/fr\/wp-json\/wp\/v2\/fcm_actividad\/14150\/revisions\/27073"}],"wp:featuredmedia":[{"embeddable":true,"href":"https:\/\/ludiccc.ddns.net\/fr\/wp-json\/wp\/v2\/media\/14151"}],"wp:attachment":[{"href":"https:\/\/ludiccc.ddns.net\/fr\/wp-json\/wp\/v2\/media?parent=14150"}],"wp:term":[{"taxonomy":"actividad_tipo","embeddable":true,"href":"https:\/\/ludiccc.ddns.net\/fr\/wp-json\/wp\/v2\/actividad_tipo?post=14150"},{"taxonomy":"actividad_lugar","embeddable":true,"href":"https:\/\/ludiccc.ddns.net\/fr\/wp-json\/wp\/v2\/actividad_lugar?post=14150"},{"taxonomy":"actividad_departamento","embeddable":true,"href":"https:\/\/ludiccc.ddns.net\/fr\/wp-json\/wp\/v2\/actividad_departamento?post=14150"},{"taxonomy":"actividad_ciclo","embeddable":true,"href":"https:\/\/ludiccc.ddns.net\/fr\/wp-json\/wp\/v2\/actividad_ciclo?post=14150"}],"curies":[{"name":"wp","href":"https:\/\/api.w.org\/{rel}","templated":true}]}}

Taller «En un quirófano de la información. Cómo diseccionar y recomponer un ordenador»

<div class="wp-block-columns fcm-page-migration-columns is-layout-flex wp-container-core-columns-is-layout-9d6595d7 wp-block-columns-is-layout-flex"><div class="wp-block-column is-layout-flow wp-block-column-is-layout-flow" style="flex-basis:66.66%"><figure class="wp-block-image size-full"><img width="135" height="100" src="https://fcm.local/wp-content/uploads/thmb_46d7eba8thmb_tallerinfo04_135.jpg" class="wp-image-14151" alt="Taller «En un quirófano de la información. Cómo diseccionar y recomponer un ordenador»" loading="eager" decoding="async" /></figure>
<p>Del 25 al 29 de junio de 2007 tuvo lugar el taller <strong>“En un quirófano de la información. Cómo diseccionar y recomponer un ordenador”</strong>, dirigido por <strong>Carlos Martínez Franco</strong>, compositor, productor y especialista en arte digital. </p>
<p>El taller fue inaugurado por el director de Actividades Fundacionales de la FCM, Fernando Gómez Aguilera, que presentó esta actividad como la primera de una nueva línea dentro del programa de la Fundación, en la que tendrán cabida nuevos talleres relacionados con la electrónica, la música digital, y en general con las nuevas tecnologías. </p>
<p>Durante la primera sesión del taller, los asistentes completaron un test para ser posteriormente agrupados en función de los conocimientos previos. Una vez divididos en grupos de 6, les fueron asignados cargos de cirujanos montadores, anestesistas, enfermeros circulantes, celadores y cirujanos desmontadores, cada uno con unas tareas específicas para su quirófano particular. </p>
<p>Ya con el paciente (monitor, CPU, periféricos…) en cada una de las mesas de operaciones, la primera jornada fue dedicada a explicar las diferentes piezas que conforman el interior de un ordenador: placa base, memoria RAM, tarjeta gráfica, ventilador, disco duro, procesador…, preparando el trabajo para los sucesivos días. Las jornadas de martes y miércoles fueron dedicadas a desmontar y recomponer por completo la CPU de un ordenador, identificando las diferentes piezas que la componen y conociendo las características de cada una de ellas. </p>
<p>Los dos últimos días, ya con el ordenador montado, fueron dedicados a la instalación del sistema operativo y del software necesarios para su funcionamiento, haciendo especial hincapié en la utilización de software libre. </p>
<p>Durante las diferentes sesiones, cada grupo de trabajo fue elaborando su propio manual, con textos e imágenes tomadas durante el taller.</p></div><div class="wp-block-column is-layout-flow wp-block-column-is-layout-flow" style="flex-basis:33.33%"><div class="wp-block-group detail-panel detail-media wp-block-group-"><div class="wp-block-group__inner-container is-layout-flow wp-block-group-is-layout-flow"><p><a href="https://fcmanrique.org/wp-content/uploads/469c80d5thmb_tallerinfo01_600.jpg"></a></p></div></div></div></div>
