{"id":14131,"date":"2007-05-16T00:00:00","date_gmt":"2007-05-16T00:00:00","guid":{"rendered":"https:\/\/fcmanrique.org\/fcm-actividad\/urbanismo-para-naufragos\/"},"modified":"2026-04-23T23:19:30","modified_gmt":"2026-04-23T23:19:30","slug":"urbanismo-para-naufragos","status":"publish","type":"fcm_actividad","link":"https:\/\/ludiccc.ddns.net\/fr\/fcm-actividad\/urbanismo-para-naufragos\/","title":{"rendered":"Taller \u00abUrbanismo para n\u00e1ufragos\u00bb"},"content":{"rendered":"<div class=\"wp-block-columns fcm-page-migration-columns is-layout-flex wp-container-core-columns-is-layout-9d6595d7 wp-block-columns-is-layout-flex\"><div class=\"wp-block-column is-layout-flow wp-block-column-is-layout-flow\" style=\"flex-basis:66.66%\"><figure class=\"wp-block-image size-full\"><img fetchpriority=\"high\" width=\"400\" height=\"340\" src=\"https:\/\/fcm.local\/wp-content\/uploads\/fc-manrique-taller-urbanismo-para-naufragos.jpg\" class=\"wp-image-24748\" alt=\"Taller \u00abUrbanismo para n\u00e1ufragos\u00bb\" loading=\"eager\" decoding=\"async\" srcset=\"https:\/\/fcm.local\/wp-content\/uploads\/fc-manrique-taller-urbanismo-para-naufragos.jpg 400w, https:\/\/fcm.local\/wp-content\/uploads\/fc-manrique-taller-urbanismo-para-naufragos-300x255.jpg 300w, https:\/\/fcm.local\/wp-content\/uploads\/fc-manrique-taller-urbanismo-para-naufragos-289x246.jpg 289w\" sizes=\"(max-width: 400px) 100vw, 400px\" \/><\/figure>\n<p>Un planteamiento urban\u00edstico solidario y \u00fatil que sepa integrar todas las peculiaridades y los conflictos que suceden en las ciudades bajo el marco com\u00fan de los derechos humanos. Esa fue la base de las propuestas que se expusieron en el taller que organiz\u00f3 la FCM los d\u00edas 16 y 17 de mayo y que estuvo dirigido por los arquitectos y profesores Manuel Saravia y Pablo Gigosos.  El propio t\u00edtulo del curso, <strong>\u201cUrbanismo para n\u00e1ufragos\u201d<\/strong>, hace alusi\u00f3n a los que se sienten completamente ajenos a su entorno urbano y a las maneras arquitect\u00f3nicas que fomentan la exclusi\u00f3n de amplios segmentos de la poblaci\u00f3n \u2014especialmente las clases de menores recursos econ\u00f3micos\u2014, creando verdaderos \u201cn\u00e1ufragos\u201d del proyecto de convivencia colectiva que obligatoriamente se da en las ciudades. El seminario estaba organizado en torno a cuatro parejas de derechos: movilidad-seguridad, salud-medioambiente, trabajo-seguridad social y vivienda-espacio p\u00fablico. El proyecto de <strong>Saravia<\/strong> y <strong>Gigosos<\/strong> pasa por la asunci\u00f3n de que \u201clos derechos humanos deben ser el primer criterio\u201d para conseguir una pr\u00e1ctica urban\u00edstica renovada. Cada binomio de derechos se asoci\u00f3 a un concepto filos\u00f3fico y pol\u00edtico: libertad, igualdad, fraternidad y responsabilidad. Partiendo de la idea de que es necesaria la cr\u00edtica moral y social del urbanismo, el debate te\u00f3rico tambi\u00e9n se acompa\u00f1\u00f3 del comentario de iniciativas y proyectos espec\u00edficos de multitud de ciudades del mundo. Las referencias intelectuales del discurso no se quedaron exclusivamente en la arquitectura, sino que tambi\u00e9n tuvieron cabida citas literarias, art\u00edsticas o cinematogr\u00e1ficas. La crisis del paradigma urban\u00edstico actual fue el punto de partida del taller. \u201cLa ciudad se est\u00e1 haciendo de forma mec\u00e1nica y banal\u201d argument\u00f3 Manuel Saravia, al tiempo que critic\u00f3 la estandarizaci\u00f3n planetaria del mismo modelo err\u00f3neo de pensar el espacio urbano. En la presentaci\u00f3n del curso, Fernando G. Aguilera propuso como principal prioridad la tarea de \u201ccivilizar la ciudad para lograr que el protagonista no sea el mercado, sino el hombre\u201d, con el objetivo de que en la ciudad \u201cnos sintamos personas y no clientes\u201d. El recorrido por las cuatro parejas de derechos que articularon las dos jornadas comenz\u00f3 por la movilidad y la seguridad. Las soluciones que en estos campos expusieron Saravia y Gigosos recog\u00edan la creaci\u00f3n de nuevas v\u00edas peatonales y un replanteamiento de los sistemas de comunicaci\u00f3n en la ciudad que rebaje el peso del coche en favor del transporte p\u00fablico. Igualmente, la f\u00f3rmula de desintalar, es decir, de retirar infraestructuras superfluas, fue comentada como un recurso v\u00e1lido que cada vez es m\u00e1s usado. Pablo Gigosos habl\u00f3 de dos derechos relacionados con la planificaci\u00f3n territorial, el de la salud y el del medio ambiente, que han sido hist\u00f3ricamente ignorados, pero que poco a poco han ido ganando peso en la toma de decisiones. En este \u00e1mbito, la p\u00e9rdida de paisajes, la falta de servicios b\u00e1sicos, las intervenciones agresivas con el medio o las desastrosas condiciones higi\u00e9nicas de las zonas suburbiales fueron algunas de las problem\u00e1ticas tratadas. Gigosos record\u00f3 que hay que cambiar la concepci\u00f3n inicial para darse cuenta de que \u201clas ciudades no son el problema, sino la soluci\u00f3n\u201d. Sobre las \u00e1reas del trabajo y la seguridad social se trataron temas relacionados con la preparaci\u00f3n de los espacios para la din\u00e1mica laboral o los fallos y carencias que se dan en los planes sanitarios, educativos o sociales. Gigosos y Saravia destacaron que se debe priorizar el inter\u00e9s general en la planificaci\u00f3n de la ciudad y abogaron por la verdadera \u201cuniversalizaci\u00f3n de los equipamientos universales\u201d. Su postura rechaza el urbanismo \u201cque se ha olvidado de los servicios y de la coordinaci\u00f3n de centros sociales\u201d y que concibe los edificios p\u00fablicos solo desde la t\u00e1ctica del espect\u00e1culo vac\u00edo de contenido. Manuel Saravia apunt\u00f3 que este debilitamiento de lo p\u00fablico est\u00e1 relacionado con \u201cel acoso que desde hace a\u00f1os recibe el estado del bienestar\u201d. El problema de la vivienda se coment\u00f3 partiendo del contexto europeo y su comparaci\u00f3n con el de Espa\u00f1a. La precaria situaci\u00f3n del derecho a un hogar digno que tiene todo ciudadano parte, seg\u00fan Gigosos, de la forma de desarrollar y pensar las pol\u00edticas urban\u00edsticas: \u00ab\u00a0el problema no es de escasez de viviendas sino de escasez de ciudades\u00a0\u00bb. Frente al desarrollismo sin sentido, los arquitectos que impartieron el taller apostaron por rehabilitar antiguos edificios y zonas y favorecer la mezcla equilibrada entre los nuevos espacios y los ya establecidos. Su idea central era la de la \u00ab\u00a0constelaci\u00f3n\u00a0\u00bb, entendiendo este t\u00e9rmino como una f\u00f3rmula pensada para desarrollar \u201cm\u00faltiples actuaciones de peque\u00f1as dimensiones que permitan lograr una integraci\u00f3n equilibrada\u201d. Avanzando en el siglo XXI, y cuando ya m\u00e1s del 50% de humanidad vive en n\u00facleos urbanos, Manuel Saravia y Pablo Gigosos proponen un urbanismo para los excluidos de las ciudades de hoy. Esa gran mayor\u00eda que necesita un planeamiento territorial dialogante y abierto; mestizo y no agobiante; equilibrado y justo. Un nuevo urbanismo que desde los derechos humanos logre la conquista social y cultural del derecho a la ciudad.<\/p>\n\n<div> <p><strong>Manuel Saravia Madrigal<\/strong> es arquitecto y profesor titular de Urbanismo en la Escuela de Valladolid. Fue arquitecto municipal y provincial de Valladolid (1981-1986) y director del Centro Buend\u00eda de la Universidad de Valladolid. <\/p> <p><strong>Pablo Gigosos P\u00e9rez<\/strong> es igualmente arquitecto por la Escuela de Barcelona, especialidad en Urbanismo. Ha sido profesor de Urbanismo en las Escuelas de Arquitectura del Vall\u00e9s (Barcelona) y Valladolid. Actualmente, es Jefe del Servicio de Obras del Ayuntamiento de Valladolid. <\/p> <p>Ambos tienen amplia experiencia pr\u00e1ctica en planeamiento urban\u00edstico (planes generales de Valladolid, Le\u00f3n, Vigo, Segovia, etc.; planes parciales y especiales en numerosas ciudades de Castilla y Le\u00f3n y Catalu\u00f1a). Tambi\u00e9n han realizado trabajos de urbanizaci\u00f3n (ordenaci\u00f3n y urbanizaci\u00f3n del nuevo campus de la Universidad de Valladolid, del recinto ferial, de los bordes y cauce del r\u00edo Esgueva y de numerosas calles, plazas y parques de la misma ciudad, tanto del centro como de la periferia y barrios. Tambi\u00e9n han desarrollado trabajos de urbanizaci\u00f3n en otras ciudades castellanas). Han estado presentes, como profesores o ponentes, en Mil\u00e1n, Roma, Quito, San Crist\u00f3bal de T\u00e1chira, Bogot\u00e1, Guadalajara (M\u00e9xico), Puebla y un buen n\u00famero de ciudades espa\u00f1olas. <\/p> <p>P. Gigosos es autor del proyecto de algunos edificios municipales de equipamiento en Valladolid (polideportivos cubiertos, parque de bomberos, centros c\u00edvicos, etc.). M. Saravia, por su parte, ha coordinado en los \u00faltimos a\u00f1os una exposici\u00f3n sobre ciudad y derechos humanos titulada La ciudad en ciernes (con la colaboraci\u00f3n de Gracia Querejeta, Lucrecia Martel, Chus Guti\u00e9rrez, Miguel Albaladejo, Joaquim Jord\u00e0 y Pedro Barbadillo), que se ha llevado en 2006 y 2007 a Bogot\u00e1, Vancouver (en el marco del World Urban Forum), Zaragoza, Valladolid y Madrid. Tambi\u00e9n ha dirigido, sobre el mismo tema, en 2006, un Foro de Bogot\u00e1 (con m\u00e1s de 30 participantes de diez pa\u00edses latinoamericanos), y un Foro de Zaragoza (organizado por el Consejo Superior de Colegios de Arquitectos de Espa\u00f1a). <\/p> <p>Ambos son autores de Arquitectura y urbanismo de Valladolid en el siglo XX (Valladolid, Ateneo, 1997), y El surtido de aguas a Valladolid: de la concesi\u00f3n a la municipalizaci\u00f3n (1864-1959) (Ayuntamiento de Valladolid, 1998). Y, con Rosario del Caz, de Ciudades civilizadas. Lecciones de urbanismo (Escuela de Valladolid, 1999), La ciudad y los derechos humanos. Una modesta proposici\u00f3n sobre los derechos humanos y la pr\u00e1ctica urban\u00edstica (Madrid, Talasa, 2002) y Planes parciales residenciales. Manual profesional (Junta de Castilla y Le\u00f3n y Colegios de Arquitectos de Le\u00f3n y Castilla y Le\u00f3n Este, 2004). Tambi\u00e9n son autores de la voz \u201cUrbanismo del siglo XXI\u201d de la Enciclopedia Durvan (Bilbao, 2000), y coordinadores de un n\u00famero monogr\u00e1fico de la Revista de Occidente, titulado \u201cEl retorno de la ciudad: Elogio del urbanismo\u201d, (N\u00ba 275, abril 2004).<\/p> En 1996 pusieron en marcha la revista de estudios sobre las ciudades Dos dos, de la que solo aparecieron&#8230; dos n\u00fameros: el primero, sobre La ciudad banal (1996) y el segundo, sobre Hospitalidad (1997); y m\u00e1s tarde promotores del C\u00edrculo de Ecolog\u00eda Urbana y de los Informes de Valladolid (sobre ciudad, urbanismo y derechos humanos: <a href=\"http:\/\/www.ciudad-derechos.org\">www.ciudad-derechos.org<\/a>). En los \u00faltimos a\u00f1os han publicado art\u00edculos en Arquitectura Viva, Archipi\u00e9lago, El Ecologista, Queensland Planner, Revista de derecho urban\u00edstico y medio ambiente, P\u00e1gina abierta, Perspectivas urbanas\/Urban Perspectives e Ingenier\u00eda y territorio, adem\u00e1s de numerosas colaboraciones en la prensa diaria de Valladolid (y en alg\u00fan caso en la de Madrid y Valencia). <strong>Presentaci\u00f3n del libro, el 22 de abril de 2010, en la Sala Saramago: <\/strong><a href=\"https:\/\/fcmanrique.org\/fcm-actividad\/el-urbanismo-b-frente-al-urbanismo\/?cpg=4\" target=\"_blank\" rel=\"noopener\">Acto de presentaci\u00f3n<\/a> <strong>Publicaci\u00f3n del ensayo:<\/strong> <a href=\"https:\/\/fcmanrique.org\/fcm-publicacion\/urbanismo-para-naufragos-recomendaciones-sobre-planeamiento-y-diseno-urbano\/?cpg=2\" target=\"_blank\" rel=\"noopener\">Urbanismo para n\u00e1ufragos<\/a> <\/div>\n<\/div><div class=\"wp-block-column is-layout-flow wp-block-column-is-layout-flow\" style=\"flex-basis:33.33%\"><div class=\"wp-block-group detail-panel detail-media wp-block-group-\"><div class=\"wp-block-group__inner-container is-layout-flow wp-block-group-is-layout-flow\"><p><a href=\"https:\/\/fcmanrique.org\/wp-content\/uploads\/469c97c8thmb_tallersaravia03_600.jpg\"><\/a><\/p><\/div><\/div>\n<div class=\"wp-block-group detail-panel detail-media wp-block-group-\"><div class=\"wp-block-group__inner-container is-layout-flow wp-block-group-is-layout-flow\"><ul class=\"wp-block-list\"><li><a href=\"\/recursos\/actividad\/4d5140b5dipticourbanismopnaufragos.pdf\" class=\"fcm-pdf-download-link\">D\u00edptico del taller<\/a><\/li><\/ul><\/div><\/div><\/div><\/div>","protected":false},"featured_media":24748,"parent":0,"template":"","meta":{"_acf_changed":false,"ngg_post_thumbnail":0,"footnotes":""},"actividad_tipo":[35],"actividad_lugar":[46],"actividad_departamento":[29],"actividad_ciclo":[],"class_list":["post-14131","fcm_actividad","type-fcm_actividad","status-publish","has-post-thumbnail","hentry","actividad_tipo-cursos-y-talleres","actividad_lugar-lugar-fcm","actividad_departamento-departamento-de-territorio-y-medio-ambiente"],"acf":[],"_links":{"self":[{"href":"https:\/\/ludiccc.ddns.net\/fr\/wp-json\/wp\/v2\/fcm_actividad\/14131","targetHints":{"allow":["GET"]}}],"collection":[{"href":"https:\/\/ludiccc.ddns.net\/fr\/wp-json\/wp\/v2\/fcm_actividad"}],"about":[{"href":"https:\/\/ludiccc.ddns.net\/fr\/wp-json\/wp\/v2\/types\/fcm_actividad"}],"version-history":[{"count":5,"href":"https:\/\/ludiccc.ddns.net\/fr\/wp-json\/wp\/v2\/fcm_actividad\/14131\/revisions"}],"predecessor-version":[{"id":27079,"href":"https:\/\/ludiccc.ddns.net\/fr\/wp-json\/wp\/v2\/fcm_actividad\/14131\/revisions\/27079"}],"wp:featuredmedia":[{"embeddable":true,"href":"https:\/\/ludiccc.ddns.net\/fr\/wp-json\/wp\/v2\/media\/24748"}],"wp:attachment":[{"href":"https:\/\/ludiccc.ddns.net\/fr\/wp-json\/wp\/v2\/media?parent=14131"}],"wp:term":[{"taxonomy":"actividad_tipo","embeddable":true,"href":"https:\/\/ludiccc.ddns.net\/fr\/wp-json\/wp\/v2\/actividad_tipo?post=14131"},{"taxonomy":"actividad_lugar","embeddable":true,"href":"https:\/\/ludiccc.ddns.net\/fr\/wp-json\/wp\/v2\/actividad_lugar?post=14131"},{"taxonomy":"actividad_departamento","embeddable":true,"href":"https:\/\/ludiccc.ddns.net\/fr\/wp-json\/wp\/v2\/actividad_departamento?post=14131"},{"taxonomy":"actividad_ciclo","embeddable":true,"href":"https:\/\/ludiccc.ddns.net\/fr\/wp-json\/wp\/v2\/actividad_ciclo?post=14131"}],"curies":[{"name":"wp","href":"https:\/\/api.w.org\/{rel}","templated":true}]}}

Taller «Urbanismo para náufragos»

<div class="wp-block-columns fcm-page-migration-columns is-layout-flex wp-container-core-columns-is-layout-9d6595d7 wp-block-columns-is-layout-flex"><div class="wp-block-column is-layout-flow wp-block-column-is-layout-flow" style="flex-basis:66.66%"><figure class="wp-block-image size-full"><img fetchpriority="high" width="400" height="340" src="https://fcm.local/wp-content/uploads/fc-manrique-taller-urbanismo-para-naufragos.jpg" class="wp-image-24748" alt="Taller «Urbanismo para náufragos»" loading="eager" decoding="async" srcset="https://fcm.local/wp-content/uploads/fc-manrique-taller-urbanismo-para-naufragos.jpg 400w, https://fcm.local/wp-content/uploads/fc-manrique-taller-urbanismo-para-naufragos-300x255.jpg 300w, https://fcm.local/wp-content/uploads/fc-manrique-taller-urbanismo-para-naufragos-289x246.jpg 289w" sizes="(max-width: 400px) 100vw, 400px" /></figure>
<p>Un planteamiento urbanístico solidario y útil que sepa integrar todas las peculiaridades y los conflictos que suceden en las ciudades bajo el marco común de los derechos humanos. Esa fue la base de las propuestas que se expusieron en el taller que organizó la FCM los días 16 y 17 de mayo y que estuvo dirigido por los arquitectos y profesores Manuel Saravia y Pablo Gigosos.  El propio título del curso, <strong>“Urbanismo para náufragos”</strong>, hace alusión a los que se sienten completamente ajenos a su entorno urbano y a las maneras arquitectónicas que fomentan la exclusión de amplios segmentos de la población —especialmente las clases de menores recursos económicos—, creando verdaderos “náufragos” del proyecto de convivencia colectiva que obligatoriamente se da en las ciudades. El seminario estaba organizado en torno a cuatro parejas de derechos: movilidad-seguridad, salud-medioambiente, trabajo-seguridad social y vivienda-espacio público. El proyecto de <strong>Saravia</strong> y <strong>Gigosos</strong> pasa por la asunción de que “los derechos humanos deben ser el primer criterio” para conseguir una práctica urbanística renovada. Cada binomio de derechos se asoció a un concepto filosófico y político: libertad, igualdad, fraternidad y responsabilidad. Partiendo de la idea de que es necesaria la crítica moral y social del urbanismo, el debate teórico también se acompañó del comentario de iniciativas y proyectos específicos de multitud de ciudades del mundo. Las referencias intelectuales del discurso no se quedaron exclusivamente en la arquitectura, sino que también tuvieron cabida citas literarias, artísticas o cinematográficas. La crisis del paradigma urbanístico actual fue el punto de partida del taller. “La ciudad se está haciendo de forma mecánica y banal” argumentó Manuel Saravia, al tiempo que criticó la estandarización planetaria del mismo modelo erróneo de pensar el espacio urbano. En la presentación del curso, Fernando G. Aguilera propuso como principal prioridad la tarea de “civilizar la ciudad para lograr que el protagonista no sea el mercado, sino el hombre”, con el objetivo de que en la ciudad “nos sintamos personas y no clientes”. El recorrido por las cuatro parejas de derechos que articularon las dos jornadas comenzó por la movilidad y la seguridad. Las soluciones que en estos campos expusieron Saravia y Gigosos recogían la creación de nuevas vías peatonales y un replanteamiento de los sistemas de comunicación en la ciudad que rebaje el peso del coche en favor del transporte público. Igualmente, la fórmula de desintalar, es decir, de retirar infraestructuras superfluas, fue comentada como un recurso válido que cada vez es más usado. Pablo Gigosos habló de dos derechos relacionados con la planificación territorial, el de la salud y el del medio ambiente, que han sido históricamente ignorados, pero que poco a poco han ido ganando peso en la toma de decisiones. En este ámbito, la pérdida de paisajes, la falta de servicios básicos, las intervenciones agresivas con el medio o las desastrosas condiciones higiénicas de las zonas suburbiales fueron algunas de las problemáticas tratadas. Gigosos recordó que hay que cambiar la concepción inicial para darse cuenta de que “las ciudades no son el problema, sino la solución”. Sobre las áreas del trabajo y la seguridad social se trataron temas relacionados con la preparación de los espacios para la dinámica laboral o los fallos y carencias que se dan en los planes sanitarios, educativos o sociales. Gigosos y Saravia destacaron que se debe priorizar el interés general en la planificación de la ciudad y abogaron por la verdadera “universalización de los equipamientos universales”. Su postura rechaza el urbanismo “que se ha olvidado de los servicios y de la coordinación de centros sociales” y que concibe los edificios públicos solo desde la táctica del espectáculo vacío de contenido. Manuel Saravia apuntó que este debilitamiento de lo público está relacionado con “el acoso que desde hace años recibe el estado del bienestar”. El problema de la vivienda se comentó partiendo del contexto europeo y su comparación con el de España. La precaria situación del derecho a un hogar digno que tiene todo ciudadano parte, según Gigosos, de la forma de desarrollar y pensar las políticas urbanísticas: « el problema no es de escasez de viviendas sino de escasez de ciudades ». Frente al desarrollismo sin sentido, los arquitectos que impartieron el taller apostaron por rehabilitar antiguos edificios y zonas y favorecer la mezcla equilibrada entre los nuevos espacios y los ya establecidos. Su idea central era la de la « constelación », entendiendo este término como una fórmula pensada para desarrollar “múltiples actuaciones de pequeñas dimensiones que permitan lograr una integración equilibrada”. Avanzando en el siglo XXI, y cuando ya más del 50% de humanidad vive en núcleos urbanos, Manuel Saravia y Pablo Gigosos proponen un urbanismo para los excluidos de las ciudades de hoy. Esa gran mayoría que necesita un planeamiento territorial dialogante y abierto; mestizo y no agobiante; equilibrado y justo. Un nuevo urbanismo que desde los derechos humanos logre la conquista social y cultural del derecho a la ciudad.</p>

<div> <p><strong>Manuel Saravia Madrigal</strong> es arquitecto y profesor titular de Urbanismo en la Escuela de Valladolid. Fue arquitecto municipal y provincial de Valladolid (1981-1986) y director del Centro Buendía de la Universidad de Valladolid. </p> <p><strong>Pablo Gigosos Pérez</strong> es igualmente arquitecto por la Escuela de Barcelona, especialidad en Urbanismo. Ha sido profesor de Urbanismo en las Escuelas de Arquitectura del Vallés (Barcelona) y Valladolid. Actualmente, es Jefe del Servicio de Obras del Ayuntamiento de Valladolid. </p> <p>Ambos tienen amplia experiencia práctica en planeamiento urbanístico (planes generales de Valladolid, León, Vigo, Segovia, etc.; planes parciales y especiales en numerosas ciudades de Castilla y León y Cataluña). También han realizado trabajos de urbanización (ordenación y urbanización del nuevo campus de la Universidad de Valladolid, del recinto ferial, de los bordes y cauce del río Esgueva y de numerosas calles, plazas y parques de la misma ciudad, tanto del centro como de la periferia y barrios. También han desarrollado trabajos de urbanización en otras ciudades castellanas). Han estado presentes, como profesores o ponentes, en Milán, Roma, Quito, San Cristóbal de Táchira, Bogotá, Guadalajara (México), Puebla y un buen número de ciudades españolas. </p> <p>P. Gigosos es autor del proyecto de algunos edificios municipales de equipamiento en Valladolid (polideportivos cubiertos, parque de bomberos, centros cívicos, etc.). M. Saravia, por su parte, ha coordinado en los últimos años una exposición sobre ciudad y derechos humanos titulada La ciudad en ciernes (con la colaboración de Gracia Querejeta, Lucrecia Martel, Chus Gutiérrez, Miguel Albaladejo, Joaquim Jordà y Pedro Barbadillo), que se ha llevado en 2006 y 2007 a Bogotá, Vancouver (en el marco del World Urban Forum), Zaragoza, Valladolid y Madrid. También ha dirigido, sobre el mismo tema, en 2006, un Foro de Bogotá (con más de 30 participantes de diez países latinoamericanos), y un Foro de Zaragoza (organizado por el Consejo Superior de Colegios de Arquitectos de España). </p> <p>Ambos son autores de Arquitectura y urbanismo de Valladolid en el siglo XX (Valladolid, Ateneo, 1997), y El surtido de aguas a Valladolid: de la concesión a la municipalización (1864-1959) (Ayuntamiento de Valladolid, 1998). Y, con Rosario del Caz, de Ciudades civilizadas. Lecciones de urbanismo (Escuela de Valladolid, 1999), La ciudad y los derechos humanos. Una modesta proposición sobre los derechos humanos y la práctica urbanística (Madrid, Talasa, 2002) y Planes parciales residenciales. Manual profesional (Junta de Castilla y León y Colegios de Arquitectos de León y Castilla y León Este, 2004). También son autores de la voz “Urbanismo del siglo XXI” de la Enciclopedia Durvan (Bilbao, 2000), y coordinadores de un número monográfico de la Revista de Occidente, titulado “El retorno de la ciudad: Elogio del urbanismo”, (Nº 275, abril 2004).</p> En 1996 pusieron en marcha la revista de estudios sobre las ciudades Dos dos, de la que solo aparecieron&#8230; dos números: el primero, sobre La ciudad banal (1996) y el segundo, sobre Hospitalidad (1997); y más tarde promotores del Círculo de Ecología Urbana y de los Informes de Valladolid (sobre ciudad, urbanismo y derechos humanos: <a href="http://www.ciudad-derechos.org">www.ciudad-derechos.org</a>). En los últimos años han publicado artículos en Arquitectura Viva, Archipiélago, El Ecologista, Queensland Planner, Revista de derecho urbanístico y medio ambiente, Página abierta, Perspectivas urbanas/Urban Perspectives e Ingeniería y territorio, además de numerosas colaboraciones en la prensa diaria de Valladolid (y en algún caso en la de Madrid y Valencia). <strong>Presentación del libro, el 22 de abril de 2010, en la Sala Saramago: </strong><a href="https://fcmanrique.org/fcm-actividad/el-urbanismo-b-frente-al-urbanismo/?cpg=4" target="_blank" rel="noopener">Acto de presentación</a> <strong>Publicación del ensayo:</strong> <a href="https://fcmanrique.org/fcm-publicacion/urbanismo-para-naufragos-recomendaciones-sobre-planeamiento-y-diseno-urbano/?cpg=2" target="_blank" rel="noopener">Urbanismo para náufragos</a> </div>
</div><div class="wp-block-column is-layout-flow wp-block-column-is-layout-flow" style="flex-basis:33.33%"><div class="wp-block-group detail-panel detail-media wp-block-group-"><div class="wp-block-group__inner-container is-layout-flow wp-block-group-is-layout-flow"><p><a href="https://fcmanrique.org/wp-content/uploads/469c97c8thmb_tallersaravia03_600.jpg"></a></p></div></div>
<div class="wp-block-group detail-panel detail-media wp-block-group-"><div class="wp-block-group__inner-container is-layout-flow wp-block-group-is-layout-flow"><ul class="wp-block-list"><li><a href="/recursos/actividad/4d5140b5dipticourbanismopnaufragos.pdf" class="fcm-pdf-download-link">Díptico del taller</a></li></ul></div></div></div></div>
