{"id":14114,"date":"2007-03-15T00:00:00","date_gmt":"2007-03-15T00:00:00","guid":{"rendered":"https:\/\/fcmanrique.org\/fcm-actividad\/joaquin-araujo-etica-y-estetica-de\/"},"modified":"2026-04-23T23:19:20","modified_gmt":"2026-04-23T23:19:20","slug":"joaquin-araujo-etica-y-estetica-de","status":"publish","type":"fcm_actividad","link":"https:\/\/ludiccc.ddns.net\/fr\/fcm-actividad\/joaquin-araujo-etica-y-estetica-de\/","title":{"rendered":"Joaqu\u00edn Ara\u00fajo. <em>\u00c9tica y est\u00e9tica de la vivacidad<\/em>"},"content":{"rendered":"<div class=\"wp-block-columns fcm-page-migration-columns is-layout-flex wp-container-core-columns-is-layout-9d6595d7 wp-block-columns-is-layout-flex\"><div class=\"wp-block-column is-layout-flow wp-block-column-is-layout-flow\" style=\"flex-basis:66.66%\"><figure class=\"wp-block-image size-full\"><img width=\"135\" height=\"100\" src=\"https:\/\/fcm.local\/wp-content\/uploads\/thmb_araujo02_135.jpg\" class=\"wp-image-14115\" alt=\"Joaqu\u00edn Ara\u00fajo. \u00c9tica y est\u00e9tica de la vivacidad\" loading=\"eager\" decoding=\"async\" \/><\/figure>\n<p>El 15 de marzo de 2007, Joaqu\u00edn Ara\u00fajo pronunci\u00f3 la conferencia <em>\u00c9tica y est\u00e9tica de la vivacidad<\/em>, con la que la FCM inaugur\u00f3 la actividad cultural del a\u00f1o 2007.<br><\/p>\n<p>Joaqu\u00edn Ara\u00fajo es Fundador de bosques, escritor, periodista, guionista y director de cine documental y editorial, agricultor y ganadero. Es, adem\u00e1s, conferenciante y divulgador de temas ecol\u00f3gicos, geogr\u00e1ficos, filos\u00f3ficos y agron\u00f3micos en televisi\u00f3n, prensa, radio y actos p\u00fablicos. <\/p>\n<p>Entre galardones que ha recibido, destacan el Premio GLOBAL 500 de la ONU (1991), el Premio Nacional de Medio Ambiente (1991 y 97), la Medalla de Extremadura (1999), y el Premio a la mejor serie de la historia de la TV por \u201cEl hombre y la Tierra\u201d de F\u00e9lix Rodr\u00edguez de la Fuente. Adem\u00e1s, fue finalista del premio Espasa de Ensayo por \u00ab\u00a0XXI: siglo de la Ecolog\u00eda\u00a0\u00bb (1996). \u201cN\u00f3madas del Viento\u201d, de Jacques Perrin, en la que coordin\u00f3 el equipo espa\u00f1ol, fue nominada a los premios Goya y al Oscar de Hollywood. <\/p>\n<p>Ara\u00fajo dirigi\u00f3 la revista <em>La Tierra<\/em>,<strong> <\/strong>y<strong> <\/strong>en la actualidad es asesor editorial de las Revistas <em>Natura y Ambienta<\/em>, columnista del diario <em>El Mundo<\/em> y colaborador en distintos programas de Radio Nacional de Espa\u00f1a.<strong><\/strong><\/p>\n<p>Ha publicado m\u00e1s de 70 libros individuales y 32 colectivos, entre los que cabe citar <em>Todav\u00eda vivo; Los Parques Nacionales; Ecos\u2026l\u00f3gicos; El agua, sorbos de vida; Espa\u00f1a natural; Las ra\u00edces de la Tierra; Ecolog\u00eda en la vida cotidiana<\/em>; o <em>La edades del agua<\/em>.<\/p>\n<p>Ha coordinado y dirigido ocho obras enciclop\u00e9dicas y ha asesorado, escrito o dirigido numerosos programas educativos para televisi\u00f3n y documentales, entre los que se encuentra <em>Lanzarote, brasas de vida<\/em>, producido para la FCM en 1999.<\/p>\n<p>En el transcurso de su intervenci\u00f3n, Joaqu\u00edn Ara\u00fajo reflexion\u00f3 sobre la variedad de la vida desde varias dimensiones. Para Ara\u00fajo, \u201cla d\u00e1diva principal es la diferencia, esa infinitud de rostros, escenas, escenarios, prop\u00f3sitos y logros con los que la vida \u2013tan igual para todos- resulta inabarcablemente m\u00faltiple\u201d. <\/p>\n<p>\u201cQue lo palpitante de este mundo exceda incluso a la peligrosa tiran\u00eda de las cuantificaciones\u201d \u2014dice Ara\u00fajo\u2014 \u201csiembra un alivio en la exhausta sociedad del acaparamiento. Pero la reflexi\u00f3n sobre la variedad de la vida nos aporta otras muchas dimensiones a las que merece la pena pasar revista. Primero porque en la \u00edntima programaci\u00f3n de los espont\u00e1neo la belleza se convierte en el primer objetivo, sin dejar de ser al mismo tiempo, la principal herramienta. Ya es fascinante que el resultado y la manera de alcanzarlo sean la misma realidad\u201d.<\/p>\n<p>Por eso, seg\u00fan Ara\u00fajo, \u201cno hay \u00e9tica sin est\u00e9tica. Por eso no hay seguridad, ni tiempo futuro sin todos los pasados a la espalda. Por eso no hay continuidad sin complejidad. Ni armon\u00eda sin compasi\u00f3n. Algunos estamos seguros de que, cuando Goethe escribi\u00f3 que \u201cnada ense\u00f1a mejor a vivir que lo viviente\u201d, estaba anticip\u00e1ndonos la inabarcable pedagog\u00eda que la vivaz multiplicidad lleva puesta en cada una de sus creaciones\u201d.<br><\/p><\/div><div class=\"wp-block-column is-layout-flow wp-block-column-is-layout-flow\" style=\"flex-basis:33.33%\"><div class=\"wp-block-group detail-panel detail-media wp-block-group-\"><div class=\"wp-block-group__inner-container is-layout-flow wp-block-group-is-layout-flow\"><p><a href=\"https:\/\/fcmanrique.org\/wp-content\/uploads\/araujo01_600.jpg\"><\/a><\/p><\/div><\/div><\/div><\/div>","protected":false},"featured_media":14115,"parent":0,"template":"","meta":{"_acf_changed":false,"ngg_post_thumbnail":0,"footnotes":""},"actividad_tipo":[34],"actividad_lugar":[46],"actividad_departamento":[31],"actividad_ciclo":[75],"class_list":["post-14114","fcm_actividad","type-fcm_actividad","status-publish","has-post-thumbnail","hentry","actividad_tipo-conferencias","actividad_lugar-lugar-fcm","actividad_departamento-departamento-de-programas-culturales","actividad_ciclo-conferencias-inaugurales"],"acf":[],"_links":{"self":[{"href":"https:\/\/ludiccc.ddns.net\/fr\/wp-json\/wp\/v2\/fcm_actividad\/14114","targetHints":{"allow":["GET"]}}],"collection":[{"href":"https:\/\/ludiccc.ddns.net\/fr\/wp-json\/wp\/v2\/fcm_actividad"}],"about":[{"href":"https:\/\/ludiccc.ddns.net\/fr\/wp-json\/wp\/v2\/types\/fcm_actividad"}],"version-history":[{"count":1,"href":"https:\/\/ludiccc.ddns.net\/fr\/wp-json\/wp\/v2\/fcm_actividad\/14114\/revisions"}],"predecessor-version":[{"id":27003,"href":"https:\/\/ludiccc.ddns.net\/fr\/wp-json\/wp\/v2\/fcm_actividad\/14114\/revisions\/27003"}],"wp:featuredmedia":[{"embeddable":true,"href":"https:\/\/ludiccc.ddns.net\/fr\/wp-json\/wp\/v2\/media\/14115"}],"wp:attachment":[{"href":"https:\/\/ludiccc.ddns.net\/fr\/wp-json\/wp\/v2\/media?parent=14114"}],"wp:term":[{"taxonomy":"actividad_tipo","embeddable":true,"href":"https:\/\/ludiccc.ddns.net\/fr\/wp-json\/wp\/v2\/actividad_tipo?post=14114"},{"taxonomy":"actividad_lugar","embeddable":true,"href":"https:\/\/ludiccc.ddns.net\/fr\/wp-json\/wp\/v2\/actividad_lugar?post=14114"},{"taxonomy":"actividad_departamento","embeddable":true,"href":"https:\/\/ludiccc.ddns.net\/fr\/wp-json\/wp\/v2\/actividad_departamento?post=14114"},{"taxonomy":"actividad_ciclo","embeddable":true,"href":"https:\/\/ludiccc.ddns.net\/fr\/wp-json\/wp\/v2\/actividad_ciclo?post=14114"}],"curies":[{"name":"wp","href":"https:\/\/api.w.org\/{rel}","templated":true}]}}

Joaquín Araújo. <em>Ética y estética de la vivacidad</em>

<div class="wp-block-columns fcm-page-migration-columns is-layout-flex wp-container-core-columns-is-layout-9d6595d7 wp-block-columns-is-layout-flex"><div class="wp-block-column is-layout-flow wp-block-column-is-layout-flow" style="flex-basis:66.66%"><figure class="wp-block-image size-full"><img width="135" height="100" src="https://fcm.local/wp-content/uploads/thmb_araujo02_135.jpg" class="wp-image-14115" alt="Joaquín Araújo. Ética y estética de la vivacidad" loading="eager" decoding="async" /></figure>
<p>El 15 de marzo de 2007, Joaquín Araújo pronunció la conferencia <em>Ética y estética de la vivacidad</em>, con la que la FCM inauguró la actividad cultural del año 2007.<br></p>
<p>Joaquín Araújo es Fundador de bosques, escritor, periodista, guionista y director de cine documental y editorial, agricultor y ganadero. Es, además, conferenciante y divulgador de temas ecológicos, geográficos, filosóficos y agronómicos en televisión, prensa, radio y actos públicos. </p>
<p>Entre galardones que ha recibido, destacan el Premio GLOBAL 500 de la ONU (1991), el Premio Nacional de Medio Ambiente (1991 y 97), la Medalla de Extremadura (1999), y el Premio a la mejor serie de la historia de la TV por “El hombre y la Tierra” de Félix Rodríguez de la Fuente. Además, fue finalista del premio Espasa de Ensayo por « XXI: siglo de la Ecología » (1996). “Nómadas del Viento”, de Jacques Perrin, en la que coordinó el equipo español, fue nominada a los premios Goya y al Oscar de Hollywood. </p>
<p>Araújo dirigió la revista <em>La Tierra</em>,<strong> </strong>y<strong> </strong>en la actualidad es asesor editorial de las Revistas <em>Natura y Ambienta</em>, columnista del diario <em>El Mundo</em> y colaborador en distintos programas de Radio Nacional de España.<strong></strong></p>
<p>Ha publicado más de 70 libros individuales y 32 colectivos, entre los que cabe citar <em>Todavía vivo; Los Parques Nacionales; Ecos…lógicos; El agua, sorbos de vida; España natural; Las raíces de la Tierra; Ecología en la vida cotidiana</em>; o <em>La edades del agua</em>.</p>
<p>Ha coordinado y dirigido ocho obras enciclopédicas y ha asesorado, escrito o dirigido numerosos programas educativos para televisión y documentales, entre los que se encuentra <em>Lanzarote, brasas de vida</em>, producido para la FCM en 1999.</p>
<p>En el transcurso de su intervención, Joaquín Araújo reflexionó sobre la variedad de la vida desde varias dimensiones. Para Araújo, “la dádiva principal es la diferencia, esa infinitud de rostros, escenas, escenarios, propósitos y logros con los que la vida –tan igual para todos- resulta inabarcablemente múltiple”. </p>
<p>“Que lo palpitante de este mundo exceda incluso a la peligrosa tiranía de las cuantificaciones” —dice Araújo— “siembra un alivio en la exhausta sociedad del acaparamiento. Pero la reflexión sobre la variedad de la vida nos aporta otras muchas dimensiones a las que merece la pena pasar revista. Primero porque en la íntima programación de los espontáneo la belleza se convierte en el primer objetivo, sin dejar de ser al mismo tiempo, la principal herramienta. Ya es fascinante que el resultado y la manera de alcanzarlo sean la misma realidad”.</p>
<p>Por eso, según Araújo, “no hay ética sin estética. Por eso no hay seguridad, ni tiempo futuro sin todos los pasados a la espalda. Por eso no hay continuidad sin complejidad. Ni armonía sin compasión. Algunos estamos seguros de que, cuando Goethe escribió que “nada enseña mejor a vivir que lo viviente”, estaba anticipándonos la inabarcable pedagogía que la vivaz multiplicidad lleva puesta en cada una de sus creaciones”.<br></p></div><div class="wp-block-column is-layout-flow wp-block-column-is-layout-flow" style="flex-basis:33.33%"><div class="wp-block-group detail-panel detail-media wp-block-group-"><div class="wp-block-group__inner-container is-layout-flow wp-block-group-is-layout-flow"><p><a href="https://fcmanrique.org/wp-content/uploads/araujo01_600.jpg"></a></p></div></div></div></div>
