{"id":14010,"date":"2005-04-14T00:00:00","date_gmt":"2005-04-14T00:00:00","guid":{"rendered":"https:\/\/fcmanrique.org\/fcm-actividad\/mas-alla-de-las-carreteras-movilida\/"},"modified":"2026-04-23T23:19:29","modified_gmt":"2026-04-23T23:19:29","slug":"mas-alla-de-las-carreteras-movilida","status":"publish","type":"fcm_actividad","link":"https:\/\/ludiccc.ddns.net\/fr\/fcm-actividad\/mas-alla-de-las-carreteras-movilida\/","title":{"rendered":"M\u00e1s all\u00e1 de las carreteras. Movilidad insular"},"content":{"rendered":"<div class=\"wp-block-columns fcm-page-migration-columns is-layout-flex wp-container-core-columns-is-layout-9d6595d7 wp-block-columns-is-layout-flex\"><div class=\"wp-block-column is-layout-flow wp-block-column-is-layout-flow\" style=\"flex-basis:66.66%\"><figure class=\"wp-block-image size-full\"><img width=\"135\" height=\"100\" src=\"https:\/\/fcm.local\/wp-content\/uploads\/thmb_thmb_masallacarreteras135x1.jpg\" class=\"wp-image-14011\" alt=\"M\u00e1s all\u00e1 de las carreteras. Movilidad insular\" loading=\"eager\" decoding=\"async\" \/><\/figure>\n<p>El 14 de abril de 2005, se celebr\u00f3 en la sede de la FCM de Taro de Tah\u00edche, el coloquio <em>M\u00e1s all\u00e1 de las carreteras. Movilidad insular<\/em>, en el que participaron Antonio Estevan y Vicent Torres, y que fue moderado por el director de Actividades Fundacionales de la FCM, Fernando G\u00f3mez Aguilera.<\/p>\n<p>Antonio Estevan es Ingeniero Industrial y Diplomado en Urbanismo. Es especialista en planificaci\u00f3n territorial y ambiental, principalmente en las \u00e1reas de recursos h\u00eddricos, transportes y energ\u00eda. Como asesor en materia de transporte, ha formado parte del Consejo Asesor del Medio Ambiente del Ministerio de Obras P\u00fablicas, del Observatorio de Desarrollo Rural de la Comisi\u00f3n Europea, de la Comisi\u00f3n de Coordinaci\u00f3n del Transporte de las Islas Baleares y del Panel de Cambio Clim\u00e1tico de la Junta de Andaluc\u00eda. Ha sido asesor en materia de transporte para varias instituciones internacionales (Naciones Unidas, OCDE, Comisi\u00f3n Europea, Parlamento Europeo). Entre sus publicaciones relacionadas con el transporte, cabe destacar el libro <em>La reconversi\u00f3n ecol\u00f3gica del transporte en Espa\u00f1a<\/em>, en colaboraci\u00f3n con Alfonso Sanz. Recientemente ha contribuido al dise\u00f1o de la metodolog\u00eda de an\u00e1lisis ambiental del nuevo Plan Estrat\u00e9gico de Infraestructuras y Transportes del Ministerio de Fomento.<\/p>\n<p>Vicent Torres es Doctor en Econom\u00eda, con una tesis sobre <em>Pol\u00edticas de transporte y ordenaci\u00f3n del territorio<\/em>. Actualmente es profesor asociado en el departamento de Urbanismo de la Universidad Polit\u00e9cnica de Valencia y consultor en materias relacionadas con el medio ambiente urbano y la movilidad. En la \u00faltima d\u00e9cada, ha realizado varios diagn\u00f3sticos de movilidad y planes de movilidad sostenible para diversos municipios de la Comunidad Valenciana y las Islas Baleares, y ha participado en diversos proyectos de investigaci\u00f3n para la Generalitat Valenciana. <\/p>\n<p>En el coloquio se analiz\u00f3 el problema de la movilidad insular al margen de las estrategias que apuestan por ampliar la red viaria como soluci\u00f3n al crecimiento de la poblaci\u00f3n y del parque m\u00f3vil. Se record\u00f3 que Lanzarote tiene una de las tasas m\u00e1s altas del mundo de veh\u00edculo por habitante y que en la red viaria de la isla, varias intervenciones han venido acompa\u00f1adas de pol\u00e9mica, como la carretera de la Geria, la circunvalaci\u00f3n de Arrecife o, por citar un ejemplo de v\u00edas realizadas que han generado un gran impacto sobre el territorio, la carretera de Guatiza.<\/p>\n<p>Es preciso, a juicio de la FCM, detener la actual tendencia del desarrollo de un viario insular que, en palabras de Antonio Estevan, \u201ccontin\u00faa su inexorable proceso de ocupaci\u00f3n y trituraci\u00f3n sistem\u00e1tica del territorio y del paisaje insular\u201d.<\/p>\n<p> <\/p><\/div><div class=\"wp-block-column is-layout-flow wp-block-column-is-layout-flow\" style=\"flex-basis:33.33%\"><div class=\"wp-block-group detail-panel detail-media wp-block-group-\"><div class=\"wp-block-group__inner-container is-layout-flow wp-block-group-is-layout-flow\"><p><a href=\"https:\/\/fcmanrique.org\/wp-content\/uploads\/thmb_masallacarreteras_640.jpg\"><\/a><\/p><\/div><\/div><\/div><\/div>","protected":false},"featured_media":14011,"parent":0,"template":"","meta":{"_acf_changed":false,"ngg_post_thumbnail":0,"footnotes":""},"actividad_tipo":[37],"actividad_lugar":[46],"actividad_departamento":[29],"actividad_ciclo":[],"class_list":["post-14010","fcm_actividad","type-fcm_actividad","status-publish","has-post-thumbnail","hentry","actividad_tipo-otras-actividades","actividad_lugar-lugar-fcm","actividad_departamento-departamento-de-territorio-y-medio-ambiente"],"acf":[],"_links":{"self":[{"href":"https:\/\/ludiccc.ddns.net\/fr\/wp-json\/wp\/v2\/fcm_actividad\/14010","targetHints":{"allow":["GET"]}}],"collection":[{"href":"https:\/\/ludiccc.ddns.net\/fr\/wp-json\/wp\/v2\/fcm_actividad"}],"about":[{"href":"https:\/\/ludiccc.ddns.net\/fr\/wp-json\/wp\/v2\/types\/fcm_actividad"}],"version-history":[{"count":1,"href":"https:\/\/ludiccc.ddns.net\/fr\/wp-json\/wp\/v2\/fcm_actividad\/14010\/revisions"}],"predecessor-version":[{"id":27032,"href":"https:\/\/ludiccc.ddns.net\/fr\/wp-json\/wp\/v2\/fcm_actividad\/14010\/revisions\/27032"}],"wp:featuredmedia":[{"embeddable":true,"href":"https:\/\/ludiccc.ddns.net\/fr\/wp-json\/wp\/v2\/media\/14011"}],"wp:attachment":[{"href":"https:\/\/ludiccc.ddns.net\/fr\/wp-json\/wp\/v2\/media?parent=14010"}],"wp:term":[{"taxonomy":"actividad_tipo","embeddable":true,"href":"https:\/\/ludiccc.ddns.net\/fr\/wp-json\/wp\/v2\/actividad_tipo?post=14010"},{"taxonomy":"actividad_lugar","embeddable":true,"href":"https:\/\/ludiccc.ddns.net\/fr\/wp-json\/wp\/v2\/actividad_lugar?post=14010"},{"taxonomy":"actividad_departamento","embeddable":true,"href":"https:\/\/ludiccc.ddns.net\/fr\/wp-json\/wp\/v2\/actividad_departamento?post=14010"},{"taxonomy":"actividad_ciclo","embeddable":true,"href":"https:\/\/ludiccc.ddns.net\/fr\/wp-json\/wp\/v2\/actividad_ciclo?post=14010"}],"curies":[{"name":"wp","href":"https:\/\/api.w.org\/{rel}","templated":true}]}}

Más allá de las carreteras. Movilidad insular

<div class="wp-block-columns fcm-page-migration-columns is-layout-flex wp-container-core-columns-is-layout-9d6595d7 wp-block-columns-is-layout-flex"><div class="wp-block-column is-layout-flow wp-block-column-is-layout-flow" style="flex-basis:66.66%"><figure class="wp-block-image size-full"><img width="135" height="100" src="https://fcm.local/wp-content/uploads/thmb_thmb_masallacarreteras135x1.jpg" class="wp-image-14011" alt="Más allá de las carreteras. Movilidad insular" loading="eager" decoding="async" /></figure>
<p>El 14 de abril de 2005, se celebró en la sede de la FCM de Taro de Tahíche, el coloquio <em>Más allá de las carreteras. Movilidad insular</em>, en el que participaron Antonio Estevan y Vicent Torres, y que fue moderado por el director de Actividades Fundacionales de la FCM, Fernando Gómez Aguilera.</p>
<p>Antonio Estevan es Ingeniero Industrial y Diplomado en Urbanismo. Es especialista en planificación territorial y ambiental, principalmente en las áreas de recursos hídricos, transportes y energía. Como asesor en materia de transporte, ha formado parte del Consejo Asesor del Medio Ambiente del Ministerio de Obras Públicas, del Observatorio de Desarrollo Rural de la Comisión Europea, de la Comisión de Coordinación del Transporte de las Islas Baleares y del Panel de Cambio Climático de la Junta de Andalucía. Ha sido asesor en materia de transporte para varias instituciones internacionales (Naciones Unidas, OCDE, Comisión Europea, Parlamento Europeo). Entre sus publicaciones relacionadas con el transporte, cabe destacar el libro <em>La reconversión ecológica del transporte en España</em>, en colaboración con Alfonso Sanz. Recientemente ha contribuido al diseño de la metodología de análisis ambiental del nuevo Plan Estratégico de Infraestructuras y Transportes del Ministerio de Fomento.</p>
<p>Vicent Torres es Doctor en Economía, con una tesis sobre <em>Políticas de transporte y ordenación del territorio</em>. Actualmente es profesor asociado en el departamento de Urbanismo de la Universidad Politécnica de Valencia y consultor en materias relacionadas con el medio ambiente urbano y la movilidad. En la última década, ha realizado varios diagnósticos de movilidad y planes de movilidad sostenible para diversos municipios de la Comunidad Valenciana y las Islas Baleares, y ha participado en diversos proyectos de investigación para la Generalitat Valenciana. </p>
<p>En el coloquio se analizó el problema de la movilidad insular al margen de las estrategias que apuestan por ampliar la red viaria como solución al crecimiento de la población y del parque móvil. Se recordó que Lanzarote tiene una de las tasas más altas del mundo de vehículo por habitante y que en la red viaria de la isla, varias intervenciones han venido acompañadas de polémica, como la carretera de la Geria, la circunvalación de Arrecife o, por citar un ejemplo de vías realizadas que han generado un gran impacto sobre el territorio, la carretera de Guatiza.</p>
<p>Es preciso, a juicio de la FCM, detener la actual tendencia del desarrollo de un viario insular que, en palabras de Antonio Estevan, “continúa su inexorable proceso de ocupación y trituración sistemática del territorio y del paisaje insular”.</p>
<p> </p></div><div class="wp-block-column is-layout-flow wp-block-column-is-layout-flow" style="flex-basis:33.33%"><div class="wp-block-group detail-panel detail-media wp-block-group-"><div class="wp-block-group__inner-container is-layout-flow wp-block-group-is-layout-flow"><p><a href="https://fcmanrique.org/wp-content/uploads/thmb_masallacarreteras_640.jpg"></a></p></div></div></div></div>
