{"id":13948,"date":"2005-12-19T00:00:00","date_gmt":"2005-12-19T00:00:00","guid":{"rendered":"https:\/\/fcmanrique.org\/fcm-actividad\/el-metabolismo-de-la-economia-espan\/"},"modified":"2026-04-23T23:19:19","modified_gmt":"2026-04-23T23:19:19","slug":"el-metabolismo-de-la-economia-espan","status":"publish","type":"fcm_actividad","link":"https:\/\/ludiccc.ddns.net\/fr\/fcm-actividad\/el-metabolismo-de-la-economia-espan\/","title":{"rendered":"<em>El metabolismo de la econom\u00eda espa\u00f1ola<\/em> y <em>La incidencia de la especie humana sobre la faz de la Tierra<\/em>"},"content":{"rendered":"<div class=\"wp-block-columns fcm-page-migration-columns is-layout-flex wp-container-core-columns-is-layout-9d6595d7 wp-block-columns-is-layout-flex\"><div class=\"wp-block-column is-layout-flow wp-block-column-is-layout-flow\" style=\"flex-basis:66.66%\"><figure class=\"wp-block-image size-full\"><img fetchpriority=\"high\" width=\"400\" height=\"340\" src=\"https:\/\/fcm.local\/wp-content\/uploads\/fc-manrique-metabolismo-economia.jpg\" class=\"wp-image-24717\" alt=\"El metabolismo de la econom\u00eda espa\u00f1ola y La incidencia de la especie humana sobre la faz de la Tierra\" loading=\"eager\" decoding=\"async\" srcset=\"https:\/\/fcm.local\/wp-content\/uploads\/fc-manrique-metabolismo-economia.jpg 400w, https:\/\/fcm.local\/wp-content\/uploads\/fc-manrique-metabolismo-economia-300x255.jpg 300w, https:\/\/fcm.local\/wp-content\/uploads\/fc-manrique-metabolismo-economia-289x246.jpg 289w\" sizes=\"(max-width: 400px) 100vw, 400px\" \/><\/figure>\n<p>El 19 de diciembre de 2005, en el C\u00edrculo de Bellas Artes de Madrid, se presentaron los libros <strong><em>El metabolismo de la econom\u00eda espa\u00f1ola: recursos naturales y huella ecol\u00f3gica (1955-2000)<\/em><\/strong>, de \u00d3scar Carpintero, y<strong> <em>La incidencia de la especie humana sobre la faz de la Tierra (1955-2005)<\/em><\/strong>, cuyos editores son Jos\u00e9 Manuel Naredo y Luis Guti\u00e9rrez. Ambos libros pertenecen a la colecci\u00f3n <em>Econom\u00eda <\/em>versus<em> Naturaleza<\/em>, que la FCM coedita con la Editorial Universidad de Granada. En el acto de presentaci\u00f3n participaron Fernando G\u00f3mez Aguilera, \u00d3scar Carpintero y Jos\u00e9 Manuel Naredo, director de esta Colecci\u00f3n de libros.<\/p>\n<p><strong>\u00d3scar Carpintero<\/strong> es Doctor en Econom\u00eda, Postgraduado en Econom\u00eda de los Recursos Naturales y del Medio Ambiente y profesor de Econom\u00eda Aplicada en la Universidad de Valladolid. Entre 1996 y 2000 form\u00f3 parte del Programa Econom\u00eda y Naturaleza de la Fundaci\u00f3n Argentaria. Entre sus publicaciones anteriores destacan <em>Entre la econom\u00eda y la naturaleza <\/em>(1999) y, junto a Jos\u00e9 Manuel Naredo, <em>El Balance Nacional de la econom\u00eda espa\u00f1ola (1984-2000)<\/em> (2005). Asimismo, ha publicado numerosos trabajos sobre econom\u00eda ecol\u00f3gica y sostenibilidad ambiental. <\/p>\n<p><em>El metabolismo de la econom\u00eda espa\u00f1ola: recursos naturales y huella ecol\u00f3gica (1955-200) <\/em>estudia la sostenibilidad ambiental de la econom\u00eda espa\u00f1ola durante el \u00faltimo medio siglo. En el libro se aplican \u2014de manera novedosa e in\u00e9dita\u2014 las herramientas de la econom\u00eda ecol\u00f3gica que van m\u00e1s all\u00e1 de la simple valoraci\u00f3n monetaria de la actividad econ\u00f3mica. Como se\u00f1al\u00f3 Jorge Riechmann, en la edici\u00f3n del pasado noviembre de la revista <em>El viejo topo<\/em>, \u201ces un libro que cabe reconocer, desde su misma publicaci\u00f3n, como obra de referencia para los a\u00f1os venideros\u201d y, en palabras de Naredo, \u201cda un paso de gigante en la clarificaci\u00f3n de los problemas ecol\u00f3gico-ambientales de la econom\u00eda espa\u00f1ola\u201d. <\/p>\n<p>El segundo libro, <em>La incidencia de la especie humana sobre la faz de la Tierra (1955-2005), <\/em>recoge los documentos generados en el <strong>seminario<\/strong> que, con el mismo t\u00edtulo y dirigido por <strong>Jos\u00e9 Manuel Naredo<\/strong>, se celebr\u00f3 en la FCM en mayo de 2003. Toma como punto de partida la documentaci\u00f3n del simposio <em>Man\u00b4s Role in Changing the face of the Earth<\/em> (El papel del hombre en los cambios de la faz de la Tierra) que tuvo lugar en 1955 en Princeton (EE UU), promovido por Sauer, Mumford y Glacken, entre otros. En esta publicaci\u00f3n se actualiza la reflexi\u00f3n sobre el tema y se analizan los cambios operados desde entonces. Asimismo, reproduce y comenta algunos de los textos m\u00e1s representativos del simposio de 1955, que sirven as\u00ed de base tanto a las consideraciones retrospectivas como a las actuales.<\/p>\n<p>El libro recoge textos de Jos\u00e9 Manuel Naredo, Carl O. Sauer, Clarence S. Glacken, Lewis Mumford, Jacques Grinevald, Horacio Capel, Paul F. Starrs, Ram\u00f3n Margalef, Fernando Parra, Antonio Cendrero, Juan Remondo, Victoria Rivas, Antonio Valero, Edgar Botero, Amaya Mart\u00ednez, Antonio Estevan, Fernando Cembranos y Fernando G\u00f3mez Aguilera. <\/p><\/div><div class=\"wp-block-column is-layout-flow wp-block-column-is-layout-flow\" style=\"flex-basis:33.33%\"><div class=\"wp-block-group detail-panel detail-media wp-block-group-\"><div class=\"wp-block-group__inner-container is-layout-flow wp-block-group-is-layout-flow\"><p><a href=\"https:\/\/fcmanrique.org\/wp-content\/uploads\/thmb_thmb_laincidencia_214x180.jpg\"><\/a><\/p><\/div><\/div><\/div><\/div>","protected":false},"featured_media":24717,"parent":0,"template":"","meta":{"_acf_changed":false,"ngg_post_thumbnail":0,"footnotes":""},"actividad_tipo":[36],"actividad_lugar":[47],"actividad_departamento":[31],"actividad_ciclo":[],"class_list":["post-13948","fcm_actividad","type-fcm_actividad","status-publish","has-post-thumbnail","hentry","actividad_tipo-presentacion-libros","actividad_lugar-lugar-cba-madrid","actividad_departamento-departamento-de-programas-culturales"],"acf":[],"_links":{"self":[{"href":"https:\/\/ludiccc.ddns.net\/fr\/wp-json\/wp\/v2\/fcm_actividad\/13948","targetHints":{"allow":["GET"]}}],"collection":[{"href":"https:\/\/ludiccc.ddns.net\/fr\/wp-json\/wp\/v2\/fcm_actividad"}],"about":[{"href":"https:\/\/ludiccc.ddns.net\/fr\/wp-json\/wp\/v2\/types\/fcm_actividad"}],"version-history":[{"count":4,"href":"https:\/\/ludiccc.ddns.net\/fr\/wp-json\/wp\/v2\/fcm_actividad\/13948\/revisions"}],"predecessor-version":[{"id":26935,"href":"https:\/\/ludiccc.ddns.net\/fr\/wp-json\/wp\/v2\/fcm_actividad\/13948\/revisions\/26935"}],"wp:featuredmedia":[{"embeddable":true,"href":"https:\/\/ludiccc.ddns.net\/fr\/wp-json\/wp\/v2\/media\/24717"}],"wp:attachment":[{"href":"https:\/\/ludiccc.ddns.net\/fr\/wp-json\/wp\/v2\/media?parent=13948"}],"wp:term":[{"taxonomy":"actividad_tipo","embeddable":true,"href":"https:\/\/ludiccc.ddns.net\/fr\/wp-json\/wp\/v2\/actividad_tipo?post=13948"},{"taxonomy":"actividad_lugar","embeddable":true,"href":"https:\/\/ludiccc.ddns.net\/fr\/wp-json\/wp\/v2\/actividad_lugar?post=13948"},{"taxonomy":"actividad_departamento","embeddable":true,"href":"https:\/\/ludiccc.ddns.net\/fr\/wp-json\/wp\/v2\/actividad_departamento?post=13948"},{"taxonomy":"actividad_ciclo","embeddable":true,"href":"https:\/\/ludiccc.ddns.net\/fr\/wp-json\/wp\/v2\/actividad_ciclo?post=13948"}],"curies":[{"name":"wp","href":"https:\/\/api.w.org\/{rel}","templated":true}]}}

<em>El metabolismo de la economía española</em> y <em>La incidencia de la especie humana sobre la faz de la Tierra</em>

<div class="wp-block-columns fcm-page-migration-columns is-layout-flex wp-container-core-columns-is-layout-9d6595d7 wp-block-columns-is-layout-flex"><div class="wp-block-column is-layout-flow wp-block-column-is-layout-flow" style="flex-basis:66.66%"><figure class="wp-block-image size-full"><img fetchpriority="high" width="400" height="340" src="https://fcm.local/wp-content/uploads/fc-manrique-metabolismo-economia.jpg" class="wp-image-24717" alt="El metabolismo de la economía española y La incidencia de la especie humana sobre la faz de la Tierra" loading="eager" decoding="async" srcset="https://fcm.local/wp-content/uploads/fc-manrique-metabolismo-economia.jpg 400w, https://fcm.local/wp-content/uploads/fc-manrique-metabolismo-economia-300x255.jpg 300w, https://fcm.local/wp-content/uploads/fc-manrique-metabolismo-economia-289x246.jpg 289w" sizes="(max-width: 400px) 100vw, 400px" /></figure>
<p>El 19 de diciembre de 2005, en el Círculo de Bellas Artes de Madrid, se presentaron los libros <strong><em>El metabolismo de la economía española: recursos naturales y huella ecológica (1955-2000)</em></strong>, de Óscar Carpintero, y<strong> <em>La incidencia de la especie humana sobre la faz de la Tierra (1955-2005)</em></strong>, cuyos editores son José Manuel Naredo y Luis Gutiérrez. Ambos libros pertenecen a la colección <em>Economía </em>versus<em> Naturaleza</em>, que la FCM coedita con la Editorial Universidad de Granada. En el acto de presentación participaron Fernando Gómez Aguilera, Óscar Carpintero y José Manuel Naredo, director de esta Colección de libros.</p>
<p><strong>Óscar Carpintero</strong> es Doctor en Economía, Postgraduado en Economía de los Recursos Naturales y del Medio Ambiente y profesor de Economía Aplicada en la Universidad de Valladolid. Entre 1996 y 2000 formó parte del Programa Economía y Naturaleza de la Fundación Argentaria. Entre sus publicaciones anteriores destacan <em>Entre la economía y la naturaleza </em>(1999) y, junto a José Manuel Naredo, <em>El Balance Nacional de la economía española (1984-2000)</em> (2005). Asimismo, ha publicado numerosos trabajos sobre economía ecológica y sostenibilidad ambiental. </p>
<p><em>El metabolismo de la economía española: recursos naturales y huella ecológica (1955-200) </em>estudia la sostenibilidad ambiental de la economía española durante el último medio siglo. En el libro se aplican —de manera novedosa e inédita— las herramientas de la economía ecológica que van más allá de la simple valoración monetaria de la actividad económica. Como señaló Jorge Riechmann, en la edición del pasado noviembre de la revista <em>El viejo topo</em>, “es un libro que cabe reconocer, desde su misma publicación, como obra de referencia para los años venideros” y, en palabras de Naredo, “da un paso de gigante en la clarificación de los problemas ecológico-ambientales de la economía española”. </p>
<p>El segundo libro, <em>La incidencia de la especie humana sobre la faz de la Tierra (1955-2005), </em>recoge los documentos generados en el <strong>seminario</strong> que, con el mismo título y dirigido por <strong>José Manuel Naredo</strong>, se celebró en la FCM en mayo de 2003. Toma como punto de partida la documentación del simposio <em>Man´s Role in Changing the face of the Earth</em> (El papel del hombre en los cambios de la faz de la Tierra) que tuvo lugar en 1955 en Princeton (EE UU), promovido por Sauer, Mumford y Glacken, entre otros. En esta publicación se actualiza la reflexión sobre el tema y se analizan los cambios operados desde entonces. Asimismo, reproduce y comenta algunos de los textos más representativos del simposio de 1955, que sirven así de base tanto a las consideraciones retrospectivas como a las actuales.</p>
<p>El libro recoge textos de José Manuel Naredo, Carl O. Sauer, Clarence S. Glacken, Lewis Mumford, Jacques Grinevald, Horacio Capel, Paul F. Starrs, Ramón Margalef, Fernando Parra, Antonio Cendrero, Juan Remondo, Victoria Rivas, Antonio Valero, Edgar Botero, Amaya Martínez, Antonio Estevan, Fernando Cembranos y Fernando Gómez Aguilera. </p></div><div class="wp-block-column is-layout-flow wp-block-column-is-layout-flow" style="flex-basis:33.33%"><div class="wp-block-group detail-panel detail-media wp-block-group-"><div class="wp-block-group__inner-container is-layout-flow wp-block-group-is-layout-flow"><p><a href="https://fcmanrique.org/wp-content/uploads/thmb_thmb_laincidencia_214x180.jpg"></a></p></div></div></div></div>
