{"id":13923,"date":"2006-06-22T00:00:00","date_gmt":"2006-06-22T00:00:00","guid":{"rendered":"https:\/\/fcmanrique.org\/fcm-actividad\/marc-auge-globalizacion-urbanizacio\/"},"modified":"2026-04-23T23:19:29","modified_gmt":"2026-04-23T23:19:29","slug":"marc-auge-globalizacion-urbanizacio","status":"publish","type":"fcm_actividad","link":"https:\/\/ludiccc.ddns.net\/fr\/fcm-actividad\/marc-auge-globalizacion-urbanizacio\/","title":{"rendered":"Marc Aug\u00e9. <em>Globalizaci\u00f3n, urbanizaci\u00f3n, mediatizaci\u00f3n<\/em>"},"content":{"rendered":"<div class=\"wp-block-columns fcm-page-migration-columns is-layout-flex wp-container-core-columns-is-layout-9d6595d7 wp-block-columns-is-layout-flex\"><div class=\"wp-block-column is-layout-flow wp-block-column-is-layout-flow\" style=\"flex-basis:66.66%\"><figure class=\"wp-block-image size-full\"><img width=\"135\" height=\"100\" src=\"https:\/\/fcm.local\/wp-content\/uploads\/thmb_469c8e97thmb_marcauge_135x100.jpg\" class=\"wp-image-13924\" alt=\"Marc Aug\u00e9. Globalizaci\u00f3n, urbanizaci\u00f3n, mediatizaci\u00f3n\" loading=\"eager\" decoding=\"async\" \/><\/figure>\n<p>El 22 de junio de 2006, Marc Aug\u00e9 pronunci\u00f3 la conferencia titulada <em>Globalizaci\u00f3n, urbanizaci\u00f3n, mediatizaci\u00f3n<\/em>.<\/p>\n<p>Marc Aug\u00e9 (Poitiers, 1935) es profesor de antropolog\u00eda y etnolog\u00eda de la prestigiosa Escuela de Estudios Superiores de Ciencias Sociales de Par\u00eds, de la que fue director entre 1985 y 1995.<\/p>\n<p>Hasta 1970 trabaj\u00f3 durante muchos a\u00f1os como Director de ORSTOM, Instituto de Investigaci\u00f3n Cient\u00edfica de Francia para el Desarrollo Cooperativo, y en nombre del Instituto supervis\u00f3 varias misiones en \u00c1frica, particularmente en Costa de Marfil y en Togo. Fue de hecho en \u00c1frica donde Aug\u00e9 dirigi\u00f3 sus primeros trabajos de campo.<\/p>\n<p>A partir de mediados de 1980, Marc Aug\u00e9 diversific\u00f3 significativamente su campo de observaci\u00f3n. En esa \u00e9poca, visit\u00f3 Latinoam\u00e9rica con cierta frecuencia y trabaj\u00f3 algo m\u00e1s cerca de casa, dedic\u00e1ndose a observar desde la ventajosa posici\u00f3n que le ofrec\u00eda Par\u00eds, principalmente, y Francia en toda su amplitud, las m\u00faltiples realidades del mundo contempor\u00e1neo. <\/p>\n<p>Aug\u00e9, evolucionado desde la etnolog\u00eda, ocupa en la actualidad un lugar destacado en la cultura internacional como antrop\u00f3logo social y cultural, y es ampliamente conocido su papel como te\u00f3rico de los no-lugares.<\/p>\n<p>Entre sus numerosos libros publicados, podemos destacar los siguientes t\u00edtulos, traducidos al castellano: <em>Un etn\u00f3logo en el metro<\/em> (1986), <em>Los no lugares. Espacios del anonimato<\/em> (1993), <em>Hacia una antropolog\u00eda de los mundos contempor\u00e1neos<\/em> (1994),<em> El viaje imposible: el turismo y sus im\u00e1genes<\/em> (1997), <em>El sentido de los otros<\/em> (1998) o <em>Paseando la antropolog\u00eda por la sobremodernidad<\/em> (2003).<\/p>\n<p>En el transcurso de su intervenci\u00f3n, Marc Aug\u00e9 defendi\u00f3 que en la actualidad existe una ideolog\u00eda de la globalidad sin fronteras que se manifiesta a trav\u00e9s de tres fen\u00f3menos estrechamente relacionados: primero, la mundializaci\u00f3n, que ella misma reenv\u00eda a dos \u00f3rdenes de la realidad como son la globalizaci\u00f3n y la consciencia planetaria; segundo, la mediatizaci\u00f3n, que corresponde a la multiplicaci\u00f3n de im\u00e1genes y mensajes;  y tercero, por fin, la urbanizaci\u00f3n: el mundo se vuelve una ciudad al mismo tiempo que la gran ciudad se vuelve un mundo; el mundo-ciudad, a juicio de Aug\u00e9, es el mundo de la uniformizaci\u00f3n, de las redes de comunicaci\u00f3n y circulaci\u00f3n, pero la realidad de la gran ciudad, de la ciudad-mundo, relativiza o desmiente las ilusiones del mundo-ciudad. As\u00ed, Marc Aug\u00e9 examinar\u00e1 las contradicciones a las cuales nos confronta el espect\u00e1culo del mundo globalizado. <\/p><\/div><div class=\"wp-block-column is-layout-flow wp-block-column-is-layout-flow\" style=\"flex-basis:33.33%\"><div class=\"wp-block-group detail-panel detail-media wp-block-group-\"><div class=\"wp-block-group__inner-container is-layout-flow wp-block-group-is-layout-flow\"><p><a href=\"https:\/\/fcmanrique.org\/wp-content\/uploads\/thmb_marcauge_640.jpg\"><\/a><\/p><\/div><\/div><\/div><\/div>","protected":false},"featured_media":13924,"parent":0,"template":"","meta":{"_acf_changed":false,"ngg_post_thumbnail":0,"footnotes":""},"actividad_tipo":[34],"actividad_lugar":[46],"actividad_departamento":[29],"actividad_ciclo":[72],"class_list":["post-13923","fcm_actividad","type-fcm_actividad","status-publish","has-post-thumbnail","hentry","actividad_tipo-conferencias","actividad_lugar-lugar-fcm","actividad_departamento-departamento-de-territorio-y-medio-ambiente","actividad_ciclo-fronteras-y-direcciones-de-progreso"],"acf":[],"_links":{"self":[{"href":"https:\/\/ludiccc.ddns.net\/fr\/wp-json\/wp\/v2\/fcm_actividad\/13923","targetHints":{"allow":["GET"]}}],"collection":[{"href":"https:\/\/ludiccc.ddns.net\/fr\/wp-json\/wp\/v2\/fcm_actividad"}],"about":[{"href":"https:\/\/ludiccc.ddns.net\/fr\/wp-json\/wp\/v2\/types\/fcm_actividad"}],"version-history":[{"count":1,"href":"https:\/\/ludiccc.ddns.net\/fr\/wp-json\/wp\/v2\/fcm_actividad\/13923\/revisions"}],"predecessor-version":[{"id":27028,"href":"https:\/\/ludiccc.ddns.net\/fr\/wp-json\/wp\/v2\/fcm_actividad\/13923\/revisions\/27028"}],"wp:featuredmedia":[{"embeddable":true,"href":"https:\/\/ludiccc.ddns.net\/fr\/wp-json\/wp\/v2\/media\/13924"}],"wp:attachment":[{"href":"https:\/\/ludiccc.ddns.net\/fr\/wp-json\/wp\/v2\/media?parent=13923"}],"wp:term":[{"taxonomy":"actividad_tipo","embeddable":true,"href":"https:\/\/ludiccc.ddns.net\/fr\/wp-json\/wp\/v2\/actividad_tipo?post=13923"},{"taxonomy":"actividad_lugar","embeddable":true,"href":"https:\/\/ludiccc.ddns.net\/fr\/wp-json\/wp\/v2\/actividad_lugar?post=13923"},{"taxonomy":"actividad_departamento","embeddable":true,"href":"https:\/\/ludiccc.ddns.net\/fr\/wp-json\/wp\/v2\/actividad_departamento?post=13923"},{"taxonomy":"actividad_ciclo","embeddable":true,"href":"https:\/\/ludiccc.ddns.net\/fr\/wp-json\/wp\/v2\/actividad_ciclo?post=13923"}],"curies":[{"name":"wp","href":"https:\/\/api.w.org\/{rel}","templated":true}]}}

Marc Augé. <em>Globalización, urbanización, mediatización</em>

<div class="wp-block-columns fcm-page-migration-columns is-layout-flex wp-container-core-columns-is-layout-9d6595d7 wp-block-columns-is-layout-flex"><div class="wp-block-column is-layout-flow wp-block-column-is-layout-flow" style="flex-basis:66.66%"><figure class="wp-block-image size-full"><img width="135" height="100" src="https://fcm.local/wp-content/uploads/thmb_469c8e97thmb_marcauge_135x100.jpg" class="wp-image-13924" alt="Marc Augé. Globalización, urbanización, mediatización" loading="eager" decoding="async" /></figure>
<p>El 22 de junio de 2006, Marc Augé pronunció la conferencia titulada <em>Globalización, urbanización, mediatización</em>.</p>
<p>Marc Augé (Poitiers, 1935) es profesor de antropología y etnología de la prestigiosa Escuela de Estudios Superiores de Ciencias Sociales de París, de la que fue director entre 1985 y 1995.</p>
<p>Hasta 1970 trabajó durante muchos años como Director de ORSTOM, Instituto de Investigación Científica de Francia para el Desarrollo Cooperativo, y en nombre del Instituto supervisó varias misiones en África, particularmente en Costa de Marfil y en Togo. Fue de hecho en África donde Augé dirigió sus primeros trabajos de campo.</p>
<p>A partir de mediados de 1980, Marc Augé diversificó significativamente su campo de observación. En esa época, visitó Latinoamérica con cierta frecuencia y trabajó algo más cerca de casa, dedicándose a observar desde la ventajosa posición que le ofrecía París, principalmente, y Francia en toda su amplitud, las múltiples realidades del mundo contemporáneo. </p>
<p>Augé, evolucionado desde la etnología, ocupa en la actualidad un lugar destacado en la cultura internacional como antropólogo social y cultural, y es ampliamente conocido su papel como teórico de los no-lugares.</p>
<p>Entre sus numerosos libros publicados, podemos destacar los siguientes títulos, traducidos al castellano: <em>Un etnólogo en el metro</em> (1986), <em>Los no lugares. Espacios del anonimato</em> (1993), <em>Hacia una antropología de los mundos contemporáneos</em> (1994),<em> El viaje imposible: el turismo y sus imágenes</em> (1997), <em>El sentido de los otros</em> (1998) o <em>Paseando la antropología por la sobremodernidad</em> (2003).</p>
<p>En el transcurso de su intervención, Marc Augé defendió que en la actualidad existe una ideología de la globalidad sin fronteras que se manifiesta a través de tres fenómenos estrechamente relacionados: primero, la mundialización, que ella misma reenvía a dos órdenes de la realidad como son la globalización y la consciencia planetaria; segundo, la mediatización, que corresponde a la multiplicación de imágenes y mensajes;  y tercero, por fin, la urbanización: el mundo se vuelve una ciudad al mismo tiempo que la gran ciudad se vuelve un mundo; el mundo-ciudad, a juicio de Augé, es el mundo de la uniformización, de las redes de comunicación y circulación, pero la realidad de la gran ciudad, de la ciudad-mundo, relativiza o desmiente las ilusiones del mundo-ciudad. Así, Marc Augé examinará las contradicciones a las cuales nos confronta el espectáculo del mundo globalizado. </p></div><div class="wp-block-column is-layout-flow wp-block-column-is-layout-flow" style="flex-basis:33.33%"><div class="wp-block-group detail-panel detail-media wp-block-group-"><div class="wp-block-group__inner-container is-layout-flow wp-block-group-is-layout-flow"><p><a href="https://fcmanrique.org/wp-content/uploads/thmb_marcauge_640.jpg"></a></p></div></div></div></div>
