{"id":24522,"date":"2023-11-23T11:15:28","date_gmt":"2023-11-23T11:15:28","guid":{"rendered":"https:\/\/fcmanrique.org\/?post_type=fcm_publicacion&#038;p=24522"},"modified":"2024-03-04T12:40:23","modified_gmt":"2024-03-04T12:40:23","slug":"perspectiva-manrique","status":"publish","type":"fcm_publicacion","link":"https:\/\/ludiccc.ddns.net\/en\/fcm-publicacion\/perspectiva-manrique\/","title":{"rendered":"Perspectiva Manrique"},"content":{"rendered":"<p><em><strong>Perspectiva Manrique<\/strong><\/em> aborda aspectos espec\u00edficos tanto de la vertiente personal del artista como de su obra. El lector tiene la oportunidad de adentrarse en una serie de aproximaciones que forman un mosaico transversal mediante el cual se dibujan los rasgos m\u00e1s elocuentes de la singular personalidad y la polifac\u00e9tica producci\u00f3n de C\u00e9sar Manrique.<\/p>\n<p>Las reflexiones de escritores, profesores universitarios, artistas, arquitectos, cr\u00edticos e investigadores relevantes de la cultura de Canarias aportan visiones sugerentes, heterog\u00e9neas e in\u00e9ditas que desvelan el car\u00e1cter poli\u00e9drico de un creador y de una obra tan actuales como originales.<\/p>\n<p>Los autores de los textos plantearon las visiones plasmadas en este libro durante las <strong>jornadas tituladas \u201c<a href=\"https:\/\/fcmanrique.org\/fcm-c-acti-celebrada\/perspectiva-manrique-dia-1\/\">Perspectiva Manrique\u201d<\/a><\/strong>, que, en enero de 2020, se desarrollaron en el marco de la conmemoraci\u00f3n del centenario del nacimiento de C\u00e9sar Manrique organizado por la Fundaci\u00f3n que lleva su nombre entre 2019 y 2020.<\/p>\n<p>Los participantes centraron sus intervenciones en aspectos espec\u00edficos<br \/>\ndel artista y su universo creativo, ya fuese la pintura, las obras paisaj\u00edsticas,<br \/>\nel activismo o la subjetividad del autor. A trav\u00e9s de fogonazos anal\u00edticos,<br \/>\nmiradas originales y asociaciones intuitivas se subrayan atributos<br \/>\nesenciales del sistema manrique\u00f1o o se apuntan lecturas sugerentes que<br \/>\nampl\u00edan la comprensi\u00f3n de una obra rica y actual que no deja de interpelar<br \/>\na nuestra \u00e9poca.<\/p>\n<p><strong>Presentaci\u00f3n del libro: <\/strong><a href=\"https:\/\/fcmanrique.org\/fcm-publicacion\/pepin-ramirez-el-hombre-que-convirtio-a-manrique-en-cesar\/\">Nota de prensa<\/a><\/p>\n<p><strong>M\u00e1s informaci\u00f3n sobre las jornadas: <\/strong><a href=\"https:\/\/fcmanrique.org\/wp-content\/uploads\/fc-manrique-jornadas-perspectiva-manrique.pdf\">Nota de prensa<\/a><\/p>\n<p><strong>Programa completo de las jornadas: <\/strong><a href=\"https:\/\/fcmanrique.org\/wp-content\/uploads\/DIPTICO_JORNADAS_PERSPECTIVA_3.pdf\">Programa completo<\/a><\/p>","protected":false},"featured_media":24575,"parent":0,"template":"","meta":{"_acf_changed":false,"ngg_post_thumbnail":0,"footnotes":""},"publicacion_coleccion":[60],"class_list":["post-24522","fcm_publicacion","type-fcm_publicacion","status-publish","has-post-thumbnail","hentry","publicacion_coleccion-ensayo"],"acf":[],"_links":{"self":[{"href":"https:\/\/ludiccc.ddns.net\/en\/wp-json\/wp\/v2\/fcm_publicacion\/24522","targetHints":{"allow":["GET"]}}],"collection":[{"href":"https:\/\/ludiccc.ddns.net\/en\/wp-json\/wp\/v2\/fcm_publicacion"}],"about":[{"href":"https:\/\/ludiccc.ddns.net\/en\/wp-json\/wp\/v2\/types\/fcm_publicacion"}],"version-history":[{"count":7,"href":"https:\/\/ludiccc.ddns.net\/en\/wp-json\/wp\/v2\/fcm_publicacion\/24522\/revisions"}],"predecessor-version":[{"id":25049,"href":"https:\/\/ludiccc.ddns.net\/en\/wp-json\/wp\/v2\/fcm_publicacion\/24522\/revisions\/25049"}],"wp:featuredmedia":[{"embeddable":true,"href":"https:\/\/ludiccc.ddns.net\/en\/wp-json\/wp\/v2\/media\/24575"}],"wp:attachment":[{"href":"https:\/\/ludiccc.ddns.net\/en\/wp-json\/wp\/v2\/media?parent=24522"}],"wp:term":[{"taxonomy":"publicacion_coleccion","embeddable":true,"href":"https:\/\/ludiccc.ddns.net\/en\/wp-json\/wp\/v2\/publicacion_coleccion?post=24522"}],"curies":[{"name":"wp","href":"https:\/\/api.w.org\/{rel}","templated":true}]}}

<p><em><strong>Perspectiva Manrique</strong></em> aborda aspectos específicos tanto de la vertiente personal del artista como de su obra. El lector tiene la oportunidad de adentrarse en una serie de aproximaciones que forman un mosaico transversal mediante el cual se dibujan los rasgos más elocuentes de la singular personalidad y la polifacética producción de César Manrique.</p>
<p>Las reflexiones de escritores, profesores universitarios, artistas, arquitectos, críticos e investigadores relevantes de la cultura de Canarias aportan visiones sugerentes, heterogéneas e inéditas que desvelan el carácter poliédrico de un creador y de una obra tan actuales como originales.</p>
<p>Los autores de los textos plantearon las visiones plasmadas en este libro durante las <strong>jornadas tituladas “<a href="https://fcmanrique.org/fcm-c-acti-celebrada/perspectiva-manrique-dia-1/">Perspectiva Manrique”</a></strong>, que, en enero de 2020, se desarrollaron en el marco de la conmemoración del centenario del nacimiento de César Manrique organizado por la Fundación que lleva su nombre entre 2019 y 2020.</p>
<p>Los participantes centraron sus intervenciones en aspectos específicos<br />
del artista y su universo creativo, ya fuese la pintura, las obras paisajísticas,<br />
el activismo o la subjetividad del autor. A través de fogonazos analíticos,<br />
miradas originales y asociaciones intuitivas se subrayan atributos<br />
esenciales del sistema manriqueño o se apuntan lecturas sugerentes que<br />
amplían la comprensión de una obra rica y actual que no deja de interpelar<br />
a nuestra época.</p>
<p><strong>Presentación del libro: </strong><a href="https://fcmanrique.org/fcm-publicacion/pepin-ramirez-el-hombre-que-convirtio-a-manrique-en-cesar/">Nota de prensa</a></p>
<p><strong>Más información sobre las jornadas: </strong><a href="https://fcmanrique.org/wp-content/uploads/fc-manrique-jornadas-perspectiva-manrique.pdf">Nota de prensa</a></p>
<p><strong>Programa completo de las jornadas: </strong><a href="https://fcmanrique.org/wp-content/uploads/DIPTICO_JORNADAS_PERSPECTIVA_3.pdf">Programa completo</a></p>
