{"id":15120,"date":"2018-02-21T11:31:03","date_gmt":"2018-02-21T11:31:03","guid":{"rendered":"https:\/\/fcmanrique.org\/fcm-exposicion\/manrique-ultima-pintura-1992\/"},"modified":"2026-04-23T23:20:12","modified_gmt":"2026-04-23T23:20:12","slug":"manrique-ultima-pintura-1992","status":"publish","type":"fcm_exposicion","link":"https:\/\/ludiccc.ddns.net\/en\/fcm-exposicion\/manrique-ultima-pintura-1992\/","title":{"rendered":"Manrique. \u00daltima pintura (1992)"},"content":{"rendered":"<div class=\"wp-block-columns fcm-page-migration-columns is-layout-flex wp-container-core-columns-is-layout-9d6595d7 wp-block-columns-is-layout-flex\"><div class=\"wp-block-column is-layout-flow wp-block-column-is-layout-flow\" style=\"flex-basis:66.66%\"><figure class=\"wp-block-image size-full\"><img fetchpriority=\"high\" width=\"289\" height=\"246\" src=\"https:\/\/fcm.local\/wp-content\/uploads\/cesar-manrique-expo-ultima-pintura-1992-th.jpg\" class=\"wp-image-16787\" alt=\"Manrique. \u00daltima pintura (1992)\" loading=\"eager\" decoding=\"async\" \/><\/figure>\n<p><em><strong>Manrique. \u00daltima pintura<\/strong><\/em> (1992) se expuso en la sede de la Fundaci\u00f3n C\u00e9sar Manrique entre el 15 de junio y el 8 de septiembre de 1995. La muestra, producida por la FCM, ofrec\u00eda una selecci\u00f3n representativa de las obras pintadas por C\u00e9sar Manrique en el que hab\u00eda de ser el \u00faltimo a\u00f1o de su vida, 1992.<\/p>\n<p>Diez de las once piezas expuestas nunca hab\u00edan sido mostradas al p\u00fablico. En la exposici\u00f3n se exhib\u00edan una pintura y cuatro dibujos que quedaron inacabados a la muerte del artista y se cerraba con la \u00faltima pintura firmada, Parecidos.<\/p>\n<p>Con la propuesta se pretend\u00eda reconstruir su itinerario creativo durante ese periodo postrero, a trav\u00e9s de obras y documentos realizados en todo tipo de soportes: a las pinturas y dibujos se a\u00f1ad\u00edan el diario de C\u00e9sar Manrique de 1992, diferentes textos manuscritos de ese mismo a\u00f1o y la proyecci\u00f3n del v\u00eddeo C\u00e9sar Manrique. Arte y Naturaleza.<\/p>\n<p>La exposici\u00f3n recibi\u00f3 69.000 visitantes.<\/p><\/div><div class=\"wp-block-column is-layout-flow wp-block-column-is-layout-flow\" style=\"flex-basis:33.33%\"><div class=\"wp-block-group detail-panel detail-media wp-block-group-\"><div class=\"wp-block-group__inner-container is-layout-flow wp-block-group-is-layout-flow\"><p><a href=\"https:\/\/fcmanrique.org\/wp-content\/uploads\/expomanriqueultima01_600.jpg\"><\/a><\/p><\/div><\/div><\/div><\/div>","protected":false},"featured_media":16787,"parent":0,"template":"","meta":{"_acf_changed":false,"ngg_post_thumbnail":0,"footnotes":""},"exposicion_linea_discursiva":[50],"class_list":["post-15120","fcm_exposicion","type-fcm_exposicion","status-publish","has-post-thumbnail","hentry","exposicion_linea_discursiva-exposiciones-dedicadas-a-manrique"],"acf":[],"_links":{"self":[{"href":"https:\/\/ludiccc.ddns.net\/en\/wp-json\/wp\/v2\/fcm_exposicion\/15120","targetHints":{"allow":["GET"]}}],"collection":[{"href":"https:\/\/ludiccc.ddns.net\/en\/wp-json\/wp\/v2\/fcm_exposicion"}],"about":[{"href":"https:\/\/ludiccc.ddns.net\/en\/wp-json\/wp\/v2\/types\/fcm_exposicion"}],"version-history":[{"count":3,"href":"https:\/\/ludiccc.ddns.net\/en\/wp-json\/wp\/v2\/fcm_exposicion\/15120\/revisions"}],"predecessor-version":[{"id":27123,"href":"https:\/\/ludiccc.ddns.net\/en\/wp-json\/wp\/v2\/fcm_exposicion\/15120\/revisions\/27123"}],"wp:featuredmedia":[{"embeddable":true,"href":"https:\/\/ludiccc.ddns.net\/en\/wp-json\/wp\/v2\/media\/16787"}],"wp:attachment":[{"href":"https:\/\/ludiccc.ddns.net\/en\/wp-json\/wp\/v2\/media?parent=15120"}],"wp:term":[{"taxonomy":"exposicion_linea_discursiva","embeddable":true,"href":"https:\/\/ludiccc.ddns.net\/en\/wp-json\/wp\/v2\/exposicion_linea_discursiva?post=15120"}],"curies":[{"name":"wp","href":"https:\/\/api.w.org\/{rel}","templated":true}]}}

Manrique. Última pintura (1992)

<div class="wp-block-columns fcm-page-migration-columns is-layout-flex wp-container-core-columns-is-layout-9d6595d7 wp-block-columns-is-layout-flex"><div class="wp-block-column is-layout-flow wp-block-column-is-layout-flow" style="flex-basis:66.66%"><figure class="wp-block-image size-full"><img fetchpriority="high" width="289" height="246" src="https://fcm.local/wp-content/uploads/cesar-manrique-expo-ultima-pintura-1992-th.jpg" class="wp-image-16787" alt="Manrique. Última pintura (1992)" loading="eager" decoding="async" /></figure>
<p><em><strong>Manrique. Última pintura</strong></em> (1992) se expuso en la sede de la Fundación César Manrique entre el 15 de junio y el 8 de septiembre de 1995. La muestra, producida por la FCM, ofrecía una selección representativa de las obras pintadas por César Manrique en el que había de ser el último año de su vida, 1992.</p>
<p>Diez de las once piezas expuestas nunca habían sido mostradas al público. En la exposición se exhibían una pintura y cuatro dibujos que quedaron inacabados a la muerte del artista y se cerraba con la última pintura firmada, Parecidos.</p>
<p>Con la propuesta se pretendía reconstruir su itinerario creativo durante ese periodo postrero, a través de obras y documentos realizados en todo tipo de soportes: a las pinturas y dibujos se añadían el diario de César Manrique de 1992, diferentes textos manuscritos de ese mismo año y la proyección del vídeo César Manrique. Arte y Naturaleza.</p>
<p>La exposición recibió 69.000 visitantes.</p></div><div class="wp-block-column is-layout-flow wp-block-column-is-layout-flow" style="flex-basis:33.33%"><div class="wp-block-group detail-panel detail-media wp-block-group-"><div class="wp-block-group__inner-container is-layout-flow wp-block-group-is-layout-flow"><p><a href="https://fcmanrique.org/wp-content/uploads/expomanriqueultima01_600.jpg"></a></p></div></div></div></div>
