{"id":4533,"date":"2017-05-16T12:56:41","date_gmt":"2017-05-16T12:56:41","guid":{"rendered":"https:\/\/fcmanrique.org\/?p=4533"},"modified":"2026-04-23T23:19:18","modified_gmt":"2026-04-23T23:19:18","slug":"el-espectaculo-cesar-manrique-rojo-negro-blanco-se-represento-los-dias-8-9-10-y-11-de-mayo-en-la-sala-jose-saramago-de-la-fundacion-cesar-manrique","status":"publish","type":"fcm_actividad","link":"https:\/\/ludiccc.ddns.net\/en\/fcm-actividad\/el-espectaculo-cesar-manrique-rojo-negro-blanco-se-represento-los-dias-8-9-10-y-11-de-mayo-en-la-sala-jose-saramago-de-la-fundacion-cesar-manrique\/","title":{"rendered":"El espect\u00e1culo &#8220;C\u00e9sar Manrique. Rojo, negro, blanco&#8221; se represent\u00f3 los d\u00edas 8, 9, 10 y 11 de mayo en la Sala Jos\u00e9 Saramago de la Fundaci\u00f3n C\u00e9sar Manrique"},"content":{"rendered":"<figure class=\"wp-block-image size-full\"><img fetchpriority=\"high\" width=\"1280\" height=\"841\" src=\"https:\/\/fcm.local\/wp-content\/uploads\/fcmanrique-narrac-c-temprano2.jpg\" class=\"wp-image-4535\" alt=\"El espect\u00e1culo \u00abC\u00e9sar Manrique. Rojo, negro, blanco\u00bb se represent\u00f3 los d\u00edas 8, 9, 10 y 11 de mayo en la Sala Jos\u00e9 Saramago de la Fundaci\u00f3n C\u00e9sar Manrique\" loading=\"eager\" decoding=\"async\" srcset=\"https:\/\/fcm.local\/wp-content\/uploads\/fcmanrique-narrac-c-temprano2.jpg 1280w, https:\/\/fcm.local\/wp-content\/uploads\/fcmanrique-narrac-c-temprano2-300x197.jpg 300w, https:\/\/fcm.local\/wp-content\/uploads\/fcmanrique-narrac-c-temprano2-768x505.jpg 768w, https:\/\/fcm.local\/wp-content\/uploads\/fcmanrique-narrac-c-temprano2-1024x673.jpg 1024w\" sizes=\"(max-width: 1280px) 100vw, 1280px\" \/><\/figure>\n<p>El martes, 9 de mayo y el mi\u00e9rcoles, 10 de mayo, a las 19h, en la Sala Jos\u00e9 Saramago de la Fundaci\u00f3n C\u00e9sar Manrique (FCM), tuvieron lugar las representaciones del cuento \u201cC\u00e9sar Manrique. Rojo, negro, blanco\u201d, dirigidas al p\u00fablico familiar. <a href=\"https:\/\/fcmanrique.org\/wp-content\/uploads\/fcmanrique-narr-c-temprano1.jpg\"><img loading=\"lazy\" decoding=\"async\" src=\"https:\/\/fcmanrique.org\/wp-content\/uploads\/fcmanrique-narr-c-temprano1.jpg\" alt=\"\" width=\"311\" height=\"200\"><\/a><\/p>\n<p><a href=\"https:\/\/fcmanrique.org\/wp-content\/uploads\/fcmanrique-narrac-c-temprano2.jpg\"><img loading=\"lazy\" decoding=\"async\" src=\"https:\/\/fcmanrique.org\/wp-content\/uploads\/fcmanrique-narrac-c-temprano2.jpg\" alt=\"\" width=\"313\" height=\"206\"><\/a> Se trata de un espect\u00e1culo de narraci\u00f3n con m\u00fasica de piano y clarinete, creado e interpretado por la narradora de historias Cristina Temprano, en cuya puesta en escena participa Ayoze Rodr\u00edguez, creador e int\u00e9rprete de la m\u00fasica. Siguiendo la trayectoria vital de un ni\u00f1o llamado C\u00e9sar, nacido en Lanzarote y futuro gran artista, se construye un rico tejido visual mediante objetos encontrados en la orilla del mar, recursos narrativos diversos, juegos, sombras chinescas y m\u00fasica que sirven para despertar en los m\u00e1s peque\u00f1os la curiosidad por la creaci\u00f3n, el amor por Lanzarote y el cultivo de la sensibilidad. Este espect\u00e1culo fue encargado y producido por la FCM e intenta acercar la poblaci\u00f3n escolar de la isla al placer de la creaci\u00f3n art\u00edstica mediante una narraci\u00f3n oral que sigue la pauta de la vida de C\u00e9sar Manrique. La actividad se desarroll\u00f3 a<a href=\"https:\/\/fcmanrique.org\/wp-content\/uploads\/fcmanrique-narrac-c-temprano4.jpg\"><img loading=\"lazy\" decoding=\"async\" src=\"https:\/\/fcmanrique.org\/wp-content\/uploads\/fcmanrique-narrac-c-temprano4.jpg\" alt=\"\" width=\"293\" height=\"195\"><\/a>dem\u00e1s, a trav\u00e9s de un programa de representaciones para escolares, coordinado por el Departamento Pedag\u00f3gico d<a href=\"https:\/\/fcmanrique.org\/wp-content\/uploads\/fcmanrique-narrac-c-temprano3.jpg\"><img loading=\"lazy\" decoding=\"async\" src=\"https:\/\/fcmanrique.org\/wp-content\/uploads\/fcmanrique-narrac-c-temprano3.jpg\" alt=\"\" width=\"262\" height=\"196\"><\/a>e la FCM, al que se invit\u00f3 a distintos centros de ense\u00f1anza primaria y secundaria de Lanzarote. Se concertaron un total de 10 sesiones para escolares los d\u00edas 8, 9, 10 y 11 de mayo (dos actuaciones cada d\u00eda en horario de ma\u00f1ana), de modo que m\u00e1s de 750 alumnos y 40 profesores disfrutaron de la teatralizaci\u00f3n sobre la vida y las creaciones del artista lanzarote\u00f1o. M\u00e1s informaci\u00f3n en la nota de prensa en PDF: <a href=\"https:\/\/fcmanrique.org\/wp-content\/uploads\/fcm-narrac-cmanrique-rojo-negro-blanco.pdf\" class=\"fcm-pdf-download-link\">fcm-narrac-cmanrique-rojo-negro-blanco<\/a><\/p>\n<p><a href=\"https:\/\/fcmanrique.org\/wp-content\/uploads\/fcm-narracion-c-temprano.jpg\"><img loading=\"lazy\" decoding=\"async\" src=\"https:\/\/fcmanrique.org\/wp-content\/uploads\/fcm-narracion-c-temprano.jpg\" alt=\"\" width=\"559\" height=\"371\"><\/a><\/p>","protected":false},"featured_media":4535,"parent":0,"template":"","meta":{"_acf_changed":false,"ngg_post_thumbnail":0,"footnotes":""},"actividad_tipo":[37],"actividad_lugar":[],"actividad_departamento":[],"actividad_ciclo":[],"class_list":["post-4533","fcm_actividad","type-fcm_actividad","status-publish","has-post-thumbnail","hentry","actividad_tipo-otras-actividades"],"acf":[],"_links":{"self":[{"href":"https:\/\/ludiccc.ddns.net\/en\/wp-json\/wp\/v2\/fcm_actividad\/4533","targetHints":{"allow":["GET"]}}],"collection":[{"href":"https:\/\/ludiccc.ddns.net\/en\/wp-json\/wp\/v2\/fcm_actividad"}],"about":[{"href":"https:\/\/ludiccc.ddns.net\/en\/wp-json\/wp\/v2\/types\/fcm_actividad"}],"version-history":[{"count":18,"href":"https:\/\/ludiccc.ddns.net\/en\/wp-json\/wp\/v2\/fcm_actividad\/4533\/revisions"}],"predecessor-version":[{"id":26912,"href":"https:\/\/ludiccc.ddns.net\/en\/wp-json\/wp\/v2\/fcm_actividad\/4533\/revisions\/26912"}],"wp:featuredmedia":[{"embeddable":true,"href":"https:\/\/ludiccc.ddns.net\/en\/wp-json\/wp\/v2\/media\/4535"}],"wp:attachment":[{"href":"https:\/\/ludiccc.ddns.net\/en\/wp-json\/wp\/v2\/media?parent=4533"}],"wp:term":[{"taxonomy":"actividad_tipo","embeddable":true,"href":"https:\/\/ludiccc.ddns.net\/en\/wp-json\/wp\/v2\/actividad_tipo?post=4533"},{"taxonomy":"actividad_lugar","embeddable":true,"href":"https:\/\/ludiccc.ddns.net\/en\/wp-json\/wp\/v2\/actividad_lugar?post=4533"},{"taxonomy":"actividad_departamento","embeddable":true,"href":"https:\/\/ludiccc.ddns.net\/en\/wp-json\/wp\/v2\/actividad_departamento?post=4533"},{"taxonomy":"actividad_ciclo","embeddable":true,"href":"https:\/\/ludiccc.ddns.net\/en\/wp-json\/wp\/v2\/actividad_ciclo?post=4533"}],"curies":[{"name":"wp","href":"https:\/\/api.w.org\/{rel}","templated":true}]}}

El espectáculo &#8220;César Manrique. Rojo, negro, blanco&#8221; se representó los días 8, 9, 10 y 11 de mayo en la Sala José Saramago de la Fundación César Manrique

<figure class="wp-block-image size-full"><img fetchpriority="high" width="1280" height="841" src="https://fcm.local/wp-content/uploads/fcmanrique-narrac-c-temprano2.jpg" class="wp-image-4535" alt="El espectáculo «César Manrique. Rojo, negro, blanco» se representó los días 8, 9, 10 y 11 de mayo en la Sala José Saramago de la Fundación César Manrique" loading="eager" decoding="async" srcset="https://fcm.local/wp-content/uploads/fcmanrique-narrac-c-temprano2.jpg 1280w, https://fcm.local/wp-content/uploads/fcmanrique-narrac-c-temprano2-300x197.jpg 300w, https://fcm.local/wp-content/uploads/fcmanrique-narrac-c-temprano2-768x505.jpg 768w, https://fcm.local/wp-content/uploads/fcmanrique-narrac-c-temprano2-1024x673.jpg 1024w" sizes="(max-width: 1280px) 100vw, 1280px" /></figure>
<p>El martes, 9 de mayo y el miércoles, 10 de mayo, a las 19h, en la Sala José Saramago de la Fundación César Manrique (FCM), tuvieron lugar las representaciones del cuento “César Manrique. Rojo, negro, blanco”, dirigidas al público familiar. <a href="https://fcmanrique.org/wp-content/uploads/fcmanrique-narr-c-temprano1.jpg"><img loading="lazy" decoding="async" src="https://fcmanrique.org/wp-content/uploads/fcmanrique-narr-c-temprano1.jpg" alt="" width="311" height="200"></a></p>
<p><a href="https://fcmanrique.org/wp-content/uploads/fcmanrique-narrac-c-temprano2.jpg"><img loading="lazy" decoding="async" src="https://fcmanrique.org/wp-content/uploads/fcmanrique-narrac-c-temprano2.jpg" alt="" width="313" height="206"></a> Se trata de un espectáculo de narración con música de piano y clarinete, creado e interpretado por la narradora de historias Cristina Temprano, en cuya puesta en escena participa Ayoze Rodríguez, creador e intérprete de la música. Siguiendo la trayectoria vital de un niño llamado César, nacido en Lanzarote y futuro gran artista, se construye un rico tejido visual mediante objetos encontrados en la orilla del mar, recursos narrativos diversos, juegos, sombras chinescas y música que sirven para despertar en los más pequeños la curiosidad por la creación, el amor por Lanzarote y el cultivo de la sensibilidad. Este espectáculo fue encargado y producido por la FCM e intenta acercar la población escolar de la isla al placer de la creación artística mediante una narración oral que sigue la pauta de la vida de César Manrique. La actividad se desarrolló a<a href="https://fcmanrique.org/wp-content/uploads/fcmanrique-narrac-c-temprano4.jpg"><img loading="lazy" decoding="async" src="https://fcmanrique.org/wp-content/uploads/fcmanrique-narrac-c-temprano4.jpg" alt="" width="293" height="195"></a>demás, a través de un programa de representaciones para escolares, coordinado por el Departamento Pedagógico d<a href="https://fcmanrique.org/wp-content/uploads/fcmanrique-narrac-c-temprano3.jpg"><img loading="lazy" decoding="async" src="https://fcmanrique.org/wp-content/uploads/fcmanrique-narrac-c-temprano3.jpg" alt="" width="262" height="196"></a>e la FCM, al que se invitó a distintos centros de enseñanza primaria y secundaria de Lanzarote. Se concertaron un total de 10 sesiones para escolares los días 8, 9, 10 y 11 de mayo (dos actuaciones cada día en horario de mañana), de modo que más de 750 alumnos y 40 profesores disfrutaron de la teatralización sobre la vida y las creaciones del artista lanzaroteño. Más información en la nota de prensa en PDF: <a href="https://fcmanrique.org/wp-content/uploads/fcm-narrac-cmanrique-rojo-negro-blanco.pdf" class="fcm-pdf-download-link">fcm-narrac-cmanrique-rojo-negro-blanco</a></p>
<p><a href="https://fcmanrique.org/wp-content/uploads/fcm-narracion-c-temprano.jpg"><img loading="lazy" decoding="async" src="https://fcmanrique.org/wp-content/uploads/fcm-narracion-c-temprano.jpg" alt="" width="559" height="371"></a></p>
