{"id":24628,"date":"2023-11-27T13:21:07","date_gmt":"2023-11-27T13:21:07","guid":{"rendered":"https:\/\/fcmanrique.org\/?post_type=fcm_actividad&#038;p=24628"},"modified":"2026-04-23T23:19:20","modified_gmt":"2026-04-23T23:19:20","slug":"gregorio-cabrera-personas-como-antonio-corujo-demuestran-que-hay-un-hilo-conductor-entre-el-ayer-y-el-presente-que-jamas-debemos-perder-de-vista","status":"publish","type":"fcm_actividad","link":"https:\/\/ludiccc.ddns.net\/en\/fcm-actividad\/gregorio-cabrera-personas-como-antonio-corujo-demuestran-que-hay-un-hilo-conductor-entre-el-ayer-y-el-presente-que-jamas-debemos-perder-de-vista\/","title":{"rendered":"Gregorio Cabrera: \u00abPersonas como Antonio Corujo demuestran que hay un hilo conductor entre el ayer y el presente que jam\u00e1s debemos perder de vista\u00bb"},"content":{"rendered":"<figure class=\"wp-block-image size-full\"><img fetchpriority=\"high\" width=\"400\" height=\"340\" src=\"https:\/\/fcm.local\/wp-content\/uploads\/fc-manrique-actividad-presentacion-libro-antonio-corujo1.jpg\" class=\"wp-image-24650\" alt=\"Gregorio Cabrera: \u00abPersonas como Antonio Corujo demuestran que hay un hilo conductor entre el ayer y el presente que jam\u00e1s debemos perder de vista\u00bb\" loading=\"eager\" decoding=\"async\" srcset=\"https:\/\/fcm.local\/wp-content\/uploads\/fc-manrique-actividad-presentacion-libro-antonio-corujo1.jpg 400w, https:\/\/fcm.local\/wp-content\/uploads\/fc-manrique-actividad-presentacion-libro-antonio-corujo1-300x255.jpg 300w, https:\/\/fcm.local\/wp-content\/uploads\/fc-manrique-actividad-presentacion-libro-antonio-corujo1-289x246.jpg 289w\" sizes=\"(max-width: 400px) 100vw, 400px\" \/><\/figure>\n<p>La Fundaci\u00f3n C\u00e9sar Manrique (FCM) acogi\u00f3 el viernes 24 de noviembre la presentaci\u00f3n del libro <a href=\"https:\/\/fcmanrique.org\/fcm-publicacion\/antonio-corujo-siglos-de-arena-y-sal\/?cpg=1\" target=\"_blank\" rel=\"noopener\"><strong><em>Antonio Corujo. Siglos de arena y sal<\/em><\/strong><\/a>, escrito por Gregorio Cabrera y editado por el Departamento de Publicaciones de la FCM dentro de su colecci\u00f3n \u00abIslas de Memoria\u00bb. El acto tuvo lugar en la sala Jos\u00e9 Saramago (La Plazuela, Arrecife) y fue retransmitido en directo a trav\u00e9s de la web y el canal de Youtube de la instituci\u00f3n. El periodista <strong>Sa\u00fal Garc\u00eda<\/strong> abri\u00f3 el acto justificando su presencia por su amistad con Gregorio Cabrera y por ser el prologuista del libro que se presentaba. Coment\u00f3 que autor y protagonista son dos personas aut\u00e9nticas, genuinas, que reciben la misma frecuencia, que tiene que ver con la tradici\u00f3n oral y el patrimonio inmaterial de la isla, y con la idiosincrasia lanzarote\u00f1a. Se\u00f1al\u00f3 que Corujo es una artista innato y que, tras la lectura del libro, comprendi\u00f3 la importancia de Antonio Corujo como depositario de una tradici\u00f3n pero que adem\u00e1s, a\u00f1ade el valor de hacerla suya y de transformarla, que es lo que hacen los grandes. Asimismo, se\u00f1al\u00f3 que se trata de un libro muy bien escrito, con el lenguaje adecuado, el <em>tempo<\/em>, la composici\u00f3n o el tono, y pidi\u00f3 que se culmine el tr\u00e1mite para su nombramiento como hijo predilecto de Lanzarote.<\/p>\n<figure class=\"wp-block-image alignnone\"><a href=\"https:\/\/fcmanrique.org\/wp-content\/uploads\/fc-manrique-presentacion-libro-antonio-corujo2.jpg\"><img loading=\"lazy\" decoding=\"async\" src=\"https:\/\/fcmanrique.org\/wp-content\/uploads\/fc-manrique-presentacion-libro-antonio-corujo2.jpg\" alt=\"\" width=\"920\" height=\"610\"><\/a><figcaption class=\"wp-element-caption\">Sa\u00fal Garc\u00eda y Gregorio Cabrera<\/figcaption><\/figure>\n<p><strong>Gregorio Cabrera<\/strong> comenz\u00f3 se\u00f1alando que hay acontecimientos que permanecen para siempre en la memoria. \u00abYo fui uno de aquellos ni\u00f1os y ni\u00f1as del colegio Salinas de Arrecife a quienes avisaron un d\u00eda antes de que vendr\u00eda un se\u00f1or a actuar en clase. Nos dijeron algo de unas coplas de El Salinero, aunque nuestra imaginaci\u00f3n infantil pas\u00f3 a otra cosa r\u00e1pidamente\u00bb, afirm\u00f3. Aquel hombre, claro, era Antonio Corujo, con su cachorro, su timple y sus lapas. \u00abY el eco de ese timple, de esas lapas y de esas coplas reson\u00f3 para siempre en nuestro interior\u00bb, asegur\u00f3. \u00abNos entreg\u00f3 su arte, su verdad, su conocimiento, y es lo que ha hecho toda su vida. Por eso nadie que haya escuchado a Antonio puede olvidarlo\u00bb. Enlaz\u00f3 este hecho el autor del libro con la impresi\u00f3n que debieron llevarse los hombres que estaban en la barber\u00eda y cantina de su padre, en San Bartolom\u00e9, \u00abaquel d\u00eda que el peque\u00f1o Antonillo se arranc\u00f3 a cantar y los dej\u00f3 a todos con la boca abierta antes de volver a &#8216;ver, o\u00edr y callar&#8217;, que era la orden que le impon\u00eda su padre mientras serv\u00eda vasitos de vino de La Florida o cog\u00eda la brocha para echar espuma en los rostros de quienes iban a ser afeitados\u00bb. <a href=\"https:\/\/fcmanrique.org\/wp-content\/uploads\/fc-manrique-presentacion-libro-antonio-corujo1.jpg\"><img loading=\"lazy\" decoding=\"async\" src=\"https:\/\/fcmanrique.org\/wp-content\/uploads\/fc-manrique-presentacion-libro-antonio-corujo1.jpg\" alt=\"\" width=\"920\" height=\"599\"><\/a> \u00abAntonio, en definitiva, es un artista porque deja huella. Y tambi\u00e9n porque es incapaz de interpretar algo que no sienta como propio y porque quiebra los l\u00edmites del tiempo\u00bb. Cabrera narr\u00f3 el proceso de entrevistas con Corujo para afrontar la escritura de este libro, que supone el s\u00e9ptimo n\u00famero de la colecci\u00f3n \u00abIslas de Memoria\u00bb. Comenzaron dialogando en su peluquer\u00eda, pero las entrevistas se ve\u00edan interrumpidas por los clientes, y despu\u00e9s en restaurantes, donde Antonio sol\u00eda terminar enhebrando una copla, una seguidilla o un poema tras otro, \u00abas\u00ed que era normal que acabara llamando la atenci\u00f3n de todo el mundo, lo cual no era lo mejor para la entrevista, pero s\u00ed supon\u00eda la mejor demostraci\u00f3n de que donde est\u00e1 Antonio est\u00e1 el escenario\u00bb, tal y como reconocen sobre \u00e9l desde el escritor Antonio Hormiga hasta el timplista Domingo Rodr\u00edguez, <em>El Colorao<\/em>. \u00abLa verdad es que si no existiera un Antonio, habr\u00eda que escribirlo. Por fortuna, existe, y solo ha sido necesario escribir su biograf\u00eda\u00bb, dijo el autor, que considera que \u00abhablar con Antonio y contar su historia es como entrar en un t\u00fanel del tiempo\u00bb, en un recorrido desde el barrio de El Jable en San Bartolom\u00e9 hasta la actualidad pasando por las salinas de Janubio. \u00abAntonio es, a su manera, una duna en la que confluyen siglos de arena y es depositario del legado de su familia\u00bb. Cabrera explic\u00f3 que las coplas de V\u00edctor Fern\u00e1ndez Gopar <em>El Salinero <\/em>\u00abson coplas que denunciaron las desigualdades sociales de la \u00e9poca, as\u00ed que no es raro que encontraran el mejor eco posible en Antonio Corujo, que, como ya sabemos, no le presta su voz a nada que no encierre un significado\u00bb. <a href=\"https:\/\/fcmanrique.org\/wp-content\/uploads\/fc-manrique-presentacion-libro-antonio-corujo.jpg\"><img loading=\"lazy\" decoding=\"async\" src=\"https:\/\/fcmanrique.org\/wp-content\/uploads\/fc-manrique-presentacion-libro-antonio-corujo.jpg\" alt=\"\" width=\"920\" height=\"637\"><\/a> Antonio Corujo siempre ha vivido en el presente, aunque lo haga desde la defensa de la tradici\u00f3n. Prueba de ello es que algunos de los proyectos musicales m\u00e1s innovadores que han tenido lugar en las \u00faltimas d\u00e9cadas en Canarias han contado con su colaboraci\u00f3n. \u00abPersonas como Antonio nos demuestran que existe un hilo conductor entre el ayer y el presente que jam\u00e1s debemos perder de vista. Y no como un ejercicio de nostalgia, sino porque tirar de este hilo invisible nos har\u00e1 ver el presente y el futuro de una manera m\u00e1s clara y diferenciar entre lo que es un legado y lo que es simplemente un lastre\u00bb, agreg\u00f3 Cabrera. El autor finaliz\u00f3 su intervenci\u00f3n hablando del proceso de escritura del libro. En este sentido explic\u00f3 como su intenci\u00f3n \u00abha sido transmitir parte de ese conocimiento y de esa particular manera de estar en el mundo de Antonio\u00bb. Revel\u00f3 que el libro surgi\u00f3 en la mesa de la cocina de su casa de La Isleta \u00abdonde se cocin\u00f3 literalmente este texto, porque es la mesa m\u00e1s grande que tenemos y la \u00fanica donde pod\u00edamos desplegar los cientos de folios con apuntes y recortes de prensa de cada cap\u00edtulo\u00bb. Se\u00f1al\u00f3 que acab\u00f3 saliendo airoso de ese proceso de escritura \u00abgracias a la gran verdad que habita en Antonio Corujo\u00bb. \u00abSu autenticidad me salv\u00f3 de todas las tormentas\u00bb, afirm\u00f3 para posteriormente cerrar el acto citando unas palabras de Antonio Corujo que ya forman parte de la banda sonora de Lanzarote: \u00abEstamos, que no es poco, y nos seguimos mirando\u00bb. Como colof\u00f3n, el protagonista del libro recit\u00f3 ante el p\u00fablico el poema <em>Lanzarote<\/em>, de Vicente C. Hern\u00e1ndez. A continuaci\u00f3n, y durante m\u00e1s de una hora, el autor y el protagonista procedieron a la firma de los ejemplares del libro. <a href=\"https:\/\/fcmanrique.org\/wp-content\/uploads\/fc-manrique-invitacion-antonio-corujo.jpg\"><img loading=\"lazy\" decoding=\"async\" src=\"https:\/\/fcmanrique.org\/wp-content\/uploads\/fc-manrique-invitacion-antonio-corujo.jpg\" alt=\"\" width=\"1200\" height=\"1200\"><\/a><\/p>\n<p><strong>M\u00e1s informaci\u00f3n: <\/strong><a href=\"https:\/\/fcmanrique.org\/wp-content\/uploads\/fc-manrique-presentacion-libro-antonio-corujo.pdf\" class=\"fcm-pdf-download-link\">Nota de prensa<\/a><\/p>\n<p><strong>Grabaci\u00f3n de la conferencia:<\/strong><\/p>\n<p><a href=\"https:\/\/fcmanrique.org\/fcm-video\/antonio-corujo-siglos-de-arena-y-sal\/\" target=\"_blank\" rel=\"noopener\">Grabaci\u00f3n<\/a><\/p>","protected":false},"featured_media":24650,"parent":0,"template":"","meta":{"_acf_changed":false,"ngg_post_thumbnail":0,"footnotes":""},"actividad_tipo":[36],"actividad_lugar":[49],"actividad_departamento":[],"actividad_ciclo":[],"class_list":["post-24628","fcm_actividad","type-fcm_actividad","status-publish","has-post-thumbnail","hentry","actividad_tipo-presentacion-libros","actividad_lugar-lugar-sala-saramago"],"acf":[],"_links":{"self":[{"href":"https:\/\/ludiccc.ddns.net\/en\/wp-json\/wp\/v2\/fcm_actividad\/24628","targetHints":{"allow":["GET"]}}],"collection":[{"href":"https:\/\/ludiccc.ddns.net\/en\/wp-json\/wp\/v2\/fcm_actividad"}],"about":[{"href":"https:\/\/ludiccc.ddns.net\/en\/wp-json\/wp\/v2\/types\/fcm_actividad"}],"version-history":[{"count":15,"href":"https:\/\/ludiccc.ddns.net\/en\/wp-json\/wp\/v2\/fcm_actividad\/24628\/revisions"}],"predecessor-version":[{"id":26994,"href":"https:\/\/ludiccc.ddns.net\/en\/wp-json\/wp\/v2\/fcm_actividad\/24628\/revisions\/26994"}],"wp:featuredmedia":[{"embeddable":true,"href":"https:\/\/ludiccc.ddns.net\/en\/wp-json\/wp\/v2\/media\/24650"}],"wp:attachment":[{"href":"https:\/\/ludiccc.ddns.net\/en\/wp-json\/wp\/v2\/media?parent=24628"}],"wp:term":[{"taxonomy":"actividad_tipo","embeddable":true,"href":"https:\/\/ludiccc.ddns.net\/en\/wp-json\/wp\/v2\/actividad_tipo?post=24628"},{"taxonomy":"actividad_lugar","embeddable":true,"href":"https:\/\/ludiccc.ddns.net\/en\/wp-json\/wp\/v2\/actividad_lugar?post=24628"},{"taxonomy":"actividad_departamento","embeddable":true,"href":"https:\/\/ludiccc.ddns.net\/en\/wp-json\/wp\/v2\/actividad_departamento?post=24628"},{"taxonomy":"actividad_ciclo","embeddable":true,"href":"https:\/\/ludiccc.ddns.net\/en\/wp-json\/wp\/v2\/actividad_ciclo?post=24628"}],"curies":[{"name":"wp","href":"https:\/\/api.w.org\/{rel}","templated":true}]}}

Gregorio Cabrera: «Personas como Antonio Corujo demuestran que hay un hilo conductor entre el ayer y el presente que jamás debemos perder de vista»

<figure class="wp-block-image size-full"><img fetchpriority="high" width="400" height="340" src="https://fcm.local/wp-content/uploads/fc-manrique-actividad-presentacion-libro-antonio-corujo1.jpg" class="wp-image-24650" alt="Gregorio Cabrera: «Personas como Antonio Corujo demuestran que hay un hilo conductor entre el ayer y el presente que jamás debemos perder de vista»" loading="eager" decoding="async" srcset="https://fcm.local/wp-content/uploads/fc-manrique-actividad-presentacion-libro-antonio-corujo1.jpg 400w, https://fcm.local/wp-content/uploads/fc-manrique-actividad-presentacion-libro-antonio-corujo1-300x255.jpg 300w, https://fcm.local/wp-content/uploads/fc-manrique-actividad-presentacion-libro-antonio-corujo1-289x246.jpg 289w" sizes="(max-width: 400px) 100vw, 400px" /></figure>
<p>La Fundación César Manrique (FCM) acogió el viernes 24 de noviembre la presentación del libro <a href="https://fcmanrique.org/fcm-publicacion/antonio-corujo-siglos-de-arena-y-sal/?cpg=1" target="_blank" rel="noopener"><strong><em>Antonio Corujo. Siglos de arena y sal</em></strong></a>, escrito por Gregorio Cabrera y editado por el Departamento de Publicaciones de la FCM dentro de su colección «Islas de Memoria». El acto tuvo lugar en la sala José Saramago (La Plazuela, Arrecife) y fue retransmitido en directo a través de la web y el canal de Youtube de la institución. El periodista <strong>Saúl García</strong> abrió el acto justificando su presencia por su amistad con Gregorio Cabrera y por ser el prologuista del libro que se presentaba. Comentó que autor y protagonista son dos personas auténticas, genuinas, que reciben la misma frecuencia, que tiene que ver con la tradición oral y el patrimonio inmaterial de la isla, y con la idiosincrasia lanzaroteña. Señaló que Corujo es una artista innato y que, tras la lectura del libro, comprendió la importancia de Antonio Corujo como depositario de una tradición pero que además, añade el valor de hacerla suya y de transformarla, que es lo que hacen los grandes. Asimismo, señaló que se trata de un libro muy bien escrito, con el lenguaje adecuado, el <em>tempo</em>, la composición o el tono, y pidió que se culmine el trámite para su nombramiento como hijo predilecto de Lanzarote.</p>
<figure class="wp-block-image alignnone"><a href="https://fcmanrique.org/wp-content/uploads/fc-manrique-presentacion-libro-antonio-corujo2.jpg"><img loading="lazy" decoding="async" src="https://fcmanrique.org/wp-content/uploads/fc-manrique-presentacion-libro-antonio-corujo2.jpg" alt="" width="920" height="610"></a><figcaption class="wp-element-caption">Saúl García y Gregorio Cabrera</figcaption></figure>
<p><strong>Gregorio Cabrera</strong> comenzó señalando que hay acontecimientos que permanecen para siempre en la memoria. «Yo fui uno de aquellos niños y niñas del colegio Salinas de Arrecife a quienes avisaron un día antes de que vendría un señor a actuar en clase. Nos dijeron algo de unas coplas de El Salinero, aunque nuestra imaginación infantil pasó a otra cosa rápidamente», afirmó. Aquel hombre, claro, era Antonio Corujo, con su cachorro, su timple y sus lapas. «Y el eco de ese timple, de esas lapas y de esas coplas resonó para siempre en nuestro interior», aseguró. «Nos entregó su arte, su verdad, su conocimiento, y es lo que ha hecho toda su vida. Por eso nadie que haya escuchado a Antonio puede olvidarlo». Enlazó este hecho el autor del libro con la impresión que debieron llevarse los hombres que estaban en la barbería y cantina de su padre, en San Bartolomé, «aquel día que el pequeño Antonillo se arrancó a cantar y los dejó a todos con la boca abierta antes de volver a &#8216;ver, oír y callar&#8217;, que era la orden que le imponía su padre mientras servía vasitos de vino de La Florida o cogía la brocha para echar espuma en los rostros de quienes iban a ser afeitados». <a href="https://fcmanrique.org/wp-content/uploads/fc-manrique-presentacion-libro-antonio-corujo1.jpg"><img loading="lazy" decoding="async" src="https://fcmanrique.org/wp-content/uploads/fc-manrique-presentacion-libro-antonio-corujo1.jpg" alt="" width="920" height="599"></a> «Antonio, en definitiva, es un artista porque deja huella. Y también porque es incapaz de interpretar algo que no sienta como propio y porque quiebra los límites del tiempo». Cabrera narró el proceso de entrevistas con Corujo para afrontar la escritura de este libro, que supone el séptimo número de la colección «Islas de Memoria». Comenzaron dialogando en su peluquería, pero las entrevistas se veían interrumpidas por los clientes, y después en restaurantes, donde Antonio solía terminar enhebrando una copla, una seguidilla o un poema tras otro, «así que era normal que acabara llamando la atención de todo el mundo, lo cual no era lo mejor para la entrevista, pero sí suponía la mejor demostración de que donde está Antonio está el escenario», tal y como reconocen sobre él desde el escritor Antonio Hormiga hasta el timplista Domingo Rodríguez, <em>El Colorao</em>. «La verdad es que si no existiera un Antonio, habría que escribirlo. Por fortuna, existe, y solo ha sido necesario escribir su biografía», dijo el autor, que considera que «hablar con Antonio y contar su historia es como entrar en un túnel del tiempo», en un recorrido desde el barrio de El Jable en San Bartolomé hasta la actualidad pasando por las salinas de Janubio. «Antonio es, a su manera, una duna en la que confluyen siglos de arena y es depositario del legado de su familia». Cabrera explicó que las coplas de Víctor Fernández Gopar <em>El Salinero </em>«son coplas que denunciaron las desigualdades sociales de la época, así que no es raro que encontraran el mejor eco posible en Antonio Corujo, que, como ya sabemos, no le presta su voz a nada que no encierre un significado». <a href="https://fcmanrique.org/wp-content/uploads/fc-manrique-presentacion-libro-antonio-corujo.jpg"><img loading="lazy" decoding="async" src="https://fcmanrique.org/wp-content/uploads/fc-manrique-presentacion-libro-antonio-corujo.jpg" alt="" width="920" height="637"></a> Antonio Corujo siempre ha vivido en el presente, aunque lo haga desde la defensa de la tradición. Prueba de ello es que algunos de los proyectos musicales más innovadores que han tenido lugar en las últimas décadas en Canarias han contado con su colaboración. «Personas como Antonio nos demuestran que existe un hilo conductor entre el ayer y el presente que jamás debemos perder de vista. Y no como un ejercicio de nostalgia, sino porque tirar de este hilo invisible nos hará ver el presente y el futuro de una manera más clara y diferenciar entre lo que es un legado y lo que es simplemente un lastre», agregó Cabrera. El autor finalizó su intervención hablando del proceso de escritura del libro. En este sentido explicó como su intención «ha sido transmitir parte de ese conocimiento y de esa particular manera de estar en el mundo de Antonio». Reveló que el libro surgió en la mesa de la cocina de su casa de La Isleta «donde se cocinó literalmente este texto, porque es la mesa más grande que tenemos y la única donde podíamos desplegar los cientos de folios con apuntes y recortes de prensa de cada capítulo». Señaló que acabó saliendo airoso de ese proceso de escritura «gracias a la gran verdad que habita en Antonio Corujo». «Su autenticidad me salvó de todas las tormentas», afirmó para posteriormente cerrar el acto citando unas palabras de Antonio Corujo que ya forman parte de la banda sonora de Lanzarote: «Estamos, que no es poco, y nos seguimos mirando». Como colofón, el protagonista del libro recitó ante el público el poema <em>Lanzarote</em>, de Vicente C. Hernández. A continuación, y durante más de una hora, el autor y el protagonista procedieron a la firma de los ejemplares del libro. <a href="https://fcmanrique.org/wp-content/uploads/fc-manrique-invitacion-antonio-corujo.jpg"><img loading="lazy" decoding="async" src="https://fcmanrique.org/wp-content/uploads/fc-manrique-invitacion-antonio-corujo.jpg" alt="" width="1200" height="1200"></a></p>
<p><strong>Más información: </strong><a href="https://fcmanrique.org/wp-content/uploads/fc-manrique-presentacion-libro-antonio-corujo.pdf" class="fcm-pdf-download-link">Nota de prensa</a></p>
<p><strong>Grabación de la conferencia:</strong></p>
<p><a href="https://fcmanrique.org/fcm-video/antonio-corujo-siglos-de-arena-y-sal/" target="_blank" rel="noopener">Grabación</a></p>
