{"id":22551,"date":"2022-04-01T10:22:25","date_gmt":"2022-04-01T10:22:25","guid":{"rendered":"https:\/\/fcmanrique.org\/?post_type=fcm_actividad&#038;p=22551"},"modified":"2026-04-23T23:19:19","modified_gmt":"2026-04-23T23:19:19","slug":"un-cambio-de-civilizacion-y-una-constitucion-para-la-tierra-para-procurar-que-este-planeta-sea-mas-habitable","status":"publish","type":"fcm_actividad","link":"https:\/\/ludiccc.ddns.net\/en\/fcm-actividad\/un-cambio-de-civilizacion-y-una-constitucion-para-la-tierra-para-procurar-que-este-planeta-sea-mas-habitable\/","title":{"rendered":"<em>Un cambio de civilizaci\u00f3n<\/em> y una <em>Constituci\u00f3n para la Tierra<\/em> para procurar que este Planeta sea m\u00e1s habitable"},"content":{"rendered":"<figure class=\"wp-block-image size-full\"><img fetchpriority=\"high\" width=\"400\" height=\"340\" src=\"https:\/\/fcm.local\/wp-content\/uploads\/fc-manrique-actividad-naredo-martin-pallin.jpg\" class=\"wp-image-22583\" alt=\"Un cambio de civilizaci\u00f3n y una Constituci\u00f3n para la Tierra para procurar que este Planeta sea m\u00e1s habitable\" loading=\"eager\" decoding=\"async\" srcset=\"https:\/\/fcm.local\/wp-content\/uploads\/fc-manrique-actividad-naredo-martin-pallin.jpg 400w, https:\/\/fcm.local\/wp-content\/uploads\/fc-manrique-actividad-naredo-martin-pallin-300x255.jpg 300w, https:\/\/fcm.local\/wp-content\/uploads\/fc-manrique-actividad-naredo-martin-pallin-289x246.jpg 289w\" sizes=\"(max-width: 400px) 100vw, 400px\" \/><\/figure>\n<p>Despu\u00e9s de algo m\u00e1s de dos a\u00f1os sin actividad cultural por la pandemia, la Fundaci\u00f3n C\u00e9sar Manrique, el d\u00eda 31 de marzo de 2022, volvi\u00f3 a llenar la Sala Jos\u00e9 Saramago para presentar los \u00faltimos trabajos de dos de los miembros del Gabinete cient\u00edfico de la Reserva de la Biosfera de Lanzarote: Jos\u00e9 Manuel Naredo, que acaba de escribir <em><strong>La cr\u00edtica agotada. Claves para un cambio de civilizaci\u00f3n<\/strong><\/em> y Jos\u00e9 Antonio Mart\u00edn Pall\u00edn, con <em><strong>Una constituci\u00f3n para la Tierra<\/strong><\/em>. La abogada Irma Ferrer present\u00f3 el acto y condujo en su \u00faltimo tramo un coloquio. Alab\u00f3 la fortaleza y generosidad de ambos por compartir su conocimiento con esta Isla: \u201cSolo el conocimiento y la sabidur\u00eda nos van a permitir enfrentarnos al futuro\u201d.<\/p>\n<p><a href=\"https:\/\/fcmanrique.org\/wp-content\/uploads\/fc-manrique-presentacion-naredo-martin-pallin.jpg\"><img loading=\"lazy\" decoding=\"async\" src=\"https:\/\/fcmanrique.org\/wp-content\/uploads\/fc-manrique-presentacion-naredo-martin-pallin.jpg\" alt=\"\" width=\"920\" height=\"592\"><\/a> El prop\u00f3sito de <strong>Naredo<\/strong> con su \u00faltimo libro es el de desvelar las causas del <em>impass<\/em> sociopol\u00edtico que vivimos y los requisitos para reorientar esta crisis hacia horizontes ecol\u00f3gicos y saludables. La portada refleja el mito de S\u00edsifo como met\u00e1fora de la movilizaci\u00f3n social. Para Naredo, \u201cestamos peor, en cuanto a perspectivas de cambio, que en los a\u00f1os setenta\u201d, cuando el cambio parec\u00eda plausible. Es en esa d\u00e9cada cuando el mundo financiero se comienza a separar del mundo real y del enfoque econ\u00f3mico ordinario. Este <em>impass<\/em> pol\u00edtico viene acompa\u00f1ado de un <em>impass<\/em> ideol\u00f3gico y sus causas residen, por un lado, en el repunte de la econom\u00eda a partir de los a\u00f1os ochenta, en la invenci\u00f3n de la imagen verde y el medio ambiente y en la desorientaci\u00f3n de la izquierda. El libro consta de cuatro partes: la primera est\u00e1 dedicada al contexto de crisis civilizatoria. La segunda, a los no conceptos que agotan el discurso ecologista, la tercera a los no conceptos que agotan el discurso pol\u00edtico, y por \u00faltimo a la encrucijada pol\u00edtica actual. En los setenta comienzan a proliferar las administraciones que dicen velar por el medio ambiente aunque en realidad carecen de competencias para ello, mientras que la izquierda pierde la iniciativa y disipa sus energ\u00edas en esfuerzos in\u00fatiles. \u201cHemos pasado del sistema econ\u00f3mico a una econom\u00eda de sistemas\u201d. Ahora un pa\u00eds desarrollado es el que atrae capital. Como ejemplo, Estados Unidos, el m\u00e1s desarrollado, es el m\u00e1s endeudado. Desarrollado significa depredador. \u201cLa met\u00e1fora de la producci\u00f3n encubre la realidad de la adquisici\u00f3n\u201d, seg\u00fan Naredo, que puso sobre la mesa otras falacias, como que el capitalismo sea una econom\u00eda de mercado cuando en realidad tiende al monopolio. \u201cEstamos en un capitalismo clientelar y corrupto\u201d. En el apartado de propuestas, Naredo considera que para que prospere un paradigma ecointegrador, hay que asumir el colapso de las viejas idolatr\u00edas, lograr una interpretaci\u00f3n com\u00fan de la evoluci\u00f3n de la especie humana y conseguir propuestas inclusivas y atractivas, as\u00ed como centrar las cr\u00edticas en el n\u00facleo duro de la ideolog\u00eda y las instituciones dominantes. <strong>Una Constituci\u00f3n<\/strong> El magistrado<strong> Jos\u00e9 Antonio Mart\u00edn Pall\u00edn<\/strong> record\u00f3 que fue el primer ponente en Espa\u00f1a en redactar una sentencia por un delito contra el medio ambiente, lo que le llev\u00f3 a interesarse por este asunto. Dijo que son las comunidades ind\u00edgenas las que saben el futuro que le espera a la humanidad y que los textos constitucionales de Ecuador y Bolivia integran el respeto por la Tierra, que tiene derechos que deben ser ejercitados a trav\u00e9s de los tribunales para que sean efectivos y reales. \u201cPero el Derecho puede hacer poco si no hay convicci\u00f3n de la necesidad de poner coto a este desarrollo descontrolado\u201d. <a href=\"https:\/\/fcmanrique.org\/wp-content\/uploads\/fc-manrique-presentacion-naredo-martin-pallin1.jpg\"><img loading=\"lazy\" decoding=\"async\" src=\"https:\/\/fcmanrique.org\/wp-content\/uploads\/fc-manrique-presentacion-naredo-martin-pallin1.jpg\" alt=\"\" width=\"920\" height=\"598\"><\/a><\/p>\n<p>Record\u00f3 tambi\u00e9n que el nacimiento de los parques nacionales, primero en Estados Unidos, se debi\u00f3 a la carta de un jefe indio por la tala de unas secuoias y que la intervenci\u00f3n del Derecho penal por un delito de medio ambiente se produce tras el desastre de Bophal, en India, con 30.000 muertos. Mart\u00edn Pall\u00edn considera que el movimiento ecologista ha avanzado en el empe\u00f1o de inculcar el amor a la Tierra, pero con el riesgo de que se convierta en una religi\u00f3n o un club ideol\u00f3gico porque debe ser \u201cun objetivo m\u00e1s all\u00e1 de las ideolog\u00edas\u201d.<\/p>\n<p>En el campo del Derecho se han ido imponiendo las personas jur\u00eddicas a las personas f\u00edsicas y a\u00fan se puede avanzar, por tanto, hacia los derechos de la Tierra. Va calando la idea de que la biodiversiad, las plantas y los animales, son sujetos de Derecho y seres sintientes. Se ha avanzado en casos como el caso Morton contra Disney para proteger los derechos de un r\u00edo, o por los derechos de los \u00e1rboles en un caso de deforestaci\u00f3n contra Chevron. Incluso el Tribunal Penal Internacional considera un crimen de guerra aquel que genera da\u00f1os contra el medio ambiente.<\/p>\n<p><a href=\"https:\/\/fcmanrique.org\/wp-content\/uploads\/fc-manrique-presentacion-naredo-martin-pallin3.jpg\"><img loading=\"lazy\" decoding=\"async\" src=\"https:\/\/fcmanrique.org\/wp-content\/uploads\/fc-manrique-presentacion-naredo-martin-pallin3.jpg\" alt=\"\" width=\"920\" height=\"608\"><\/a><\/p>\n<p>Por todo esto, Mart\u00edn Pall\u00edn esboza en este libro lo que podr\u00eda ser una Constituci\u00f3n para la Tierra, que despu\u00e9s necesitar\u00e1 mecanismos para que sus derechos sean reales y efectivos. Lo prioritario, apunt\u00f3, es que prevalezca la vida de las personas frente a los recursos econ\u00f3micos y que se incluya como obligatoria en todos los ciclos de la ense\u00f1anza una materia que ense\u00f1e los valores de la ecolog\u00eda \u201cpara garantizar la habitabilidad del Planeta\u201d. \u201cEste movimiento tiene que ir calando y es imprescindible\u201d. Y como hay algunas constituciones que incluyen la bandera y el himno, propone que el himno sea la Canci\u00f3n de la Tierra de Mahler. \u201c\u00a1Movilizaos antes de que sea tarde!\u201d, concluy\u00f3.<\/p>\n<p><a href=\"https:\/\/fcmanrique.org\/wp-content\/uploads\/fc-manrique-presentacion-naredo-martin-pallin2.jpg\"><img loading=\"lazy\" decoding=\"async\" src=\"https:\/\/fcmanrique.org\/wp-content\/uploads\/fc-manrique-presentacion-naredo-martin-pallin2.jpg\" alt=\"\" width=\"920\" height=\"615\"><\/a><\/p>\n<p><a href=\"https:\/\/fcmanrique.org\/wp-content\/uploads\/plantilla-FCM-simple-Naredo-Pallin-copiared.jpg\"><img loading=\"lazy\" decoding=\"async\" src=\"https:\/\/fcmanrique.org\/wp-content\/uploads\/plantilla-FCM-simple-Naredo-Pallin-copiared.jpg\" alt=\"\" width=\"640\" height=\"640\"><\/a><strong>M\u00e1s informaci\u00f3n:<\/strong><\/p>\n<p><a href=\"https:\/\/fcmanrique.org\/wp-content\/uploads\/fc-manrique-conferencia-naredo-martin-pallin.pdf\" target=\"_blank\" rel=\"noopener\" class=\"fcm-pdf-download-link\">Nota de prensa<\/a><\/p>","protected":false},"featured_media":22583,"parent":0,"template":"","meta":{"_acf_changed":false,"ngg_post_thumbnail":0,"footnotes":""},"actividad_tipo":[36],"actividad_lugar":[49],"actividad_departamento":[31],"actividad_ciclo":[],"class_list":["post-22551","fcm_actividad","type-fcm_actividad","status-publish","has-post-thumbnail","hentry","actividad_tipo-presentacion-libros","actividad_lugar-lugar-sala-saramago","actividad_departamento-departamento-de-programas-culturales"],"acf":[],"_links":{"self":[{"href":"https:\/\/ludiccc.ddns.net\/en\/wp-json\/wp\/v2\/fcm_actividad\/22551","targetHints":{"allow":["GET"]}}],"collection":[{"href":"https:\/\/ludiccc.ddns.net\/en\/wp-json\/wp\/v2\/fcm_actividad"}],"about":[{"href":"https:\/\/ludiccc.ddns.net\/en\/wp-json\/wp\/v2\/types\/fcm_actividad"}],"version-history":[{"count":8,"href":"https:\/\/ludiccc.ddns.net\/en\/wp-json\/wp\/v2\/fcm_actividad\/22551\/revisions"}],"predecessor-version":[{"id":26940,"href":"https:\/\/ludiccc.ddns.net\/en\/wp-json\/wp\/v2\/fcm_actividad\/22551\/revisions\/26940"}],"wp:featuredmedia":[{"embeddable":true,"href":"https:\/\/ludiccc.ddns.net\/en\/wp-json\/wp\/v2\/media\/22583"}],"wp:attachment":[{"href":"https:\/\/ludiccc.ddns.net\/en\/wp-json\/wp\/v2\/media?parent=22551"}],"wp:term":[{"taxonomy":"actividad_tipo","embeddable":true,"href":"https:\/\/ludiccc.ddns.net\/en\/wp-json\/wp\/v2\/actividad_tipo?post=22551"},{"taxonomy":"actividad_lugar","embeddable":true,"href":"https:\/\/ludiccc.ddns.net\/en\/wp-json\/wp\/v2\/actividad_lugar?post=22551"},{"taxonomy":"actividad_departamento","embeddable":true,"href":"https:\/\/ludiccc.ddns.net\/en\/wp-json\/wp\/v2\/actividad_departamento?post=22551"},{"taxonomy":"actividad_ciclo","embeddable":true,"href":"https:\/\/ludiccc.ddns.net\/en\/wp-json\/wp\/v2\/actividad_ciclo?post=22551"}],"curies":[{"name":"wp","href":"https:\/\/api.w.org\/{rel}","templated":true}]}}

<em>Un cambio de civilización</em> y una <em>Constitución para la Tierra</em> para procurar que este Planeta sea más habitable

<figure class="wp-block-image size-full"><img fetchpriority="high" width="400" height="340" src="https://fcm.local/wp-content/uploads/fc-manrique-actividad-naredo-martin-pallin.jpg" class="wp-image-22583" alt="Un cambio de civilización y una Constitución para la Tierra para procurar que este Planeta sea más habitable" loading="eager" decoding="async" srcset="https://fcm.local/wp-content/uploads/fc-manrique-actividad-naredo-martin-pallin.jpg 400w, https://fcm.local/wp-content/uploads/fc-manrique-actividad-naredo-martin-pallin-300x255.jpg 300w, https://fcm.local/wp-content/uploads/fc-manrique-actividad-naredo-martin-pallin-289x246.jpg 289w" sizes="(max-width: 400px) 100vw, 400px" /></figure>
<p>Después de algo más de dos años sin actividad cultural por la pandemia, la Fundación César Manrique, el día 31 de marzo de 2022, volvió a llenar la Sala José Saramago para presentar los últimos trabajos de dos de los miembros del Gabinete científico de la Reserva de la Biosfera de Lanzarote: José Manuel Naredo, que acaba de escribir <em><strong>La crítica agotada. Claves para un cambio de civilización</strong></em> y José Antonio Martín Pallín, con <em><strong>Una constitución para la Tierra</strong></em>. La abogada Irma Ferrer presentó el acto y condujo en su último tramo un coloquio. Alabó la fortaleza y generosidad de ambos por compartir su conocimiento con esta Isla: “Solo el conocimiento y la sabiduría nos van a permitir enfrentarnos al futuro”.</p>
<p><a href="https://fcmanrique.org/wp-content/uploads/fc-manrique-presentacion-naredo-martin-pallin.jpg"><img loading="lazy" decoding="async" src="https://fcmanrique.org/wp-content/uploads/fc-manrique-presentacion-naredo-martin-pallin.jpg" alt="" width="920" height="592"></a> El propósito de <strong>Naredo</strong> con su último libro es el de desvelar las causas del <em>impass</em> sociopolítico que vivimos y los requisitos para reorientar esta crisis hacia horizontes ecológicos y saludables. La portada refleja el mito de Sísifo como metáfora de la movilización social. Para Naredo, “estamos peor, en cuanto a perspectivas de cambio, que en los años setenta”, cuando el cambio parecía plausible. Es en esa década cuando el mundo financiero se comienza a separar del mundo real y del enfoque económico ordinario. Este <em>impass</em> político viene acompañado de un <em>impass</em> ideológico y sus causas residen, por un lado, en el repunte de la economía a partir de los años ochenta, en la invención de la imagen verde y el medio ambiente y en la desorientación de la izquierda. El libro consta de cuatro partes: la primera está dedicada al contexto de crisis civilizatoria. La segunda, a los no conceptos que agotan el discurso ecologista, la tercera a los no conceptos que agotan el discurso político, y por último a la encrucijada política actual. En los setenta comienzan a proliferar las administraciones que dicen velar por el medio ambiente aunque en realidad carecen de competencias para ello, mientras que la izquierda pierde la iniciativa y disipa sus energías en esfuerzos inútiles. “Hemos pasado del sistema económico a una economía de sistemas”. Ahora un país desarrollado es el que atrae capital. Como ejemplo, Estados Unidos, el más desarrollado, es el más endeudado. Desarrollado significa depredador. “La metáfora de la producción encubre la realidad de la adquisición”, según Naredo, que puso sobre la mesa otras falacias, como que el capitalismo sea una economía de mercado cuando en realidad tiende al monopolio. “Estamos en un capitalismo clientelar y corrupto”. En el apartado de propuestas, Naredo considera que para que prospere un paradigma ecointegrador, hay que asumir el colapso de las viejas idolatrías, lograr una interpretación común de la evolución de la especie humana y conseguir propuestas inclusivas y atractivas, así como centrar las críticas en el núcleo duro de la ideología y las instituciones dominantes. <strong>Una Constitución</strong> El magistrado<strong> José Antonio Martín Pallín</strong> recordó que fue el primer ponente en España en redactar una sentencia por un delito contra el medio ambiente, lo que le llevó a interesarse por este asunto. Dijo que son las comunidades indígenas las que saben el futuro que le espera a la humanidad y que los textos constitucionales de Ecuador y Bolivia integran el respeto por la Tierra, que tiene derechos que deben ser ejercitados a través de los tribunales para que sean efectivos y reales. “Pero el Derecho puede hacer poco si no hay convicción de la necesidad de poner coto a este desarrollo descontrolado”. <a href="https://fcmanrique.org/wp-content/uploads/fc-manrique-presentacion-naredo-martin-pallin1.jpg"><img loading="lazy" decoding="async" src="https://fcmanrique.org/wp-content/uploads/fc-manrique-presentacion-naredo-martin-pallin1.jpg" alt="" width="920" height="598"></a></p>
<p>Recordó también que el nacimiento de los parques nacionales, primero en Estados Unidos, se debió a la carta de un jefe indio por la tala de unas secuoias y que la intervención del Derecho penal por un delito de medio ambiente se produce tras el desastre de Bophal, en India, con 30.000 muertos. Martín Pallín considera que el movimiento ecologista ha avanzado en el empeño de inculcar el amor a la Tierra, pero con el riesgo de que se convierta en una religión o un club ideológico porque debe ser “un objetivo más allá de las ideologías”.</p>
<p>En el campo del Derecho se han ido imponiendo las personas jurídicas a las personas físicas y aún se puede avanzar, por tanto, hacia los derechos de la Tierra. Va calando la idea de que la biodiversiad, las plantas y los animales, son sujetos de Derecho y seres sintientes. Se ha avanzado en casos como el caso Morton contra Disney para proteger los derechos de un río, o por los derechos de los árboles en un caso de deforestación contra Chevron. Incluso el Tribunal Penal Internacional considera un crimen de guerra aquel que genera daños contra el medio ambiente.</p>
<p><a href="https://fcmanrique.org/wp-content/uploads/fc-manrique-presentacion-naredo-martin-pallin3.jpg"><img loading="lazy" decoding="async" src="https://fcmanrique.org/wp-content/uploads/fc-manrique-presentacion-naredo-martin-pallin3.jpg" alt="" width="920" height="608"></a></p>
<p>Por todo esto, Martín Pallín esboza en este libro lo que podría ser una Constitución para la Tierra, que después necesitará mecanismos para que sus derechos sean reales y efectivos. Lo prioritario, apuntó, es que prevalezca la vida de las personas frente a los recursos económicos y que se incluya como obligatoria en todos los ciclos de la enseñanza una materia que enseñe los valores de la ecología “para garantizar la habitabilidad del Planeta”. “Este movimiento tiene que ir calando y es imprescindible”. Y como hay algunas constituciones que incluyen la bandera y el himno, propone que el himno sea la Canción de la Tierra de Mahler. “¡Movilizaos antes de que sea tarde!”, concluyó.</p>
<p><a href="https://fcmanrique.org/wp-content/uploads/fc-manrique-presentacion-naredo-martin-pallin2.jpg"><img loading="lazy" decoding="async" src="https://fcmanrique.org/wp-content/uploads/fc-manrique-presentacion-naredo-martin-pallin2.jpg" alt="" width="920" height="615"></a></p>
<p><a href="https://fcmanrique.org/wp-content/uploads/plantilla-FCM-simple-Naredo-Pallin-copiared.jpg"><img loading="lazy" decoding="async" src="https://fcmanrique.org/wp-content/uploads/plantilla-FCM-simple-Naredo-Pallin-copiared.jpg" alt="" width="640" height="640"></a><strong>Más información:</strong></p>
<p><a href="https://fcmanrique.org/wp-content/uploads/fc-manrique-conferencia-naredo-martin-pallin.pdf" target="_blank" rel="noopener" class="fcm-pdf-download-link">Nota de prensa</a></p>
