{"id":14470,"date":"2014-06-12T00:00:00","date_gmt":"2014-06-12T00:00:00","guid":{"rendered":"https:\/\/fcmanrique.org\/fcm-actividad\/baute-nuestra-intencion-es-que-fime\/"},"modified":"2026-04-23T23:19:19","modified_gmt":"2026-04-23T23:19:19","slug":"baute-nuestra-intencion-es-que-fime","status":"publish","type":"fcm_actividad","link":"https:\/\/ludiccc.ddns.net\/en\/fcm-actividad\/baute-nuestra-intencion-es-que-fime\/","title":{"rendered":"Baute: <em>Nuestra intenci\u00f3n es que FIMEC tenga proyecciones y actividades paralelas en Lanzarote en pr\u00f3ximas ediciones<\/em>"},"content":{"rendered":"<div class=\"wp-block-columns fcm-page-migration-columns is-layout-flex wp-container-core-columns-is-layout-9d6595d7 wp-block-columns-is-layout-flex\"><div class=\"wp-block-column is-layout-flow wp-block-column-is-layout-flow\" style=\"flex-basis:66.66%\"><figure class=\"wp-block-image size-full\"><img width=\"135\" height=\"100\" src=\"https:\/\/fcm.local\/wp-content\/uploads\/thmb_548ee7d6135_100.jpg\" class=\"wp-image-14471\" alt=\"Baute: Nuestra intenci\u00f3n es que FIMEC tenga proyecciones y actividades paralelas en Lanzarote en pr\u00f3ximas ediciones\" loading=\"eager\" decoding=\"async\" \/><\/figure>\n<p>La Sala Saramago, en la Plazuela, de Arrecife, acogi\u00f3 la proyecci\u00f3n, el jueves 12 de junio, del documental <em>A la sombra de los volcanes<\/em>, del realizador Pedro Felipe Acosta y del largometraje de ficci\u00f3n <em>Beasts of the southern wild<\/em>, de Benh Zeitlin. Son dos de las proyecciones del FICMEC, el Festival Internacional de Cine Medioambiental de Canarias, que se desarrolla en Garachico (Tenerife).<\/p>\n<p>El conservador jefe de la Fundaci\u00f3n C\u00e9sar Manrique (FCM), Fernando Ruiz, agradeci\u00f3 en el acto de presentaci\u00f3n de las dos pel\u00edculas, al director del Festival, David Baute, su disponibilidad para que la isla de Lanzarote pueda disfrutar de algunas de la proyecciones de este encuentro \u201cque recoge el testigo del festival pionero en Espa\u00f1a de cine medioambiental que fue el de Puerto de Cruz\u201d, seg\u00fan se\u00f1al\u00f3 Ruiz, y en el que colabor\u00f3 C\u00e9sar Manrique. <\/p>\n<p>Baute, que se dirigi\u00f3 brevemente a los presentes antes de las proyecciones, tambi\u00e9n mostr\u00f3 su agradecimiento a la FCM por el hecho de que el Festival pueda tener una sede en Lanzarote y reconoci\u00f3 a Manrique como impulsor del primer festival de estas caracter\u00edsticas en 1982. El de Puerto de la Cruz desapareci\u00f3 en 2009, y hace dos a\u00f1os se recuper\u00f3 aunque instalando su sede en Garachico, \u201ccon el \u00e1nimo de recuperar la importancia que nunca debi\u00f3 perder \u2014seg\u00fan Baute\u2014 como vanguardia del cine medioambiental\u201d. El director del FICMEC asegur\u00f3 que su intenci\u00f3n es la de reforzar el festival en Tenerife y lograr que en Lanzarote pueda tener proyecciones y actividades paralelas en las pr\u00f3ximas ediciones.<\/p>\n<p>Pas\u00f3 a presentar el documental de Pedro Felipe Acosta, veterano realizador de pel\u00edculas sobre la naturaleza de Canarias. <em>A la sombra de los volcanes<\/em> es un documental que recorre las siete islas canarias a trav\u00e9s de su flora y su fauna, por tierra, mar y aire. La de Lanzarote fue la segunda ocasi\u00f3n en que se proyectaba, tras su estreno este a\u00f1o en el FICMEC, y puede servir como embajador de la fauna canaria porque se emitir\u00e1 en festivales y cadenas de televisi\u00f3n de decenas de pa\u00edses. Tras la proyecci\u00f3n se hizo una pausa y se proyect\u00f3 <em>Beasts of the southern wild<\/em>, premio del Festival de Sundance a la mejor pel\u00edcula y a la mejor fotograf\u00eda y con cuatro nominaciones a los Oscar en 2012. \u201cCon estas dos proyecciones se da una visi\u00f3n m\u00e1s global de lo que es el FICMEC\u201d, se\u00f1al\u00f3 Baute.<\/p><\/div><div class=\"wp-block-column is-layout-flow wp-block-column-is-layout-flow\" style=\"flex-basis:33.33%\"><div class=\"wp-block-group detail-panel detail-media wp-block-group-\"><div class=\"wp-block-group__inner-container is-layout-flow wp-block-group-is-layout-flow\"><p><a href=\"https:\/\/fcmanrique.org\/wp-content\/uploads\/548ee8a453a04932cine-ma_640.jpg\"><\/a><\/p><\/div><\/div>\n<div class=\"wp-block-group detail-panel detail-media wp-block-group-\"><div class=\"wp-block-group__inner-container is-layout-flow wp-block-group-is-layout-flow\"><ul class=\"wp-block-list\"><li><a href=\"\/recursos\/actividad\/548ee862np08.14%20proyeccion%20festival%20i.%20cine%20medioambiental.pdf\" class=\"fcm-pdf-download-link\">Nota de prensa<\/a><\/li><\/ul><\/div><\/div><\/div><\/div>","protected":false},"featured_media":14471,"parent":0,"template":"","meta":{"_acf_changed":false,"ngg_post_thumbnail":0,"footnotes":""},"actividad_tipo":[37],"actividad_lugar":[49],"actividad_departamento":[31],"actividad_ciclo":[],"class_list":["post-14470","fcm_actividad","type-fcm_actividad","status-publish","has-post-thumbnail","hentry","actividad_tipo-otras-actividades","actividad_lugar-lugar-sala-saramago","actividad_departamento-departamento-de-programas-culturales"],"acf":[],"_links":{"self":[{"href":"https:\/\/ludiccc.ddns.net\/en\/wp-json\/wp\/v2\/fcm_actividad\/14470","targetHints":{"allow":["GET"]}}],"collection":[{"href":"https:\/\/ludiccc.ddns.net\/en\/wp-json\/wp\/v2\/fcm_actividad"}],"about":[{"href":"https:\/\/ludiccc.ddns.net\/en\/wp-json\/wp\/v2\/types\/fcm_actividad"}],"version-history":[{"count":1,"href":"https:\/\/ludiccc.ddns.net\/en\/wp-json\/wp\/v2\/fcm_actividad\/14470\/revisions"}],"predecessor-version":[{"id":26954,"href":"https:\/\/ludiccc.ddns.net\/en\/wp-json\/wp\/v2\/fcm_actividad\/14470\/revisions\/26954"}],"wp:featuredmedia":[{"embeddable":true,"href":"https:\/\/ludiccc.ddns.net\/en\/wp-json\/wp\/v2\/media\/14471"}],"wp:attachment":[{"href":"https:\/\/ludiccc.ddns.net\/en\/wp-json\/wp\/v2\/media?parent=14470"}],"wp:term":[{"taxonomy":"actividad_tipo","embeddable":true,"href":"https:\/\/ludiccc.ddns.net\/en\/wp-json\/wp\/v2\/actividad_tipo?post=14470"},{"taxonomy":"actividad_lugar","embeddable":true,"href":"https:\/\/ludiccc.ddns.net\/en\/wp-json\/wp\/v2\/actividad_lugar?post=14470"},{"taxonomy":"actividad_departamento","embeddable":true,"href":"https:\/\/ludiccc.ddns.net\/en\/wp-json\/wp\/v2\/actividad_departamento?post=14470"},{"taxonomy":"actividad_ciclo","embeddable":true,"href":"https:\/\/ludiccc.ddns.net\/en\/wp-json\/wp\/v2\/actividad_ciclo?post=14470"}],"curies":[{"name":"wp","href":"https:\/\/api.w.org\/{rel}","templated":true}]}}

Baute: <em>Nuestra intención es que FIMEC tenga proyecciones y actividades paralelas en Lanzarote en próximas ediciones</em>

<div class="wp-block-columns fcm-page-migration-columns is-layout-flex wp-container-core-columns-is-layout-9d6595d7 wp-block-columns-is-layout-flex"><div class="wp-block-column is-layout-flow wp-block-column-is-layout-flow" style="flex-basis:66.66%"><figure class="wp-block-image size-full"><img width="135" height="100" src="https://fcm.local/wp-content/uploads/thmb_548ee7d6135_100.jpg" class="wp-image-14471" alt="Baute: Nuestra intención es que FIMEC tenga proyecciones y actividades paralelas en Lanzarote en próximas ediciones" loading="eager" decoding="async" /></figure>
<p>La Sala Saramago, en la Plazuela, de Arrecife, acogió la proyección, el jueves 12 de junio, del documental <em>A la sombra de los volcanes</em>, del realizador Pedro Felipe Acosta y del largometraje de ficción <em>Beasts of the southern wild</em>, de Benh Zeitlin. Son dos de las proyecciones del FICMEC, el Festival Internacional de Cine Medioambiental de Canarias, que se desarrolla en Garachico (Tenerife).</p>
<p>El conservador jefe de la Fundación César Manrique (FCM), Fernando Ruiz, agradeció en el acto de presentación de las dos películas, al director del Festival, David Baute, su disponibilidad para que la isla de Lanzarote pueda disfrutar de algunas de la proyecciones de este encuentro “que recoge el testigo del festival pionero en España de cine medioambiental que fue el de Puerto de Cruz”, según señaló Ruiz, y en el que colaboró César Manrique. </p>
<p>Baute, que se dirigió brevemente a los presentes antes de las proyecciones, también mostró su agradecimiento a la FCM por el hecho de que el Festival pueda tener una sede en Lanzarote y reconoció a Manrique como impulsor del primer festival de estas características en 1982. El de Puerto de la Cruz desapareció en 2009, y hace dos años se recuperó aunque instalando su sede en Garachico, “con el ánimo de recuperar la importancia que nunca debió perder —según Baute— como vanguardia del cine medioambiental”. El director del FICMEC aseguró que su intención es la de reforzar el festival en Tenerife y lograr que en Lanzarote pueda tener proyecciones y actividades paralelas en las próximas ediciones.</p>
<p>Pasó a presentar el documental de Pedro Felipe Acosta, veterano realizador de películas sobre la naturaleza de Canarias. <em>A la sombra de los volcanes</em> es un documental que recorre las siete islas canarias a través de su flora y su fauna, por tierra, mar y aire. La de Lanzarote fue la segunda ocasión en que se proyectaba, tras su estreno este año en el FICMEC, y puede servir como embajador de la fauna canaria porque se emitirá en festivales y cadenas de televisión de decenas de países. Tras la proyección se hizo una pausa y se proyectó <em>Beasts of the southern wild</em>, premio del Festival de Sundance a la mejor película y a la mejor fotografía y con cuatro nominaciones a los Oscar en 2012. “Con estas dos proyecciones se da una visión más global de lo que es el FICMEC”, señaló Baute.</p></div><div class="wp-block-column is-layout-flow wp-block-column-is-layout-flow" style="flex-basis:33.33%"><div class="wp-block-group detail-panel detail-media wp-block-group-"><div class="wp-block-group__inner-container is-layout-flow wp-block-group-is-layout-flow"><p><a href="https://fcmanrique.org/wp-content/uploads/548ee8a453a04932cine-ma_640.jpg"></a></p></div></div>
<div class="wp-block-group detail-panel detail-media wp-block-group-"><div class="wp-block-group__inner-container is-layout-flow wp-block-group-is-layout-flow"><ul class="wp-block-list"><li><a href="/recursos/actividad/548ee862np08.14%20proyeccion%20festival%20i.%20cine%20medioambiental.pdf" class="fcm-pdf-download-link">Nota de prensa</a></li></ul></div></div></div></div>
