{"id":14428,"date":"2012-09-25T00:00:00","date_gmt":"2012-09-25T00:00:00","guid":{"rendered":"https:\/\/fcmanrique.org\/fcm-actividad\/instalacion-de-un-movil-de-la-serie\/"},"modified":"2026-04-23T23:19:20","modified_gmt":"2026-04-23T23:19:20","slug":"instalacion-de-un-movil-de-la-serie","status":"publish","type":"fcm_actividad","link":"https:\/\/ludiccc.ddns.net\/en\/fcm-actividad\/instalacion-de-un-movil-de-la-serie\/","title":{"rendered":"Instalaci\u00f3n de un m\u00f3vil de la serie <em>Juguetes del viento<\/em> en la FCM"},"content":{"rendered":"<div class=\"wp-block-columns fcm-page-migration-columns is-layout-flex wp-container-core-columns-is-layout-9d6595d7 wp-block-columns-is-layout-flex\"><div class=\"wp-block-column is-layout-flow wp-block-column-is-layout-flow\" style=\"flex-basis:66.66%\"><figure class=\"wp-block-image size-full\"><img width=\"135\" height=\"100\" src=\"https:\/\/fcm.local\/wp-content\/uploads\/thmb_5087abd9movil-135.jpg\" class=\"wp-image-14429\" alt=\"Instalaci\u00f3n de un m\u00f3vil de la serie Juguetes del viento en la FCM\" loading=\"eager\" decoding=\"async\" \/><\/figure>\n<p>En el marco de actividades programadas durante 2012 por la Fundaci\u00f3n C\u00e9sar Manrique (FCM), en conmemoraci\u00f3n del 20\u00ba aniversario de su inauguraci\u00f3n y, al mismo tiempo, de la desaparici\u00f3n de su fundador, el martes 25 de septiembre, coincidiendo con la efem\u00e9ride de la desaparici\u00f3n de C\u00e9sar Manrique, se instal\u00f3 una escultura m\u00f3vil de la serie <em>Juguetes del viento<\/em> en la sede de la FCM. La escultura fue realizada por C\u00e9sar Manrique en los a\u00f1os 70 y, tras ser restaurada, ha sido emplazada en su ubicaci\u00f3n original, de la que hab\u00eda sido sustituida en 1998 por otra obra del artista, <em>Energ\u00eda de la<\/em> <em>pir\u00e1mide<\/em> (Serie <em>Juguetes<\/em> <em>del viento<\/em>), de los a\u00f1os 1990-91.<\/p>\n<p>El m\u00f3vil, <em>Sin t\u00edtulo<\/em>, cuyas medidas son 2,3 x 2,2 x 2,2 m, hab\u00eda sido retirado de su emplazamiento exterior para evitar que se acentuara la fatiga de los materiales que la constituyen y proceder, en su momento, a la restauraci\u00f3n. La pieza, que es \u00fanica, ha sido restaurada en los talleres Magisa, en Madrid.<\/p><\/div><div class=\"wp-block-column is-layout-flow wp-block-column-is-layout-flow\" style=\"flex-basis:33.33%\"><div class=\"wp-block-group detail-panel detail-media wp-block-group-\"><div class=\"wp-block-group__inner-container is-layout-flow wp-block-group-is-layout-flow\"><p><a href=\"https:\/\/fcmanrique.org\/wp-content\/uploads\/5087b023movil-640.jpg\"><\/a><\/p><\/div><\/div><\/div><\/div>","protected":false},"featured_media":14429,"parent":0,"template":"","meta":{"_acf_changed":false,"ngg_post_thumbnail":0,"footnotes":""},"actividad_tipo":[37],"actividad_lugar":[46],"actividad_departamento":[30],"actividad_ciclo":[],"class_list":["post-14428","fcm_actividad","type-fcm_actividad","status-publish","has-post-thumbnail","hentry","actividad_tipo-otras-actividades","actividad_lugar-lugar-fcm","actividad_departamento-departamento-de-conservacion-y-artes-plasticas"],"acf":[],"_links":{"self":[{"href":"https:\/\/ludiccc.ddns.net\/en\/wp-json\/wp\/v2\/fcm_actividad\/14428","targetHints":{"allow":["GET"]}}],"collection":[{"href":"https:\/\/ludiccc.ddns.net\/en\/wp-json\/wp\/v2\/fcm_actividad"}],"about":[{"href":"https:\/\/ludiccc.ddns.net\/en\/wp-json\/wp\/v2\/types\/fcm_actividad"}],"version-history":[{"count":1,"href":"https:\/\/ludiccc.ddns.net\/en\/wp-json\/wp\/v2\/fcm_actividad\/14428\/revisions"}],"predecessor-version":[{"id":26997,"href":"https:\/\/ludiccc.ddns.net\/en\/wp-json\/wp\/v2\/fcm_actividad\/14428\/revisions\/26997"}],"wp:featuredmedia":[{"embeddable":true,"href":"https:\/\/ludiccc.ddns.net\/en\/wp-json\/wp\/v2\/media\/14429"}],"wp:attachment":[{"href":"https:\/\/ludiccc.ddns.net\/en\/wp-json\/wp\/v2\/media?parent=14428"}],"wp:term":[{"taxonomy":"actividad_tipo","embeddable":true,"href":"https:\/\/ludiccc.ddns.net\/en\/wp-json\/wp\/v2\/actividad_tipo?post=14428"},{"taxonomy":"actividad_lugar","embeddable":true,"href":"https:\/\/ludiccc.ddns.net\/en\/wp-json\/wp\/v2\/actividad_lugar?post=14428"},{"taxonomy":"actividad_departamento","embeddable":true,"href":"https:\/\/ludiccc.ddns.net\/en\/wp-json\/wp\/v2\/actividad_departamento?post=14428"},{"taxonomy":"actividad_ciclo","embeddable":true,"href":"https:\/\/ludiccc.ddns.net\/en\/wp-json\/wp\/v2\/actividad_ciclo?post=14428"}],"curies":[{"name":"wp","href":"https:\/\/api.w.org\/{rel}","templated":true}]}}

Instalación de un móvil de la serie <em>Juguetes del viento</em> en la FCM

<div class="wp-block-columns fcm-page-migration-columns is-layout-flex wp-container-core-columns-is-layout-9d6595d7 wp-block-columns-is-layout-flex"><div class="wp-block-column is-layout-flow wp-block-column-is-layout-flow" style="flex-basis:66.66%"><figure class="wp-block-image size-full"><img width="135" height="100" src="https://fcm.local/wp-content/uploads/thmb_5087abd9movil-135.jpg" class="wp-image-14429" alt="Instalación de un móvil de la serie Juguetes del viento en la FCM" loading="eager" decoding="async" /></figure>
<p>En el marco de actividades programadas durante 2012 por la Fundación César Manrique (FCM), en conmemoración del 20º aniversario de su inauguración y, al mismo tiempo, de la desaparición de su fundador, el martes 25 de septiembre, coincidiendo con la efeméride de la desaparición de César Manrique, se instaló una escultura móvil de la serie <em>Juguetes del viento</em> en la sede de la FCM. La escultura fue realizada por César Manrique en los años 70 y, tras ser restaurada, ha sido emplazada en su ubicación original, de la que había sido sustituida en 1998 por otra obra del artista, <em>Energía de la</em> <em>pirámide</em> (Serie <em>Juguetes</em> <em>del viento</em>), de los años 1990-91.</p>
<p>El móvil, <em>Sin título</em>, cuyas medidas son 2,3 x 2,2 x 2,2 m, había sido retirado de su emplazamiento exterior para evitar que se acentuara la fatiga de los materiales que la constituyen y proceder, en su momento, a la restauración. La pieza, que es única, ha sido restaurada en los talleres Magisa, en Madrid.</p></div><div class="wp-block-column is-layout-flow wp-block-column-is-layout-flow" style="flex-basis:33.33%"><div class="wp-block-group detail-panel detail-media wp-block-group-"><div class="wp-block-group__inner-container is-layout-flow wp-block-group-is-layout-flow"><p><a href="https://fcmanrique.org/wp-content/uploads/5087b023movil-640.jpg"></a></p></div></div></div></div>
