{"id":14329,"date":"2010-06-18T00:00:00","date_gmt":"2010-06-18T00:00:00","guid":{"rendered":"https:\/\/fcmanrique.org\/fcm-actividad\/sala-jose-saramago-como-espacio-de\/"},"modified":"2026-04-23T23:19:30","modified_gmt":"2026-04-23T23:19:30","slug":"sala-jose-saramago-como-espacio-de","status":"publish","type":"fcm_actividad","link":"https:\/\/ludiccc.ddns.net\/en\/fcm-actividad\/sala-jose-saramago-como-espacio-de\/","title":{"rendered":"Sala Jos\u00e9 Saramago como espacio de recuerdo y homenaje"},"content":{"rendered":"<div class=\"wp-block-columns fcm-page-migration-columns is-layout-flex wp-container-core-columns-is-layout-9d6595d7 wp-block-columns-is-layout-flex\"><div class=\"wp-block-column is-layout-flow wp-block-column-is-layout-flow\" style=\"flex-basis:66.66%\"><figure class=\"wp-block-image size-full\"><img width=\"135\" height=\"100\" src=\"https:\/\/fcm.local\/wp-content\/uploads\/thmb_4dcbe256espacio-jsaramago_135.jpg\" class=\"wp-image-14330\" alt=\"Sala Jos\u00e9 Saramago como espacio de recuerdo y homenaje\" loading=\"eager\" decoding=\"async\" \/><\/figure>\n<p>La Fundaci\u00f3n C\u00e9sar Manrique, en la sala Jos\u00e9 Saramago (La Plazuela, Arrecife), abri\u00f3 un espacio de recuerdo y homenaje al escritor fallecido el d\u00eda 18 de junio. El p\u00fablico que se acerc\u00f3 a la Sala pudo participar en una lectura continuada de la obra del Premio Nobel de Literatura 1998, Jos\u00e9 Saramago, muy querido por esta instituci\u00f3n.<\/p>\n<p>La sala estuvo abierta al p\u00fablico desde el d\u00eda 18 de junio a las 18,30 h. hasta las 12 de la noche, y al d\u00eda siguiente, d\u00eda 19, desde las 10 de la ma\u00f1ana y durante todo el d\u00eda.<\/p><\/div><div class=\"wp-block-column is-layout-flow wp-block-column-is-layout-flow\" style=\"flex-basis:33.33%\"><div class=\"wp-block-group detail-panel detail-media wp-block-group-\"><div class=\"wp-block-group__inner-container is-layout-flow wp-block-group-is-layout-flow\"><p><a href=\"https:\/\/fcmanrique.org\/wp-content\/uploads\/4dcbe287espacio-jsaramago_640.jpg\"><\/a><\/p><\/div><\/div><\/div><\/div>","protected":false},"featured_media":14330,"parent":0,"template":"","meta":{"_acf_changed":false,"ngg_post_thumbnail":0,"footnotes":""},"actividad_tipo":[37],"actividad_lugar":[49],"actividad_departamento":[31],"actividad_ciclo":[],"class_list":["post-14329","fcm_actividad","type-fcm_actividad","status-publish","has-post-thumbnail","hentry","actividad_tipo-otras-actividades","actividad_lugar-lugar-sala-saramago","actividad_departamento-departamento-de-programas-culturales"],"acf":[],"_links":{"self":[{"href":"https:\/\/ludiccc.ddns.net\/en\/wp-json\/wp\/v2\/fcm_actividad\/14329","targetHints":{"allow":["GET"]}}],"collection":[{"href":"https:\/\/ludiccc.ddns.net\/en\/wp-json\/wp\/v2\/fcm_actividad"}],"about":[{"href":"https:\/\/ludiccc.ddns.net\/en\/wp-json\/wp\/v2\/types\/fcm_actividad"}],"version-history":[{"count":1,"href":"https:\/\/ludiccc.ddns.net\/en\/wp-json\/wp\/v2\/fcm_actividad\/14329\/revisions"}],"predecessor-version":[{"id":27060,"href":"https:\/\/ludiccc.ddns.net\/en\/wp-json\/wp\/v2\/fcm_actividad\/14329\/revisions\/27060"}],"wp:featuredmedia":[{"embeddable":true,"href":"https:\/\/ludiccc.ddns.net\/en\/wp-json\/wp\/v2\/media\/14330"}],"wp:attachment":[{"href":"https:\/\/ludiccc.ddns.net\/en\/wp-json\/wp\/v2\/media?parent=14329"}],"wp:term":[{"taxonomy":"actividad_tipo","embeddable":true,"href":"https:\/\/ludiccc.ddns.net\/en\/wp-json\/wp\/v2\/actividad_tipo?post=14329"},{"taxonomy":"actividad_lugar","embeddable":true,"href":"https:\/\/ludiccc.ddns.net\/en\/wp-json\/wp\/v2\/actividad_lugar?post=14329"},{"taxonomy":"actividad_departamento","embeddable":true,"href":"https:\/\/ludiccc.ddns.net\/en\/wp-json\/wp\/v2\/actividad_departamento?post=14329"},{"taxonomy":"actividad_ciclo","embeddable":true,"href":"https:\/\/ludiccc.ddns.net\/en\/wp-json\/wp\/v2\/actividad_ciclo?post=14329"}],"curies":[{"name":"wp","href":"https:\/\/api.w.org\/{rel}","templated":true}]}}

Sala José Saramago como espacio de recuerdo y homenaje

<div class="wp-block-columns fcm-page-migration-columns is-layout-flex wp-container-core-columns-is-layout-9d6595d7 wp-block-columns-is-layout-flex"><div class="wp-block-column is-layout-flow wp-block-column-is-layout-flow" style="flex-basis:66.66%"><figure class="wp-block-image size-full"><img width="135" height="100" src="https://fcm.local/wp-content/uploads/thmb_4dcbe256espacio-jsaramago_135.jpg" class="wp-image-14330" alt="Sala José Saramago como espacio de recuerdo y homenaje" loading="eager" decoding="async" /></figure>
<p>La Fundación César Manrique, en la sala José Saramago (La Plazuela, Arrecife), abrió un espacio de recuerdo y homenaje al escritor fallecido el día 18 de junio. El público que se acercó a la Sala pudo participar en una lectura continuada de la obra del Premio Nobel de Literatura 1998, José Saramago, muy querido por esta institución.</p>
<p>La sala estuvo abierta al público desde el día 18 de junio a las 18,30 h. hasta las 12 de la noche, y al día siguiente, día 19, desde las 10 de la mañana y durante todo el día.</p></div><div class="wp-block-column is-layout-flow wp-block-column-is-layout-flow" style="flex-basis:33.33%"><div class="wp-block-group detail-panel detail-media wp-block-group-"><div class="wp-block-group__inner-container is-layout-flow wp-block-group-is-layout-flow"><p><a href="https://fcmanrique.org/wp-content/uploads/4dcbe287espacio-jsaramago_640.jpg"></a></p></div></div></div></div>
