{"id":14118,"date":"2007-04-12T00:00:00","date_gmt":"2007-04-12T00:00:00","guid":{"rendered":"https:\/\/fcmanrique.org\/fcm-actividad\/calidad-de-la-democracia-y-protecci\/"},"modified":"2026-04-23T23:19:29","modified_gmt":"2026-04-23T23:19:29","slug":"calidad-de-la-democracia-y-protecci","status":"publish","type":"fcm_actividad","link":"https:\/\/ludiccc.ddns.net\/en\/fcm-actividad\/calidad-de-la-democracia-y-protecci\/","title":{"rendered":"Presentaci\u00f3n del libro <em>Calidad de la democracia y protecci\u00f3n ambiental en Canarias<\/em> de Federico Aguilera Klink (ed.)"},"content":{"rendered":"<div class=\"wp-block-columns fcm-page-migration-columns is-layout-flex wp-container-core-columns-is-layout-9d6595d7 wp-block-columns-is-layout-flex\"><div class=\"wp-block-column is-layout-flow wp-block-column-is-layout-flow\" style=\"flex-basis:66.66%\"><figure class=\"wp-block-image size-full\"><img fetchpriority=\"high\" width=\"400\" height=\"340\" src=\"https:\/\/fcm.local\/wp-content\/uploads\/fc-manrique-presentacion-calidad-de-la-democracia.jpg\" class=\"wp-image-24728\" alt=\"Presentaci\u00f3n del libro Calidad de la democracia y protecci\u00f3n ambiental en Canarias de Federico Aguilera Klink (ed.)\" loading=\"eager\" decoding=\"async\" srcset=\"https:\/\/fcm.local\/wp-content\/uploads\/fc-manrique-presentacion-calidad-de-la-democracia.jpg 400w, https:\/\/fcm.local\/wp-content\/uploads\/fc-manrique-presentacion-calidad-de-la-democracia-300x255.jpg 300w, https:\/\/fcm.local\/wp-content\/uploads\/fc-manrique-presentacion-calidad-de-la-democracia-289x246.jpg 289w\" sizes=\"(max-width: 400px) 100vw, 400px\" \/><\/figure>\n<p>El jueves 12 de abril de 2007, tuvo lugar la presentaci\u00f3n del libro <strong><em>Calidad de la democracia y protecci\u00f3n ambiental en Canarias<\/em><\/strong>, editado por la FCM dentro de la <strong>colecci\u00f3n <em>Torcusa<\/em><\/strong>. El acto consisti\u00f3 en una mesa redonda en la que participaron Gabriel Bello y dos de los autores del libro, <strong>Federico Aguilera Klink<\/strong> y J<strong>uan S\u00e1nchez Garc\u00eda<\/strong>.<\/p>\n<p><strong>Gabriel Bello<\/strong> es Catedr\u00e1tico de \u00c9tica y Filosof\u00eda Pol\u00edtica de la Universidad de La Laguna, y Presidente del Comit\u00e9 de \u00c9tica de la Investigaci\u00f3n de la misma Universidad, y ha ejercido cargos acad\u00e9micos como Decano y Director de Departamento, y ha pertenecido al Comit\u00e9 de Humanidades de la ANECA (Agencia Nacional de Evaluaci\u00f3n y Acreditaci\u00f3n). <\/p>\n<p>Ha publicado los siguientes libros: <em>El retorno de Ulises. Sobre competencia \u00e9tica y supervivencia<\/em>, (La Laguna, Servicio de Publicaciones de la Universidad), 1988, <em>La construcci\u00f3n \u00e9tica del otro<\/em> (Oviedo, Edit. N\u00f3bel), 1997; Premio internacional de Ensayo \u201cJovellanos\u201d); <em>El valor de los otros. M\u00e1s all\u00e1 de la violencia intercultural<\/em> (Ed. Biblioteca Nueva, Madrid), 2006; <em>Postcolonialismo, emigraci\u00f3n y alteridad<\/em>, Edit. Comares, Granada, 2007. <\/p>\n<p>Adem\u00e1s, es autor de cap\u00edtulos de libros y art\u00edculos sobre el pragmatismo norteamericano cl\u00e1sico y sobre el neopragmatismo de R. Rorty, sobre la \u00e9tica de la alteridad de E. Levinas y sobre problemas de bio\u00e9tica y de \u00e9tica ecol\u00f3gica. En la actualidad trabaja sobre problemas de \u00e9tica global, y sobre la validez y alcance intercultural de los juicios morales.<\/p>\n<p><strong>Federico Aguilera Klink<\/strong> es catedr\u00e1tico de Econom\u00eda Aplicada en la Universidad de La Laguna. Ense\u00f1a Econom\u00eda de los Recursos Naturales y Econom\u00eda Ecol\u00f3gica. Sus \u00faltimos trabajos han sido publicados en <em>Ecolog\u00eda Pol\u00edtica, Ecological Economics, Environment and Planning C: Government and Policy, Archipi\u00e9lago, Economistas e International Journal of Water<\/em>. Algunos de sus libros son: <em>Econom\u00eda del Agua<\/em> (1992, segunda edici\u00f3n en 1996), <em>Canarias. Econom\u00eda, Ecolog\u00eda y Medio Ambiente<\/em> (1994, varios autores), <em>De la econom\u00eda ambiental a la econom\u00eda ecol\u00f3gica <\/em>(1994, en colaboraci\u00f3n con Vicente Alc\u00e1ntara), <em>Econom\u00eda de los recursos naturales: Un enfoque institucional<\/em> (1996) y <em>Los mercados de agua en Tenerife<\/em> (2002, en colaboraci\u00f3n con Miguel S\u00e1nchez Padr\u00f3n). Ha recibido el Premio Nacional de Econom\u00eda y Medio Ambiente Lucas Mallada 2004, del Ministerio de Medio Ambiente.<\/p>\n<p><strong>Juan S\u00e1nchez Garc\u00eda<\/strong> es profesor titular de Econom\u00eda Aplicada de la Universidad de La Laguna, investiga e imparte su docencia en Econom\u00eda Regional. Autor de art\u00edculos en revistas como <em>Ecological Economics<\/em>, <em>Environment and Planning C<\/em>, <em>International Journal of Environment and Pollution<\/em>, <em>International Journal of Water<\/em>, <em>Agricultura y Sociedad<\/em>, <em>Historia Industrial, <\/em>etc. Algunos de los libros en los que ha participado son <em>Technological Change in a Spatial Context<\/em> (E. Ciciotti <em>et al<\/em>., 1990), <em>Canarias: Econom\u00eda, Ecolog\u00eda y Medio Ambiente<\/em> (1994, con otros autores), <em>Los Planes Insulares de Ordenaci\u00f3n en Canarias. Reflexiones metodol\u00f3gicas<\/em> (1995, con otros autores, como editor), <em>Economics With No Special Technology<\/em> (T. Arder, 1996), <em>Experiencias sociales innovadoras y participativas<\/em> (ed., 2004) y <em>Toma de decisiones colectivas y pol\u00edtica del suelo<\/em> (editor y coautor, 2004). Vinculado al movimiento ecologista.<\/p>\n<p>Durante su intervenci\u00f3n, Gabriel Bello se\u00f1al\u00f3 que, si bien el objeto del libro es la calidad de la democracia y su repercusi\u00f3n sobre el territorio de las Islas, subyace bajo el mismo el problema de la distribuci\u00f3n equitativa de los presupuestos p\u00fablicos. Un problema que, seg\u00fan Bello, explica que un grupo de economistas y ge\u00f3grafos se ocupen de la calidad de la democracia, un tema habitualmente exclusivo de fil\u00f3sofos de la moral y te\u00f3ricos de la pol\u00edtica.<\/p>\n<p> Bello hizo menci\u00f3n a la utilizaci\u00f3n por parte de los gobernantes de decisiones democr\u00e1ticas autoritarias para justificar infraestructuras de necesidad dudosa y alta rentabilidad privada, recalificaciones del suelo que permiten ganancias tan desmesuradas como inmorales, u ordenamientos urban\u00edsticos concebidos siempre en funci\u00f3n del beneficio privado.<\/p>\n<p> En la parte final de su intervenci\u00f3n, Gabriel Bello se remiti\u00f3 al papel jugado por determinados medios de comunicaci\u00f3n, comprometidos con ese modelo de decisiones autoritarias, que construyen una opini\u00f3n p\u00fablica a su medida en la que el conflicto o no aparece como tal o lo hace en tono menor.<\/p>\n<p> Frente a ello, subray\u00f3 la defensa que los autores hacen de la democracia deliberativa, que pretende mejorar la calidad de la democracia a trav\u00e9s de procedimientos participativos y del debate y la argumentaci\u00f3n.<\/p>\n<p> Federico Aguilera Klink incidi\u00f3 en la importancia del debate p\u00fablico en la toma de decisiones, concluyendo que no puede haber democracia de calidad si no hay debate p\u00fablico sobre las necesidades reales de los ciudadanos. Como indicador de la mala calidad de la democracia, Aguilera Klink record\u00f3 que la \u00faltima reforma de la Reserva de Inversiones de Canarias (RIC) se produjo sin que se hiciera p\u00fablica informaci\u00f3n alguna sobre el destino de los fondos ejecutados hasta la fecha.<\/p>\n<p> En este sentido, Federico Aguilera relacion\u00f3 la RIC con la ineficacia del uso de millones de euros en los \u00faltimos a\u00f1os. Juan S\u00e1nchez Garc\u00eda, por su parte, abord\u00f3 la cuesti\u00f3n de la corrupci\u00f3n como un elemento que hasta la fecha hab\u00eda sido ignorada en los estudios econ\u00f3micos, y apost\u00f3 por situarla como variable explicativa dentro del conjunto de los indicadores socioecon\u00f3micos.<\/p>\n<p> Para S\u00e1nchez Garc\u00eda, es preciso se\u00f1alar la corrupci\u00f3n como instituci\u00f3n, como adecuaci\u00f3n de las reglas del derecho a las reglas de hecho. <\/p><\/div><div class=\"wp-block-column is-layout-flow wp-block-column-is-layout-flow\" style=\"flex-basis:33.33%\"><div class=\"wp-block-group detail-panel detail-media wp-block-group-\"><div class=\"wp-block-group__inner-container is-layout-flow wp-block-group-is-layout-flow\"><p><a href=\"https:\/\/fcmanrique.org\/wp-content\/uploads\/69353presenlibrocali01_600.jpg\"><\/a><\/p><\/div><\/div><\/div><\/div>","protected":false},"featured_media":24728,"parent":0,"template":"","meta":{"_acf_changed":false,"ngg_post_thumbnail":0,"footnotes":""},"actividad_tipo":[36],"actividad_lugar":[46],"actividad_departamento":[31],"actividad_ciclo":[],"class_list":["post-14118","fcm_actividad","type-fcm_actividad","status-publish","has-post-thumbnail","hentry","actividad_tipo-presentacion-libros","actividad_lugar-lugar-fcm","actividad_departamento-departamento-de-programas-culturales"],"acf":[],"_links":{"self":[{"href":"https:\/\/ludiccc.ddns.net\/en\/wp-json\/wp\/v2\/fcm_actividad\/14118","targetHints":{"allow":["GET"]}}],"collection":[{"href":"https:\/\/ludiccc.ddns.net\/en\/wp-json\/wp\/v2\/fcm_actividad"}],"about":[{"href":"https:\/\/ludiccc.ddns.net\/en\/wp-json\/wp\/v2\/types\/fcm_actividad"}],"version-history":[{"count":4,"href":"https:\/\/ludiccc.ddns.net\/en\/wp-json\/wp\/v2\/fcm_actividad\/14118\/revisions"}],"predecessor-version":[{"id":27050,"href":"https:\/\/ludiccc.ddns.net\/en\/wp-json\/wp\/v2\/fcm_actividad\/14118\/revisions\/27050"}],"wp:featuredmedia":[{"embeddable":true,"href":"https:\/\/ludiccc.ddns.net\/en\/wp-json\/wp\/v2\/media\/24728"}],"wp:attachment":[{"href":"https:\/\/ludiccc.ddns.net\/en\/wp-json\/wp\/v2\/media?parent=14118"}],"wp:term":[{"taxonomy":"actividad_tipo","embeddable":true,"href":"https:\/\/ludiccc.ddns.net\/en\/wp-json\/wp\/v2\/actividad_tipo?post=14118"},{"taxonomy":"actividad_lugar","embeddable":true,"href":"https:\/\/ludiccc.ddns.net\/en\/wp-json\/wp\/v2\/actividad_lugar?post=14118"},{"taxonomy":"actividad_departamento","embeddable":true,"href":"https:\/\/ludiccc.ddns.net\/en\/wp-json\/wp\/v2\/actividad_departamento?post=14118"},{"taxonomy":"actividad_ciclo","embeddable":true,"href":"https:\/\/ludiccc.ddns.net\/en\/wp-json\/wp\/v2\/actividad_ciclo?post=14118"}],"curies":[{"name":"wp","href":"https:\/\/api.w.org\/{rel}","templated":true}]}}

Presentación del libro <em>Calidad de la democracia y protección ambiental en Canarias</em> de Federico Aguilera Klink (ed.)

<div class="wp-block-columns fcm-page-migration-columns is-layout-flex wp-container-core-columns-is-layout-9d6595d7 wp-block-columns-is-layout-flex"><div class="wp-block-column is-layout-flow wp-block-column-is-layout-flow" style="flex-basis:66.66%"><figure class="wp-block-image size-full"><img fetchpriority="high" width="400" height="340" src="https://fcm.local/wp-content/uploads/fc-manrique-presentacion-calidad-de-la-democracia.jpg" class="wp-image-24728" alt="Presentación del libro Calidad de la democracia y protección ambiental en Canarias de Federico Aguilera Klink (ed.)" loading="eager" decoding="async" srcset="https://fcm.local/wp-content/uploads/fc-manrique-presentacion-calidad-de-la-democracia.jpg 400w, https://fcm.local/wp-content/uploads/fc-manrique-presentacion-calidad-de-la-democracia-300x255.jpg 300w, https://fcm.local/wp-content/uploads/fc-manrique-presentacion-calidad-de-la-democracia-289x246.jpg 289w" sizes="(max-width: 400px) 100vw, 400px" /></figure>
<p>El jueves 12 de abril de 2007, tuvo lugar la presentación del libro <strong><em>Calidad de la democracia y protección ambiental en Canarias</em></strong>, editado por la FCM dentro de la <strong>colección <em>Torcusa</em></strong>. El acto consistió en una mesa redonda en la que participaron Gabriel Bello y dos de los autores del libro, <strong>Federico Aguilera Klink</strong> y J<strong>uan Sánchez García</strong>.</p>
<p><strong>Gabriel Bello</strong> es Catedrático de Ética y Filosofía Política de la Universidad de La Laguna, y Presidente del Comité de Ética de la Investigación de la misma Universidad, y ha ejercido cargos académicos como Decano y Director de Departamento, y ha pertenecido al Comité de Humanidades de la ANECA (Agencia Nacional de Evaluación y Acreditación). </p>
<p>Ha publicado los siguientes libros: <em>El retorno de Ulises. Sobre competencia ética y supervivencia</em>, (La Laguna, Servicio de Publicaciones de la Universidad), 1988, <em>La construcción ética del otro</em> (Oviedo, Edit. Nóbel), 1997; Premio internacional de Ensayo “Jovellanos”); <em>El valor de los otros. Más allá de la violencia intercultural</em> (Ed. Biblioteca Nueva, Madrid), 2006; <em>Postcolonialismo, emigración y alteridad</em>, Edit. Comares, Granada, 2007. </p>
<p>Además, es autor de capítulos de libros y artículos sobre el pragmatismo norteamericano clásico y sobre el neopragmatismo de R. Rorty, sobre la ética de la alteridad de E. Levinas y sobre problemas de bioética y de ética ecológica. En la actualidad trabaja sobre problemas de ética global, y sobre la validez y alcance intercultural de los juicios morales.</p>
<p><strong>Federico Aguilera Klink</strong> es catedrático de Economía Aplicada en la Universidad de La Laguna. Enseña Economía de los Recursos Naturales y Economía Ecológica. Sus últimos trabajos han sido publicados en <em>Ecología Política, Ecological Economics, Environment and Planning C: Government and Policy, Archipiélago, Economistas e International Journal of Water</em>. Algunos de sus libros son: <em>Economía del Agua</em> (1992, segunda edición en 1996), <em>Canarias. Economía, Ecología y Medio Ambiente</em> (1994, varios autores), <em>De la economía ambiental a la economía ecológica </em>(1994, en colaboración con Vicente Alcántara), <em>Economía de los recursos naturales: Un enfoque institucional</em> (1996) y <em>Los mercados de agua en Tenerife</em> (2002, en colaboración con Miguel Sánchez Padrón). Ha recibido el Premio Nacional de Economía y Medio Ambiente Lucas Mallada 2004, del Ministerio de Medio Ambiente.</p>
<p><strong>Juan Sánchez García</strong> es profesor titular de Economía Aplicada de la Universidad de La Laguna, investiga e imparte su docencia en Economía Regional. Autor de artículos en revistas como <em>Ecological Economics</em>, <em>Environment and Planning C</em>, <em>International Journal of Environment and Pollution</em>, <em>International Journal of Water</em>, <em>Agricultura y Sociedad</em>, <em>Historia Industrial, </em>etc. Algunos de los libros en los que ha participado son <em>Technological Change in a Spatial Context</em> (E. Ciciotti <em>et al</em>., 1990), <em>Canarias: Economía, Ecología y Medio Ambiente</em> (1994, con otros autores), <em>Los Planes Insulares de Ordenación en Canarias. Reflexiones metodológicas</em> (1995, con otros autores, como editor), <em>Economics With No Special Technology</em> (T. Arder, 1996), <em>Experiencias sociales innovadoras y participativas</em> (ed., 2004) y <em>Toma de decisiones colectivas y política del suelo</em> (editor y coautor, 2004). Vinculado al movimiento ecologista.</p>
<p>Durante su intervención, Gabriel Bello señaló que, si bien el objeto del libro es la calidad de la democracia y su repercusión sobre el territorio de las Islas, subyace bajo el mismo el problema de la distribución equitativa de los presupuestos públicos. Un problema que, según Bello, explica que un grupo de economistas y geógrafos se ocupen de la calidad de la democracia, un tema habitualmente exclusivo de filósofos de la moral y teóricos de la política.</p>
<p> Bello hizo mención a la utilización por parte de los gobernantes de decisiones democráticas autoritarias para justificar infraestructuras de necesidad dudosa y alta rentabilidad privada, recalificaciones del suelo que permiten ganancias tan desmesuradas como inmorales, u ordenamientos urbanísticos concebidos siempre en función del beneficio privado.</p>
<p> En la parte final de su intervención, Gabriel Bello se remitió al papel jugado por determinados medios de comunicación, comprometidos con ese modelo de decisiones autoritarias, que construyen una opinión pública a su medida en la que el conflicto o no aparece como tal o lo hace en tono menor.</p>
<p> Frente a ello, subrayó la defensa que los autores hacen de la democracia deliberativa, que pretende mejorar la calidad de la democracia a través de procedimientos participativos y del debate y la argumentación.</p>
<p> Federico Aguilera Klink incidió en la importancia del debate público en la toma de decisiones, concluyendo que no puede haber democracia de calidad si no hay debate público sobre las necesidades reales de los ciudadanos. Como indicador de la mala calidad de la democracia, Aguilera Klink recordó que la última reforma de la Reserva de Inversiones de Canarias (RIC) se produjo sin que se hiciera pública información alguna sobre el destino de los fondos ejecutados hasta la fecha.</p>
<p> En este sentido, Federico Aguilera relacionó la RIC con la ineficacia del uso de millones de euros en los últimos años. Juan Sánchez García, por su parte, abordó la cuestión de la corrupción como un elemento que hasta la fecha había sido ignorada en los estudios económicos, y apostó por situarla como variable explicativa dentro del conjunto de los indicadores socioeconómicos.</p>
<p> Para Sánchez García, es preciso señalar la corrupción como institución, como adecuación de las reglas del derecho a las reglas de hecho. </p></div><div class="wp-block-column is-layout-flow wp-block-column-is-layout-flow" style="flex-basis:33.33%"><div class="wp-block-group detail-panel detail-media wp-block-group-"><div class="wp-block-group__inner-container is-layout-flow wp-block-group-is-layout-flow"><p><a href="https://fcmanrique.org/wp-content/uploads/69353presenlibrocali01_600.jpg"></a></p></div></div></div></div>
